{"id":16,"date":"2011-11-05T12:00:00","date_gmt":"2011-11-05T11:00:00","guid":{"rendered":"http:\/\/www.kendra.com.pl\/shop\/?post_type=product&#038;p=16"},"modified":"2025-02-16T14:08:42","modified_gmt":"2025-02-16T13:08:42","slug":"aw-12-czlowiek-i-natura","status":"publish","type":"product","link":"https:\/\/www.kendra.com.pl\/shop\/produkt\/aw-12-czlowiek-i-natura\/","title":{"rendered":"Cz\u0142owiek i natura"},"content":{"rendered":"","protected":false},"excerpt":{"rendered":"<p>W wyk\u0142adzie tym Watts zajmuje si\u0119 problemem relacji cz\u0142owieka i natury. Zostali\u015bmy tak wychowani, \u017ce do\u015bwiadczamy samych siebie jako <em>wyizolowane centra \u015bwiadomo\u015bci i dzia\u0142ania<\/em>, umieszczone w \u015bwiecie, kt\u00f3ry jest nam obcy, postrzegaj\u0105c natur\u0119 jako co\u015b, co jest <em>na zewn\u0105trz nas<\/em>. Lecz w sobie tak\u017ce posiadamy troch\u0119 natury. Czy wi\u0119c natura, w\u0142\u0105czaj\u0105c tu r\u00f3wnie\u017c natur\u0119 ludzk\u0105, jest godna zaufania? Czy powinni\u015bmy nad ni\u0105 panowa\u0107, czy te\u017c pozostawi\u0107 j\u0105 sam\u0105 sobie? Nasz zachodni spos\u00f3b postrzegania natury Alan Watts por\u00f3wnuje ze wschodnim, taoistycznym podej\u015bciem do <em>natury, kt\u00f3ra nie ma szefa<\/em><\/p>\n[wc-koplo]\n","protected":false},"featured_media":378,"comment_status":"closed","ping_status":"closed","template":"","meta":[],"product_cat":[16],"product_tag":[40,42,33,41,26,46,47,51,39,31,44,45,50,43,48,49],"yoast_head":"<!-- This site is optimized with the Yoast SEO plugin v18.8 - https:\/\/yoast.com\/wordpress\/plugins\/seo\/ -->\n<title>Cz\u0142owiek i natura - Kendra Publishing<\/title>\n<meta name=\"robots\" content=\"noindex, follow\" \/>\n<meta property=\"og:locale\" content=\"pl_PL\" \/>\n<meta property=\"og:type\" content=\"article\" \/>\n<meta property=\"og:title\" content=\"Cz\u0142owiek i natura - Kendra Publishing\" \/>\n<meta property=\"og:description\" content=\"W wyk\u0142adzie tym Watts zajmuje si\u0119 problemem relacji cz\u0142owieka i natury. Zostali\u015bmy tak wychowani, \u017ce do\u015bwiadczamy samych siebie jako wyizolowane centra \u015bwiadomo\u015bci i dzia\u0142ania, umieszczone w \u015bwiecie, kt\u00f3ry jest nam obcy, postrzegaj\u0105c natur\u0119 jako co\u015b, co jest na zewn\u0105trz nas. Lecz w sobie tak\u017ce posiadamy troch\u0119 natury. Czy wi\u0119c natura, w\u0142\u0105czaj\u0105c tu r\u00f3wnie\u017c natur\u0119 ludzk\u0105, jest godna zaufania? Czy powinni\u015bmy nad ni\u0105 panowa\u0107, czy te\u017c pozostawi\u0107 j\u0105 sam\u0105 sobie? Nasz zachodni spos\u00f3b postrzegania natury Alan Watts por\u00f3wnuje ze wschodnim, taoistycznym podej\u015bciem do natury, kt\u00f3ra nie ma szefa\" \/>\n<meta property=\"og:url\" content=\"https:\/\/www.kendra.com.pl\/shop\/produkt\/aw-12-czlowiek-i-natura\/\" \/>\n<meta property=\"og:site_name\" content=\"Kendra Publishing\" \/>\n<meta property=\"article:modified_time\" content=\"2025-02-16T13:08:42+00:00\" \/>\n<meta property=\"og:image\" content=\"https:\/\/www.kendra.com.pl\/shop\/wp-content\/uploads\/2018\/07\/okladka-12-czlowiek-i-natura.png\" \/>\n\t<meta property=\"og:image:width\" content=\"949\" \/>\n\t<meta property=\"og:image:height\" content=\"943\" \/>\n\t<meta property=\"og:image:type\" content=\"image\/png\" \/>\n<meta name=\"twitter:card\" content=\"summary_large_image\" \/>\n<script type=\"application\/ld+json\" class=\"yoast-schema-graph\">{\"@context\":\"https:\/\/schema.org\",\"@graph\":[{\"@type\":\"WebSite\",\"@id\":\"https:\/\/www.kendra.com.pl\/shop\/#website\",\"url\":\"https:\/\/www.kendra.com.pl\/shop\/\",\"name\":\"Kendra Publishing\",\"description\":\"Sklep\",\"potentialAction\":[{\"@type\":\"SearchAction\",\"target\":{\"@type\":\"EntryPoint\",\"urlTemplate\":\"https:\/\/www.kendra.com.pl\/shop\/?s={search_term_string}\"},\"query-input\":\"required name=search_term_string\"}],\"inLanguage\":\"pl-PL\"},{\"@type\":\"ImageObject\",\"inLanguage\":\"pl-PL\",\"@id\":\"https:\/\/www.kendra.com.pl\/shop\/produkt\/aw-12-czlowiek-i-natura\/#primaryimage\",\"url\":\"https:\/\/www.kendra.com.pl\/shop\/wp-content\/uploads\/2018\/07\/okladka-12-czlowiek-i-natura.png\",\"contentUrl\":\"https:\/\/www.kendra.com.pl\/shop\/wp-content\/uploads\/2018\/07\/okladka-12-czlowiek-i-natura.png\",\"width\":949,\"height\":943},{\"@type\":\"WebPage\",\"@id\":\"https:\/\/www.kendra.com.pl\/shop\/produkt\/aw-12-czlowiek-i-natura\/#webpage\",\"url\":\"https:\/\/www.kendra.com.pl\/shop\/produkt\/aw-12-czlowiek-i-natura\/\",\"name\":\"Cz\u0142owiek i natura - Kendra Publishing\",\"isPartOf\":{\"@id\":\"https:\/\/www.kendra.com.pl\/shop\/#website\"},\"primaryImageOfPage\":{\"@id\":\"https:\/\/www.kendra.com.pl\/shop\/produkt\/aw-12-czlowiek-i-natura\/#primaryimage\"},\"datePublished\":\"2011-11-05T11:00:00+00:00\",\"dateModified\":\"2025-02-16T13:08:42+00:00\",\"breadcrumb\":{\"@id\":\"https:\/\/www.kendra.com.pl\/shop\/produkt\/aw-12-czlowiek-i-natura\/#breadcrumb\"},\"inLanguage\":\"pl-PL\",\"potentialAction\":[{\"@type\":\"ReadAction\",\"target\":[\"https:\/\/www.kendra.com.pl\/shop\/produkt\/aw-12-czlowiek-i-natura\/\"]}]},{\"@type\":\"BreadcrumbList\",\"@id\":\"https:\/\/www.kendra.com.pl\/shop\/produkt\/aw-12-czlowiek-i-natura\/#breadcrumb\",\"itemListElement\":[{\"@type\":\"ListItem\",\"position\":1,\"name\":\"Strona g\u0142\u00f3wna\",\"item\":\"https:\/\/www.kendra.com.pl\/shop\/\"},{\"@type\":\"ListItem\",\"position\":2,\"name\":\"Przerwa w dzia\u0142alno\u015bci sklepu&#8230;\",\"item\":\"https:\/\/www.kendra.com.pl\/shop\/?page_id=1888\"},{\"@type\":\"ListItem\",\"position\":3,\"name\":\"Cz\u0142owiek i natura\"}]}]}<\/script>\n<!-- \/ Yoast SEO plugin. -->","yoast_head_json":{"title":"Cz\u0142owiek i natura - Kendra Publishing","robots":{"index":"noindex","follow":"follow"},"og_locale":"pl_PL","og_type":"article","og_title":"Cz\u0142owiek i natura - Kendra Publishing","og_description":"W wyk\u0142adzie tym Watts zajmuje si\u0119 problemem relacji cz\u0142owieka i natury. Zostali\u015bmy tak wychowani, \u017ce do\u015bwiadczamy samych siebie jako wyizolowane centra \u015bwiadomo\u015bci i dzia\u0142ania, umieszczone w \u015bwiecie, kt\u00f3ry jest nam obcy, postrzegaj\u0105c natur\u0119 jako co\u015b, co jest na zewn\u0105trz nas. Lecz w sobie tak\u017ce posiadamy troch\u0119 natury. Czy wi\u0119c natura, w\u0142\u0105czaj\u0105c tu r\u00f3wnie\u017c natur\u0119 ludzk\u0105, jest godna zaufania? Czy powinni\u015bmy nad ni\u0105 panowa\u0107, czy te\u017c pozostawi\u0107 j\u0105 sam\u0105 sobie? Nasz zachodni spos\u00f3b postrzegania natury Alan Watts por\u00f3wnuje ze wschodnim, taoistycznym podej\u015bciem do natury, kt\u00f3ra nie ma szefa","og_url":"https:\/\/www.kendra.com.pl\/shop\/produkt\/aw-12-czlowiek-i-natura\/","og_site_name":"Kendra Publishing","article_modified_time":"2025-02-16T13:08:42+00:00","og_image":[{"width":949,"height":943,"url":"https:\/\/www.kendra.com.pl\/shop\/wp-content\/uploads\/2018\/07\/okladka-12-czlowiek-i-natura.png","type":"image\/png"}],"twitter_card":"summary_large_image","schema":{"@context":"https:\/\/schema.org","@graph":[{"@type":"WebSite","@id":"https:\/\/www.kendra.com.pl\/shop\/#website","url":"https:\/\/www.kendra.com.pl\/shop\/","name":"Kendra Publishing","description":"Sklep","potentialAction":[{"@type":"SearchAction","target":{"@type":"EntryPoint","urlTemplate":"https:\/\/www.kendra.com.pl\/shop\/?s={search_term_string}"},"query-input":"required name=search_term_string"}],"inLanguage":"pl-PL"},{"@type":"ImageObject","inLanguage":"pl-PL","@id":"https:\/\/www.kendra.com.pl\/shop\/produkt\/aw-12-czlowiek-i-natura\/#primaryimage","url":"https:\/\/www.kendra.com.pl\/shop\/wp-content\/uploads\/2018\/07\/okladka-12-czlowiek-i-natura.png","contentUrl":"https:\/\/www.kendra.com.pl\/shop\/wp-content\/uploads\/2018\/07\/okladka-12-czlowiek-i-natura.png","width":949,"height":943},{"@type":"WebPage","@id":"https:\/\/www.kendra.com.pl\/shop\/produkt\/aw-12-czlowiek-i-natura\/#webpage","url":"https:\/\/www.kendra.com.pl\/shop\/produkt\/aw-12-czlowiek-i-natura\/","name":"Cz\u0142owiek i natura - Kendra Publishing","isPartOf":{"@id":"https:\/\/www.kendra.com.pl\/shop\/#website"},"primaryImageOfPage":{"@id":"https:\/\/www.kendra.com.pl\/shop\/produkt\/aw-12-czlowiek-i-natura\/#primaryimage"},"datePublished":"2011-11-05T11:00:00+00:00","dateModified":"2025-02-16T13:08:42+00:00","breadcrumb":{"@id":"https:\/\/www.kendra.com.pl\/shop\/produkt\/aw-12-czlowiek-i-natura\/#breadcrumb"},"inLanguage":"pl-PL","potentialAction":[{"@type":"ReadAction","target":["https:\/\/www.kendra.com.pl\/shop\/produkt\/aw-12-czlowiek-i-natura\/"]}]},{"@type":"BreadcrumbList","@id":"https:\/\/www.kendra.com.pl\/shop\/produkt\/aw-12-czlowiek-i-natura\/#breadcrumb","itemListElement":[{"@type":"ListItem","position":1,"name":"Strona g\u0142\u00f3wna","item":"https:\/\/www.kendra.com.pl\/shop\/"},{"@type":"ListItem","position":2,"name":"Przerwa w dzia\u0142alno\u015bci sklepu&#8230;","item":"https:\/\/www.kendra.com.pl\/shop\/?page_id=1888"},{"@type":"ListItem","position":3,"name":"Cz\u0142owiek i natura"}]}]}},"_links":{"self":[{"href":"https:\/\/www.kendra.com.pl\/shop\/wp-json\/wp\/v2\/product\/16"}],"collection":[{"href":"https:\/\/www.kendra.com.pl\/shop\/wp-json\/wp\/v2\/product"}],"about":[{"href":"https:\/\/www.kendra.com.pl\/shop\/wp-json\/wp\/v2\/types\/product"}],"replies":[{"embeddable":true,"href":"https:\/\/www.kendra.com.pl\/shop\/wp-json\/wp\/v2\/comments?post=16"}],"wp:featuredmedia":[{"embeddable":true,"href":"https:\/\/www.kendra.com.pl\/shop\/wp-json\/wp\/v2\/media\/378"}],"wp:attachment":[{"href":"https:\/\/www.kendra.com.pl\/shop\/wp-json\/wp\/v2\/media?parent=16"}],"wp:term":[{"taxonomy":"product_cat","embeddable":true,"href":"https:\/\/www.kendra.com.pl\/shop\/wp-json\/wp\/v2\/product_cat?post=16"},{"taxonomy":"product_tag","embeddable":true,"href":"https:\/\/www.kendra.com.pl\/shop\/wp-json\/wp\/v2\/product_tag?post=16"}],"curies":[{"name":"wp","href":"https:\/\/api.w.org\/{rel}","templated":true}]}}

Człowiek i natura

<p>W wykładzie tym Watts zajmuje się problemem relacji człowieka i natury. Zostaliśmy tak wychowani, że doświadczamy samych siebie jako <em>wyizolowane centra świadomości i działania</em>, umieszczone w świecie, który jest nam obcy, postrzegając naturę jako coś, co jest <em>na zewnątrz nas</em>. Lecz w sobie także posiadamy trochę natury. Czy więc natura, włączając tu również naturę ludzką, jest godna zaufania? Czy powinniśmy nad nią panować, czy też pozostawić ją samą sobie? Nasz zachodni sposób postrzegania natury Alan Watts porównuje ze wschodnim, taoistycznym podejściem do <em>natury, która nie ma szefa</em></p>
[wc-koplo]

<!-- This site is optimized with the Yoast SEO plugin v18.8 - https://yoast.com/wordpress/plugins/seo/ -->
<title>Człowiek i natura - Kendra Publishing</title>
<meta name="robots" content="noindex, follow" />
<meta property="og:locale" content="pl_PL" />
<meta property="og:type" content="article" />
<meta property="og:title" content="Człowiek i natura - Kendra Publishing" />
<meta property="og:description" content="W wykładzie tym Watts zajmuje się problemem relacji człowieka i natury. Zostaliśmy tak wychowani, że doświadczamy samych siebie jako wyizolowane centra świadomości i działania, umieszczone w świecie, który jest nam obcy, postrzegając naturę jako coś, co jest na zewnątrz nas. Lecz w sobie także posiadamy trochę natury. Czy więc natura, włączając tu również naturę ludzką, jest godna zaufania? Czy powinniśmy nad nią panować, czy też pozostawić ją samą sobie? Nasz zachodni sposób postrzegania natury Alan Watts porównuje ze wschodnim, taoistycznym podejściem do natury, która nie ma szefa" />
<meta property="og:url" content="https://www.kendra.com.pl/shop/produkt/aw-12-czlowiek-i-natura/" />
<meta property="og:site_name" content="Kendra Publishing" />
<meta property="article:modified_time" content="2025-02-16T13:08:42+00:00" />
<meta property="og:image" content="https://www.kendra.com.pl/shop/wp-content/uploads/2018/07/okladka-12-czlowiek-i-natura.png" />
	<meta property="og:image:width" content="949" />
	<meta property="og:image:height" content="943" />
	<meta property="og:image:type" content="image/png" />
<meta name="twitter:card" content="summary_large_image" />
<script type="application/ld+json" class="yoast-schema-graph">{"@context":"https://schema.org","@graph":[{"@type":"WebSite","@id":"https://www.kendra.com.pl/shop/#website","url":"https://www.kendra.com.pl/shop/","name":"Kendra Publishing","description":"Sklep","potentialAction":[{"@type":"SearchAction","target":{"@type":"EntryPoint","urlTemplate":"https://www.kendra.com.pl/shop/?s={search_term_string}"},"query-input":"required name=search_term_string"}],"inLanguage":"pl-PL"},{"@type":"ImageObject","inLanguage":"pl-PL","@id":"https://www.kendra.com.pl/shop/produkt/aw-12-czlowiek-i-natura/#primaryimage","url":"https://www.kendra.com.pl/shop/wp-content/uploads/2018/07/okladka-12-czlowiek-i-natura.png","contentUrl":"https://www.kendra.com.pl/shop/wp-content/uploads/2018/07/okladka-12-czlowiek-i-natura.png","width":949,"height":943},{"@type":"WebPage","@id":"https://www.kendra.com.pl/shop/produkt/aw-12-czlowiek-i-natura/#webpage","url":"https://www.kendra.com.pl/shop/produkt/aw-12-czlowiek-i-natura/","name":"Człowiek i natura - Kendra Publishing","isPartOf":{"@id":"https://www.kendra.com.pl/shop/#website"},"primaryImageOfPage":{"@id":"https://www.kendra.com.pl/shop/produkt/aw-12-czlowiek-i-natura/#primaryimage"},"datePublished":"2011-11-05T11:00:00+00:00","dateModified":"2025-02-16T13:08:42+00:00","breadcrumb":{"@id":"https://www.kendra.com.pl/shop/produkt/aw-12-czlowiek-i-natura/#breadcrumb"},"inLanguage":"pl-PL","potentialAction":[{"@type":"ReadAction","target":["https://www.kendra.com.pl/shop/produkt/aw-12-czlowiek-i-natura/"]}]},{"@type":"BreadcrumbList","@id":"https://www.kendra.com.pl/shop/produkt/aw-12-czlowiek-i-natura/#breadcrumb","itemListElement":[{"@type":"ListItem","position":1,"name":"Strona główna","item":"https://www.kendra.com.pl/shop/"},{"@type":"ListItem","position":2,"name":"Przerwa w działalności sklepu&#8230;","item":"https://www.kendra.com.pl/shop/?page_id=1888"},{"@type":"ListItem","position":3,"name":"Człowiek i natura"}]}]}</script>
<!-- / Yoast SEO plugin. -->

Człowiek i natura - Kendra Publishing

W wykładzie tym Watts zajmuje się problemem relacji człowieka i natury. Zostaliśmy tak wychowani, że doświadczamy samych siebie jako wyizolowane centra świadomości i działania, umieszczone w świecie, który jest nam obcy, postrzegając naturę jako coś, co jest na zewnątrz nas. Lecz w sobie także posiadamy trochę natury. Czy więc natura, włączając tu również naturę ludzką, jest godna zaufania? Czy powinniśmy nad nią panować, czy też pozostawić ją samą sobie? Nasz zachodni sposób postrzegania natury Alan Watts porównuje ze wschodnim, taoistycznym podejściem do natury, która nie ma szefa

Strona główna

Przerwa w działalności sklepu&#8230;
