{"id":2116,"date":"2022-01-03T14:27:03","date_gmt":"2022-01-03T13:27:03","guid":{"rendered":"https:\/\/www.kendra.com.pl\/shop\/produkt\/ajurweda-podrecznik-dbania-o-siebie\/"},"modified":"2025-02-16T14:10:54","modified_gmt":"2025-02-16T13:10:54","slug":"ajurweda-podrecznik-dbania-o-siebie","status":"publish","type":"product","link":"https:\/\/www.kendra.com.pl\/shop\/produkt\/ajurweda-podrecznik-dbania-o-siebie\/","title":{"rendered":"Ajurweda. Podr\u0119cznik dbania o siebie"},"content":{"rendered":"<p>Kompleksowy przewodnik po rytua\u0142ach ajurwedy, oferuj\u0105cy proste sposoby synchronizacji rytmu dobowego organizmu z natur\u0105.<\/p>\n<p>Czujesz si\u0119 wypalona, pozbawiona motywacji lub utkn\u0119\u0142a\u015b w miejscu? Zadbaj o siebie z ajurwed\u0105. Oto podr\u0119cznik, kt\u00f3ry oferuje ponad 100 codziennych i sezonowych rytua\u0142\u00f3w, dzi\u0119ki kt\u00f3rym po\u0142\u0105czysz si\u0119 z rytmem natury, stworzysz r\u00f3wnowag\u0119 fizyczn\u0105 i emocjonaln\u0105 i zadbasz o swoje zdrowie.<\/p>\n<ul>\n<li>Zwi\u0119ksz i ustabilizuj poziom energii za pomoc\u0105 jogicznego oddechu.<\/li>\n<li>Przezwyci\u0119\u017caj \u017cyciowe zmiany dzi\u0119ki uziemiaj\u0105cym medytacjom.<\/li>\n<li>Pokonaj stres fizyczny i emocjonalny za pomoc\u0105 spersonalizowanych pozycji jogi.<\/li>\n<li>Zapobiegaj i lecz choroby dzi\u0119ki stosowaniu od\u017cywczych tonik\u00f3w i herbat.<\/li>\n<li>Poddaj si\u0119 refleksji podczas pisania dziennika.<\/li>\n<\/ul>\n<p>Ajurweda to spos\u00f3b na powr\u00f3t do natury i odkrycie na nowo swojego potencja\u0142u, by czu\u0107 si\u0119 dobrze.<\/p>\n<p>Dr Sarah Kucera promuje zdrowe praktyki zawodowo od ponad dekady, a prywatnie \u2013 ca\u0142e \u017cycie. Licencjonowana chiropraktyczka, certyfikowana specjalistka ajurwedy, zarejestrowana nauczycielka jogi i terapeutka jog\u0105 oraz przedsi\u0119biorczyni. Za\u0142o\u017cycielka Sage Center, centrum sztuk uzdrawiaj\u0105cych i apteki zio\u0142owej w Kansas City w stanie Missouri w Stanach Zjednoczonych. \u0141\u0105czy w nim powy\u017csze techniki, by pom\u00f3c innym odnale\u017a\u0107 dobrostan.<\/p>\n<p>\u201eW swoim przyst\u0119pnym i przekonuj\u0105cym debiucie Sarah Kucera pokazuje czytelnikom, jak w\u0142\u0105czy\u0107 ajurwedyjsk\u0105 filozofi\u0119 do ich \u017cycia. Osoby zainteresowane naturalnymi i \u0142atwymi do wprowadzenia rozwi\u0105zaniami k\u0142opot\u00f3w zdrowotnych znajd\u0105 tu wiele pomocnych rad\u201d.<\/p>\n<p>\u201ePublishers Weekly\u201d<\/p>\n<p>\u201ePodr\u0119cznik dbania o siebie z ajurwed\u0105 Sarah Kucery to wci\u0105gaj\u0105cy i obszerny przegl\u0105d praktyk ajurwedyjskich. Autorka nie tylko dzieli si\u0119 swoim podej\u015bciem do leczenia w innowacyjny spos\u00f3b, lecz tak\u017ce przedstawia \u0142atwe sposoby wdro\u017cenia go w codziennym \u017cyciu. Je\u015bli zale\u017cy ci, by \u0142atwo, skutecznie i \u0142agodnie w\u0142\u0105czy\u0107 m\u0105dro\u015b\u0107 ajurwedy do swojego \u017cycia, ta ksi\u0105\u017cka jest dla ciebie.<\/p>\n<p>Amy B. Scher, autorka popularnej ksi\u0105\u017cki &#8220;We\u017a zdrowie w swoje r\u0119ce. Jak uleczy\u0107 samego siebie, kiedy nikt inny nie potrafi Ci pom\u00f3c&#8221;<\/p>\n<p>\u201e\u015awie\u017cy, bardzo potrzebny g\u0142os w sprawie ajurwedyjskich technik leczenia i powracania do r\u00f3wnowagi. To wspania\u0142a pozycja dla ka\u017cdego, kto chce uzyska\u0107 lepsz\u0105 r\u00f3wnowag\u0119, mie\u0107 wi\u0119cej energii i promienie\u0107, a jednocze\u015bnie dalej radzi\u0107 sobie ze wszystkimi swoimi zadaniami. Bardzo ch\u0119tnie podziel\u0119 si\u0119 t\u0105 ksi\u0105\u017ck\u0105 z kobietami, z kt\u00f3rymi pracuj\u0119\u201d.<\/p>\n<p>Cassandra Bodzak, autorka ksi\u0105\u017cki &#8220;Eat With Intention&#8221;<\/p>\n<p>Powy\u017cszy opis pochodzi od wydawcy.<br \/>\nWydawnictwo Czarna Owca<\/p>\n<p><strong>Dowiedz si\u0119 jak wprowadzi\u0107 wi\u0119cej spokoju do swojego \u017cycia. Przeczytaj wpis:<\/strong><\/p>\n<blockquote class=\"wp-embedded-content\" data-secret=\"VFBY3Ai5O2\"><p><a href=\"https:\/\/spokojnyumysl.pl\/blog\/wiecej-spokoju-w-zyciu-codziennym-z-ajurweda\/\">Wi\u0119cej spokoju w \u017cyciu codziennym z Ajurwed\u0105<\/a><\/p><\/blockquote>\n<p><iframe class=\"wp-embedded-content\" sandbox=\"allow-scripts\" security=\"restricted\" style=\"position: absolute; clip: rect(1px, 1px, 1px, 1px);\" title=\"&#8222;Wi\u0119cej spokoju w \u017cyciu codziennym z Ajurwed\u0105&#8221; &#8212; Spokojny Umys\u0142\" src=\"https:\/\/spokojnyumysl.pl\/blog\/wiecej-spokoju-w-zyciu-codziennym-z-ajurweda\/embed\/#?secret=OyGgvANDiJ#?secret=VFBY3Ai5O2\" data-secret=\"VFBY3Ai5O2\" width=\"600\" height=\"338\" frameborder=\"0\" marginwidth=\"0\" marginheight=\"0\" scrolling=\"no\"><\/iframe><\/p>\n","protected":false},"excerpt":{"rendered":"<p>Poznaj ajurwedyjski system medyczny, dzi\u0119ki poradnikowi napisanego przez Dr Sarah Kucery, kt\u00f3ra przez ca\u0142e \u017cycie wprowadza oraz promuje zdrowe praktyki ajurwedyjskie. Nauczysz si\u0119 jak wprowadza\u0107 je w swoje \u017cycie i zobaczysz jak z czasem Twoja codzienno\u015b\u0107 oraz zdrowie si\u0119 poprawiaj\u0105.<\/p>\n","protected":false},"featured_media":2117,"comment_status":"open","ping_status":"closed","template":"","meta":[],"product_cat":[415,17,786,790,392,411,391,410,414,400],"product_tag":[],"yoast_head":"<!-- This site is optimized with the Yoast SEO plugin v18.8 - https:\/\/yoast.com\/wordpress\/plugins\/seo\/ -->\n<title>Ajurweda. Podr\u0119cznik dbania o siebie - Kendra Publishing<\/title>\n<meta name=\"robots\" content=\"noindex, follow\" \/>\n<meta property=\"og:locale\" content=\"pl_PL\" \/>\n<meta property=\"og:type\" content=\"article\" \/>\n<meta property=\"og:title\" content=\"Ajurweda. Podr\u0119cznik dbania o siebie - Kendra Publishing\" \/>\n<meta property=\"og:description\" content=\"Poznaj ajurwedyjski system medyczny, dzi\u0119ki poradnikowi napisanego przez Dr Sarah Kucery, kt\u00f3ra przez ca\u0142e \u017cycie wprowadza oraz promuje zdrowe praktyki ajurwedyjskie. Nauczysz si\u0119 jak wprowadza\u0107 je w swoje \u017cycie i zobaczysz jak z czasem Twoja codzienno\u015b\u0107 oraz zdrowie si\u0119 poprawiaj\u0105.\" \/>\n<meta property=\"og:url\" content=\"https:\/\/www.kendra.com.pl\/shop\/produkt\/ajurweda-podrecznik-dbania-o-siebie\/\" \/>\n<meta property=\"og:site_name\" content=\"Kendra Publishing\" \/>\n<meta property=\"article:modified_time\" content=\"2025-02-16T13:10:54+00:00\" \/>\n<meta property=\"og:image\" content=\"https:\/\/www.kendra.com.pl\/shop\/wp-content\/uploads\/2022\/01\/Ajurweda-Podrecznik-dbania-o-siebie-Sarah-Kucera.jpg\" \/>\n\t<meta property=\"og:image:width\" content=\"1120\" \/>\n\t<meta property=\"og:image:height\" content=\"920\" \/>\n\t<meta property=\"og:image:type\" content=\"image\/jpeg\" \/>\n<meta name=\"twitter:card\" content=\"summary_large_image\" \/>\n<meta name=\"twitter:label1\" content=\"Szacowany czas czytania\" \/>\n\t<meta name=\"twitter:data1\" content=\"2 minuty\" \/>\n<script type=\"application\/ld+json\" class=\"yoast-schema-graph\">{\"@context\":\"https:\/\/schema.org\",\"@graph\":[{\"@type\":\"WebSite\",\"@id\":\"https:\/\/www.kendra.com.pl\/shop\/#website\",\"url\":\"https:\/\/www.kendra.com.pl\/shop\/\",\"name\":\"Kendra Publishing\",\"description\":\"Sklep\",\"potentialAction\":[{\"@type\":\"SearchAction\",\"target\":{\"@type\":\"EntryPoint\",\"urlTemplate\":\"https:\/\/www.kendra.com.pl\/shop\/?s={search_term_string}\"},\"query-input\":\"required name=search_term_string\"}],\"inLanguage\":\"pl-PL\"},{\"@type\":\"ImageObject\",\"inLanguage\":\"pl-PL\",\"@id\":\"https:\/\/www.kendra.com.pl\/shop\/produkt\/ajurweda-podrecznik-dbania-o-siebie\/#primaryimage\",\"url\":\"https:\/\/www.kendra.com.pl\/shop\/wp-content\/uploads\/2022\/01\/Ajurweda-Podrecznik-dbania-o-siebie-Sarah-Kucera.jpg\",\"contentUrl\":\"https:\/\/www.kendra.com.pl\/shop\/wp-content\/uploads\/2022\/01\/Ajurweda-Podrecznik-dbania-o-siebie-Sarah-Kucera.jpg\",\"width\":1120,\"height\":920},{\"@type\":\"WebPage\",\"@id\":\"https:\/\/www.kendra.com.pl\/shop\/produkt\/ajurweda-podrecznik-dbania-o-siebie\/#webpage\",\"url\":\"https:\/\/www.kendra.com.pl\/shop\/produkt\/ajurweda-podrecznik-dbania-o-siebie\/\",\"name\":\"Ajurweda. Podr\u0119cznik dbania o siebie - Kendra Publishing\",\"isPartOf\":{\"@id\":\"https:\/\/www.kendra.com.pl\/shop\/#website\"},\"primaryImageOfPage\":{\"@id\":\"https:\/\/www.kendra.com.pl\/shop\/produkt\/ajurweda-podrecznik-dbania-o-siebie\/#primaryimage\"},\"datePublished\":\"2022-01-03T13:27:03+00:00\",\"dateModified\":\"2025-02-16T13:10:54+00:00\",\"breadcrumb\":{\"@id\":\"https:\/\/www.kendra.com.pl\/shop\/produkt\/ajurweda-podrecznik-dbania-o-siebie\/#breadcrumb\"},\"inLanguage\":\"pl-PL\",\"potentialAction\":[{\"@type\":\"ReadAction\",\"target\":[\"https:\/\/www.kendra.com.pl\/shop\/produkt\/ajurweda-podrecznik-dbania-o-siebie\/\"]}]},{\"@type\":\"BreadcrumbList\",\"@id\":\"https:\/\/www.kendra.com.pl\/shop\/produkt\/ajurweda-podrecznik-dbania-o-siebie\/#breadcrumb\",\"itemListElement\":[{\"@type\":\"ListItem\",\"position\":1,\"name\":\"Strona g\u0142\u00f3wna\",\"item\":\"https:\/\/www.kendra.com.pl\/shop\/\"},{\"@type\":\"ListItem\",\"position\":2,\"name\":\"Przerwa w dzia\u0142alno\u015bci sklepu&#8230;\",\"item\":\"https:\/\/www.kendra.com.pl\/shop\/?page_id=1888\"},{\"@type\":\"ListItem\",\"position\":3,\"name\":\"Ajurweda. Podr\u0119cznik dbania o siebie\"}]}]}<\/script>\n<!-- \/ Yoast SEO plugin. -->","yoast_head_json":{"title":"Ajurweda. Podr\u0119cznik dbania o siebie - Kendra Publishing","robots":{"index":"noindex","follow":"follow"},"og_locale":"pl_PL","og_type":"article","og_title":"Ajurweda. Podr\u0119cznik dbania o siebie - Kendra Publishing","og_description":"Poznaj ajurwedyjski system medyczny, dzi\u0119ki poradnikowi napisanego przez Dr Sarah Kucery, kt\u00f3ra przez ca\u0142e \u017cycie wprowadza oraz promuje zdrowe praktyki ajurwedyjskie. Nauczysz si\u0119 jak wprowadza\u0107 je w swoje \u017cycie i zobaczysz jak z czasem Twoja codzienno\u015b\u0107 oraz zdrowie si\u0119 poprawiaj\u0105.","og_url":"https:\/\/www.kendra.com.pl\/shop\/produkt\/ajurweda-podrecznik-dbania-o-siebie\/","og_site_name":"Kendra Publishing","article_modified_time":"2025-02-16T13:10:54+00:00","og_image":[{"width":1120,"height":920,"url":"https:\/\/www.kendra.com.pl\/shop\/wp-content\/uploads\/2022\/01\/Ajurweda-Podrecznik-dbania-o-siebie-Sarah-Kucera.jpg","type":"image\/jpeg"}],"twitter_card":"summary_large_image","twitter_misc":{"Szacowany czas czytania":"2 minuty"},"schema":{"@context":"https:\/\/schema.org","@graph":[{"@type":"WebSite","@id":"https:\/\/www.kendra.com.pl\/shop\/#website","url":"https:\/\/www.kendra.com.pl\/shop\/","name":"Kendra Publishing","description":"Sklep","potentialAction":[{"@type":"SearchAction","target":{"@type":"EntryPoint","urlTemplate":"https:\/\/www.kendra.com.pl\/shop\/?s={search_term_string}"},"query-input":"required name=search_term_string"}],"inLanguage":"pl-PL"},{"@type":"ImageObject","inLanguage":"pl-PL","@id":"https:\/\/www.kendra.com.pl\/shop\/produkt\/ajurweda-podrecznik-dbania-o-siebie\/#primaryimage","url":"https:\/\/www.kendra.com.pl\/shop\/wp-content\/uploads\/2022\/01\/Ajurweda-Podrecznik-dbania-o-siebie-Sarah-Kucera.jpg","contentUrl":"https:\/\/www.kendra.com.pl\/shop\/wp-content\/uploads\/2022\/01\/Ajurweda-Podrecznik-dbania-o-siebie-Sarah-Kucera.jpg","width":1120,"height":920},{"@type":"WebPage","@id":"https:\/\/www.kendra.com.pl\/shop\/produkt\/ajurweda-podrecznik-dbania-o-siebie\/#webpage","url":"https:\/\/www.kendra.com.pl\/shop\/produkt\/ajurweda-podrecznik-dbania-o-siebie\/","name":"Ajurweda. Podr\u0119cznik dbania o siebie - Kendra Publishing","isPartOf":{"@id":"https:\/\/www.kendra.com.pl\/shop\/#website"},"primaryImageOfPage":{"@id":"https:\/\/www.kendra.com.pl\/shop\/produkt\/ajurweda-podrecznik-dbania-o-siebie\/#primaryimage"},"datePublished":"2022-01-03T13:27:03+00:00","dateModified":"2025-02-16T13:10:54+00:00","breadcrumb":{"@id":"https:\/\/www.kendra.com.pl\/shop\/produkt\/ajurweda-podrecznik-dbania-o-siebie\/#breadcrumb"},"inLanguage":"pl-PL","potentialAction":[{"@type":"ReadAction","target":["https:\/\/www.kendra.com.pl\/shop\/produkt\/ajurweda-podrecznik-dbania-o-siebie\/"]}]},{"@type":"BreadcrumbList","@id":"https:\/\/www.kendra.com.pl\/shop\/produkt\/ajurweda-podrecznik-dbania-o-siebie\/#breadcrumb","itemListElement":[{"@type":"ListItem","position":1,"name":"Strona g\u0142\u00f3wna","item":"https:\/\/www.kendra.com.pl\/shop\/"},{"@type":"ListItem","position":2,"name":"Przerwa w dzia\u0142alno\u015bci sklepu&#8230;","item":"https:\/\/www.kendra.com.pl\/shop\/?page_id=1888"},{"@type":"ListItem","position":3,"name":"Ajurweda. Podr\u0119cznik dbania o siebie"}]}]}},"_links":{"self":[{"href":"https:\/\/www.kendra.com.pl\/shop\/wp-json\/wp\/v2\/product\/2116"}],"collection":[{"href":"https:\/\/www.kendra.com.pl\/shop\/wp-json\/wp\/v2\/product"}],"about":[{"href":"https:\/\/www.kendra.com.pl\/shop\/wp-json\/wp\/v2\/types\/product"}],"replies":[{"embeddable":true,"href":"https:\/\/www.kendra.com.pl\/shop\/wp-json\/wp\/v2\/comments?post=2116"}],"wp:featuredmedia":[{"embeddable":true,"href":"https:\/\/www.kendra.com.pl\/shop\/wp-json\/wp\/v2\/media\/2117"}],"wp:attachment":[{"href":"https:\/\/www.kendra.com.pl\/shop\/wp-json\/wp\/v2\/media?parent=2116"}],"wp:term":[{"taxonomy":"product_cat","embeddable":true,"href":"https:\/\/www.kendra.com.pl\/shop\/wp-json\/wp\/v2\/product_cat?post=2116"},{"taxonomy":"product_tag","embeddable":true,"href":"https:\/\/www.kendra.com.pl\/shop\/wp-json\/wp\/v2\/product_tag?post=2116"}],"curies":[{"name":"wp","href":"https:\/\/api.w.org\/{rel}","templated":true}]}}