{"id":25,"date":"2012-11-01T12:00:07","date_gmt":"2012-11-01T11:00:07","guid":{"rendered":"http:\/\/www.kendra.com.pl\/shop\/?post_type=product&#038;p=25"},"modified":"2025-02-16T14:08:35","modified_gmt":"2025-02-16T13:08:35","slug":"aw-16-jezyk-i-jego-ograniczenia","status":"publish","type":"product","link":"https:\/\/www.kendra.com.pl\/shop\/produkt\/aw-16-jezyk-i-jego-ograniczenia\/","title":{"rendered":"J\u0119zyk i jego ograniczenia"},"content":{"rendered":"","protected":false},"excerpt":{"rendered":"<p>W prezentowanym wyk\u0142adzie Alan Watts, w bardzo klarowny spos\u00f3b, bada liczne <em>widma<\/em> funkcjonuj\u0105ce w powszechnie u\u017cywanym j\u0119zyku, ukazuj\u0105c jak wzorce j\u0119zykowe ka\u017c\u0105 nam wierzy\u0107 w byty, kt\u00f3re w rzeczywisto\u015bci nie istniej\u0105. Analizuje ograniczenia j\u0119zyka, w obliczu niemo\u017cliwej do uj\u0119cia w s\u0142owach prawdy duchowej. Na przestrzeni dziej\u00f3w zagubili\u015bmy \u015bwiadomo\u015b\u0107 tego, jak j\u0119zyk, kt\u00f3rym si\u0119 pos\u0142ugujemy, nadaje kszta\u0142t \u015bwiatu, i w pewnym sensie wprowadza nas w b\u0142\u0105d odno\u015bnie rzeczywisto\u015bci, w kt\u00f3rej \u017cyjemy. Watts pomaga nam rozpozna\u0107 odwieczn\u0105 prawd\u0119, \u017ce jeste\u015bmy ograniczeni przez nasz j\u0119zyk w tym sensie, i\u017c zawsze wymaga si\u0119 od nas postrzegania rzeczywisto\u015bci liniowo, kawa\u0142ek po kawa\u0142ku, zamiast odbiera\u0107 j\u0105 jako ca\u0142o\u015b\u0107, jednocze\u015bnie.<\/p>\n[wc-koplo]\n","protected":false},"featured_media":382,"comment_status":"closed","ping_status":"closed","template":"","meta":[],"product_cat":[16],"product_tag":[124,69,126,119,125,121,130,123,116,65,138,127,120,128,131,132,118,133,134,136,58,122,48,100,137,129,135,117],"yoast_head":"<!-- This site is optimized with the Yoast SEO plugin v18.8 - https:\/\/yoast.com\/wordpress\/plugins\/seo\/ -->\n<title>J\u0119zyk i jego ograniczenia - Kendra Publishing<\/title>\n<meta name=\"robots\" content=\"noindex, follow\" \/>\n<meta property=\"og:locale\" content=\"pl_PL\" \/>\n<meta property=\"og:type\" content=\"article\" \/>\n<meta property=\"og:title\" content=\"J\u0119zyk i jego ograniczenia - Kendra Publishing\" \/>\n<meta property=\"og:description\" content=\"W prezentowanym wyk\u0142adzie Alan Watts, w bardzo klarowny spos\u00f3b, bada liczne widma funkcjonuj\u0105ce w powszechnie u\u017cywanym j\u0119zyku, ukazuj\u0105c jak wzorce j\u0119zykowe ka\u017c\u0105 nam wierzy\u0107 w byty, kt\u00f3re w rzeczywisto\u015bci nie istniej\u0105. Analizuje ograniczenia j\u0119zyka, w obliczu niemo\u017cliwej do uj\u0119cia w s\u0142owach prawdy duchowej. Na przestrzeni dziej\u00f3w zagubili\u015bmy \u015bwiadomo\u015b\u0107 tego, jak j\u0119zyk, kt\u00f3rym si\u0119 pos\u0142ugujemy, nadaje kszta\u0142t \u015bwiatu, i w pewnym sensie wprowadza nas w b\u0142\u0105d odno\u015bnie rzeczywisto\u015bci, w kt\u00f3rej \u017cyjemy. Watts pomaga nam rozpozna\u0107 odwieczn\u0105 prawd\u0119, \u017ce jeste\u015bmy ograniczeni przez nasz j\u0119zyk w tym sensie, i\u017c zawsze wymaga si\u0119 od nas postrzegania rzeczywisto\u015bci liniowo, kawa\u0142ek po kawa\u0142ku, zamiast odbiera\u0107 j\u0105 jako ca\u0142o\u015b\u0107, jednocze\u015bnie.\" \/>\n<meta property=\"og:url\" content=\"https:\/\/www.kendra.com.pl\/shop\/produkt\/aw-16-jezyk-i-jego-ograniczenia\/\" \/>\n<meta property=\"og:site_name\" content=\"Kendra Publishing\" \/>\n<meta property=\"article:modified_time\" content=\"2025-02-16T13:08:35+00:00\" \/>\n<meta property=\"og:image\" content=\"https:\/\/www.kendra.com.pl\/shop\/wp-content\/uploads\/2018\/07\/okladka-16-jezyk-i-jego-ograniczenia.png\" \/>\n\t<meta property=\"og:image:width\" content=\"949\" \/>\n\t<meta property=\"og:image:height\" content=\"943\" \/>\n\t<meta property=\"og:image:type\" content=\"image\/png\" \/>\n<meta name=\"twitter:card\" content=\"summary_large_image\" \/>\n<script type=\"application\/ld+json\" class=\"yoast-schema-graph\">{\"@context\":\"https:\/\/schema.org\",\"@graph\":[{\"@type\":\"WebSite\",\"@id\":\"https:\/\/www.kendra.com.pl\/shop\/#website\",\"url\":\"https:\/\/www.kendra.com.pl\/shop\/\",\"name\":\"Kendra Publishing\",\"description\":\"Sklep\",\"potentialAction\":[{\"@type\":\"SearchAction\",\"target\":{\"@type\":\"EntryPoint\",\"urlTemplate\":\"https:\/\/www.kendra.com.pl\/shop\/?s={search_term_string}\"},\"query-input\":\"required name=search_term_string\"}],\"inLanguage\":\"pl-PL\"},{\"@type\":\"ImageObject\",\"inLanguage\":\"pl-PL\",\"@id\":\"https:\/\/www.kendra.com.pl\/shop\/produkt\/aw-16-jezyk-i-jego-ograniczenia\/#primaryimage\",\"url\":\"https:\/\/www.kendra.com.pl\/shop\/wp-content\/uploads\/2018\/07\/okladka-16-jezyk-i-jego-ograniczenia.png\",\"contentUrl\":\"https:\/\/www.kendra.com.pl\/shop\/wp-content\/uploads\/2018\/07\/okladka-16-jezyk-i-jego-ograniczenia.png\",\"width\":949,\"height\":943},{\"@type\":\"WebPage\",\"@id\":\"https:\/\/www.kendra.com.pl\/shop\/produkt\/aw-16-jezyk-i-jego-ograniczenia\/#webpage\",\"url\":\"https:\/\/www.kendra.com.pl\/shop\/produkt\/aw-16-jezyk-i-jego-ograniczenia\/\",\"name\":\"J\u0119zyk i jego ograniczenia - Kendra Publishing\",\"isPartOf\":{\"@id\":\"https:\/\/www.kendra.com.pl\/shop\/#website\"},\"primaryImageOfPage\":{\"@id\":\"https:\/\/www.kendra.com.pl\/shop\/produkt\/aw-16-jezyk-i-jego-ograniczenia\/#primaryimage\"},\"datePublished\":\"2012-11-01T11:00:07+00:00\",\"dateModified\":\"2025-02-16T13:08:35+00:00\",\"breadcrumb\":{\"@id\":\"https:\/\/www.kendra.com.pl\/shop\/produkt\/aw-16-jezyk-i-jego-ograniczenia\/#breadcrumb\"},\"inLanguage\":\"pl-PL\",\"potentialAction\":[{\"@type\":\"ReadAction\",\"target\":[\"https:\/\/www.kendra.com.pl\/shop\/produkt\/aw-16-jezyk-i-jego-ograniczenia\/\"]}]},{\"@type\":\"BreadcrumbList\",\"@id\":\"https:\/\/www.kendra.com.pl\/shop\/produkt\/aw-16-jezyk-i-jego-ograniczenia\/#breadcrumb\",\"itemListElement\":[{\"@type\":\"ListItem\",\"position\":1,\"name\":\"Strona g\u0142\u00f3wna\",\"item\":\"https:\/\/www.kendra.com.pl\/shop\/\"},{\"@type\":\"ListItem\",\"position\":2,\"name\":\"Przerwa w dzia\u0142alno\u015bci sklepu&#8230;\",\"item\":\"https:\/\/www.kendra.com.pl\/shop\/?page_id=1888\"},{\"@type\":\"ListItem\",\"position\":3,\"name\":\"J\u0119zyk i jego ograniczenia\"}]}]}<\/script>\n<!-- \/ Yoast SEO plugin. -->","yoast_head_json":{"title":"J\u0119zyk i jego ograniczenia - Kendra Publishing","robots":{"index":"noindex","follow":"follow"},"og_locale":"pl_PL","og_type":"article","og_title":"J\u0119zyk i jego ograniczenia - Kendra Publishing","og_description":"W prezentowanym wyk\u0142adzie Alan Watts, w bardzo klarowny spos\u00f3b, bada liczne widma funkcjonuj\u0105ce w powszechnie u\u017cywanym j\u0119zyku, ukazuj\u0105c jak wzorce j\u0119zykowe ka\u017c\u0105 nam wierzy\u0107 w byty, kt\u00f3re w rzeczywisto\u015bci nie istniej\u0105. Analizuje ograniczenia j\u0119zyka, w obliczu niemo\u017cliwej do uj\u0119cia w s\u0142owach prawdy duchowej. Na przestrzeni dziej\u00f3w zagubili\u015bmy \u015bwiadomo\u015b\u0107 tego, jak j\u0119zyk, kt\u00f3rym si\u0119 pos\u0142ugujemy, nadaje kszta\u0142t \u015bwiatu, i w pewnym sensie wprowadza nas w b\u0142\u0105d odno\u015bnie rzeczywisto\u015bci, w kt\u00f3rej \u017cyjemy. Watts pomaga nam rozpozna\u0107 odwieczn\u0105 prawd\u0119, \u017ce jeste\u015bmy ograniczeni przez nasz j\u0119zyk w tym sensie, i\u017c zawsze wymaga si\u0119 od nas postrzegania rzeczywisto\u015bci liniowo, kawa\u0142ek po kawa\u0142ku, zamiast odbiera\u0107 j\u0105 jako ca\u0142o\u015b\u0107, jednocze\u015bnie.","og_url":"https:\/\/www.kendra.com.pl\/shop\/produkt\/aw-16-jezyk-i-jego-ograniczenia\/","og_site_name":"Kendra Publishing","article_modified_time":"2025-02-16T13:08:35+00:00","og_image":[{"width":949,"height":943,"url":"https:\/\/www.kendra.com.pl\/shop\/wp-content\/uploads\/2018\/07\/okladka-16-jezyk-i-jego-ograniczenia.png","type":"image\/png"}],"twitter_card":"summary_large_image","schema":{"@context":"https:\/\/schema.org","@graph":[{"@type":"WebSite","@id":"https:\/\/www.kendra.com.pl\/shop\/#website","url":"https:\/\/www.kendra.com.pl\/shop\/","name":"Kendra Publishing","description":"Sklep","potentialAction":[{"@type":"SearchAction","target":{"@type":"EntryPoint","urlTemplate":"https:\/\/www.kendra.com.pl\/shop\/?s={search_term_string}"},"query-input":"required name=search_term_string"}],"inLanguage":"pl-PL"},{"@type":"ImageObject","inLanguage":"pl-PL","@id":"https:\/\/www.kendra.com.pl\/shop\/produkt\/aw-16-jezyk-i-jego-ograniczenia\/#primaryimage","url":"https:\/\/www.kendra.com.pl\/shop\/wp-content\/uploads\/2018\/07\/okladka-16-jezyk-i-jego-ograniczenia.png","contentUrl":"https:\/\/www.kendra.com.pl\/shop\/wp-content\/uploads\/2018\/07\/okladka-16-jezyk-i-jego-ograniczenia.png","width":949,"height":943},{"@type":"WebPage","@id":"https:\/\/www.kendra.com.pl\/shop\/produkt\/aw-16-jezyk-i-jego-ograniczenia\/#webpage","url":"https:\/\/www.kendra.com.pl\/shop\/produkt\/aw-16-jezyk-i-jego-ograniczenia\/","name":"J\u0119zyk i jego ograniczenia - Kendra Publishing","isPartOf":{"@id":"https:\/\/www.kendra.com.pl\/shop\/#website"},"primaryImageOfPage":{"@id":"https:\/\/www.kendra.com.pl\/shop\/produkt\/aw-16-jezyk-i-jego-ograniczenia\/#primaryimage"},"datePublished":"2012-11-01T11:00:07+00:00","dateModified":"2025-02-16T13:08:35+00:00","breadcrumb":{"@id":"https:\/\/www.kendra.com.pl\/shop\/produkt\/aw-16-jezyk-i-jego-ograniczenia\/#breadcrumb"},"inLanguage":"pl-PL","potentialAction":[{"@type":"ReadAction","target":["https:\/\/www.kendra.com.pl\/shop\/produkt\/aw-16-jezyk-i-jego-ograniczenia\/"]}]},{"@type":"BreadcrumbList","@id":"https:\/\/www.kendra.com.pl\/shop\/produkt\/aw-16-jezyk-i-jego-ograniczenia\/#breadcrumb","itemListElement":[{"@type":"ListItem","position":1,"name":"Strona g\u0142\u00f3wna","item":"https:\/\/www.kendra.com.pl\/shop\/"},{"@type":"ListItem","position":2,"name":"Przerwa w dzia\u0142alno\u015bci sklepu&#8230;","item":"https:\/\/www.kendra.com.pl\/shop\/?page_id=1888"},{"@type":"ListItem","position":3,"name":"J\u0119zyk i jego ograniczenia"}]}]}},"_links":{"self":[{"href":"https:\/\/www.kendra.com.pl\/shop\/wp-json\/wp\/v2\/product\/25"}],"collection":[{"href":"https:\/\/www.kendra.com.pl\/shop\/wp-json\/wp\/v2\/product"}],"about":[{"href":"https:\/\/www.kendra.com.pl\/shop\/wp-json\/wp\/v2\/types\/product"}],"replies":[{"embeddable":true,"href":"https:\/\/www.kendra.com.pl\/shop\/wp-json\/wp\/v2\/comments?post=25"}],"wp:featuredmedia":[{"embeddable":true,"href":"https:\/\/www.kendra.com.pl\/shop\/wp-json\/wp\/v2\/media\/382"}],"wp:attachment":[{"href":"https:\/\/www.kendra.com.pl\/shop\/wp-json\/wp\/v2\/media?parent=25"}],"wp:term":[{"taxonomy":"product_cat","embeddable":true,"href":"https:\/\/www.kendra.com.pl\/shop\/wp-json\/wp\/v2\/product_cat?post=25"},{"taxonomy":"product_tag","embeddable":true,"href":"https:\/\/www.kendra.com.pl\/shop\/wp-json\/wp\/v2\/product_tag?post=25"}],"curies":[{"name":"wp","href":"https:\/\/api.w.org\/{rel}","templated":true}]}}

Język i jego ograniczenia

<p>W prezentowanym wykładzie Alan Watts, w bardzo klarowny sposób, bada liczne <em>widma</em> funkcjonujące w powszechnie używanym języku, ukazując jak wzorce językowe każą nam wierzyć w byty, które w rzeczywistości nie istnieją. Analizuje ograniczenia języka, w obliczu niemożliwej do ujęcia w słowach prawdy duchowej. Na przestrzeni dziejów zagubiliśmy świadomość tego, jak język, którym się posługujemy, nadaje kształt światu, i w pewnym sensie wprowadza nas w błąd odnośnie rzeczywistości, w której żyjemy. Watts pomaga nam rozpoznać odwieczną prawdę, że jesteśmy ograniczeni przez nasz język w tym sensie, iż zawsze wymaga się od nas postrzegania rzeczywistości liniowo, kawałek po kawałku, zamiast odbierać ją jako całość, jednocześnie.</p>
[wc-koplo]

<!-- This site is optimized with the Yoast SEO plugin v18.8 - https://yoast.com/wordpress/plugins/seo/ -->
<title>Język i jego ograniczenia - Kendra Publishing</title>
<meta name="robots" content="noindex, follow" />
<meta property="og:locale" content="pl_PL" />
<meta property="og:type" content="article" />
<meta property="og:title" content="Język i jego ograniczenia - Kendra Publishing" />
<meta property="og:description" content="W prezentowanym wykładzie Alan Watts, w bardzo klarowny sposób, bada liczne widma funkcjonujące w powszechnie używanym języku, ukazując jak wzorce językowe każą nam wierzyć w byty, które w rzeczywistości nie istnieją. Analizuje ograniczenia języka, w obliczu niemożliwej do ujęcia w słowach prawdy duchowej. Na przestrzeni dziejów zagubiliśmy świadomość tego, jak język, którym się posługujemy, nadaje kształt światu, i w pewnym sensie wprowadza nas w błąd odnośnie rzeczywistości, w której żyjemy. Watts pomaga nam rozpoznać odwieczną prawdę, że jesteśmy ograniczeni przez nasz język w tym sensie, iż zawsze wymaga się od nas postrzegania rzeczywistości liniowo, kawałek po kawałku, zamiast odbierać ją jako całość, jednocześnie." />
<meta property="og:url" content="https://www.kendra.com.pl/shop/produkt/aw-16-jezyk-i-jego-ograniczenia/" />
<meta property="og:site_name" content="Kendra Publishing" />
<meta property="article:modified_time" content="2025-02-16T13:08:35+00:00" />
<meta property="og:image" content="https://www.kendra.com.pl/shop/wp-content/uploads/2018/07/okladka-16-jezyk-i-jego-ograniczenia.png" />
	<meta property="og:image:width" content="949" />
	<meta property="og:image:height" content="943" />
	<meta property="og:image:type" content="image/png" />
<meta name="twitter:card" content="summary_large_image" />
<script type="application/ld+json" class="yoast-schema-graph">{"@context":"https://schema.org","@graph":[{"@type":"WebSite","@id":"https://www.kendra.com.pl/shop/#website","url":"https://www.kendra.com.pl/shop/","name":"Kendra Publishing","description":"Sklep","potentialAction":[{"@type":"SearchAction","target":{"@type":"EntryPoint","urlTemplate":"https://www.kendra.com.pl/shop/?s={search_term_string}"},"query-input":"required name=search_term_string"}],"inLanguage":"pl-PL"},{"@type":"ImageObject","inLanguage":"pl-PL","@id":"https://www.kendra.com.pl/shop/produkt/aw-16-jezyk-i-jego-ograniczenia/#primaryimage","url":"https://www.kendra.com.pl/shop/wp-content/uploads/2018/07/okladka-16-jezyk-i-jego-ograniczenia.png","contentUrl":"https://www.kendra.com.pl/shop/wp-content/uploads/2018/07/okladka-16-jezyk-i-jego-ograniczenia.png","width":949,"height":943},{"@type":"WebPage","@id":"https://www.kendra.com.pl/shop/produkt/aw-16-jezyk-i-jego-ograniczenia/#webpage","url":"https://www.kendra.com.pl/shop/produkt/aw-16-jezyk-i-jego-ograniczenia/","name":"Język i jego ograniczenia - Kendra Publishing","isPartOf":{"@id":"https://www.kendra.com.pl/shop/#website"},"primaryImageOfPage":{"@id":"https://www.kendra.com.pl/shop/produkt/aw-16-jezyk-i-jego-ograniczenia/#primaryimage"},"datePublished":"2012-11-01T11:00:07+00:00","dateModified":"2025-02-16T13:08:35+00:00","breadcrumb":{"@id":"https://www.kendra.com.pl/shop/produkt/aw-16-jezyk-i-jego-ograniczenia/#breadcrumb"},"inLanguage":"pl-PL","potentialAction":[{"@type":"ReadAction","target":["https://www.kendra.com.pl/shop/produkt/aw-16-jezyk-i-jego-ograniczenia/"]}]},{"@type":"BreadcrumbList","@id":"https://www.kendra.com.pl/shop/produkt/aw-16-jezyk-i-jego-ograniczenia/#breadcrumb","itemListElement":[{"@type":"ListItem","position":1,"name":"Strona główna","item":"https://www.kendra.com.pl/shop/"},{"@type":"ListItem","position":2,"name":"Przerwa w działalności sklepu&#8230;","item":"https://www.kendra.com.pl/shop/?page_id=1888"},{"@type":"ListItem","position":3,"name":"Język i jego ograniczenia"}]}]}</script>
<!-- / Yoast SEO plugin. -->

Język i jego ograniczenia - Kendra Publishing

W prezentowanym wykładzie Alan Watts, w bardzo klarowny sposób, bada liczne widma funkcjonujące w powszechnie używanym języku, ukazując jak wzorce językowe każą nam wierzyć w byty, które w rzeczywistości nie istnieją. Analizuje ograniczenia języka, w obliczu niemożliwej do ujęcia w słowach prawdy duchowej. Na przestrzeni dziejów zagubiliśmy świadomość tego, jak język, którym się posługujemy, nadaje kształt światu, i w pewnym sensie wprowadza nas w błąd odnośnie rzeczywistości, w której żyjemy. Watts pomaga nam rozpoznać odwieczną prawdę, że jesteśmy ograniczeni przez nasz język w tym sensie, iż zawsze wymaga się od nas postrzegania rzeczywistości liniowo, kawałek po kawałku, zamiast odbierać ją jako całość, jednocześnie.

Strona główna

Przerwa w działalności sklepu&#8230;
