{"id":2843,"date":"2021-03-25T11:03:21","date_gmt":"2021-03-25T10:03:21","guid":{"rendered":"https:\/\/www.kendra.com.pl\/shop\/produkt\/kadzidlo-greckie-kwiat-pustyni-20g\/"},"modified":"2025-02-16T14:16:39","modified_gmt":"2025-02-16T13:16:39","slug":"kadzidlo-greckie-kwiat-pustyni-20g","status":"publish","type":"product","link":"https:\/\/www.kendra.com.pl\/shop\/produkt\/kadzidlo-greckie-kwiat-pustyni-20g\/","title":{"rendered":"Kadzid\u0142o greckie Kwiat Pustyni (20g)"},"content":{"rendered":"<p>Kadzid\u0142a greckie inaczej nazywane atoskimi to ma\u0142e bia\u0142e kamyczki wykonane z \u017cywicy cedru liba\u0144skiego po\u0142\u0105czonej z olejkami i magnezj\u0105 pochodz\u0105cych z Eremu.<\/p>\n<p><strong>Spos\u00f3b produkcji:<\/strong><\/p>\n<p>\u017bywica cedru liba\u0144skiego i magnezja mielone zosta\u0142y zmielone do konsystencji m\u0105ki, kolejno dodane zostaj\u0105 olejki. Nast\u0119pnym etapem produkcyjnym jest sprawowanie, zmielenie surowca i podzielenie na ma\u0142e kawa\u0142ki. Na koniec surowiec poddawany jest suszeniu.<\/p>\n<p><strong>W\u0142a\u015bciwo\u015bci \u017cywicy cedru liba\u0144skiego:<\/strong><\/p>\n<p>Okadzanie pomieszcze\u0144 kadzid\u0142ami greckimi wp\u0142ywa na oczyszczanie dr\u00f3g oddechowych, niweluje stany zapalne organizmu, hamuje dzia\u0142anie drobnoustroj\u00f3w w powietrzu, dzia\u0142a przeciwb\u00f3lowo, dzia\u0142a aseptycznie, \u0142agodzi choroby uk\u0142adu oddechowego, poprawia nastr\u00f3j, dzia\u0142a koj\u0105co i uspokajaj\u0105co.<\/p>\n<p><strong>Opakowanie:\u00a0<\/strong>20g<\/p>\n<p><b>Czym cechuje si\u0119 kadzid\u0142o greckie Kwiat Pustyni (20g)?<\/b><\/p>\n<ul>\n<li>To naturalne kadzid\u0142o<\/li>\n<li>To kadzid\u0142o produkowane wed\u0142ug staro\u017cytnej receptury<\/li>\n<li>To kadzid\u0142o, kt\u00f3re oczyszcza i usuwa z\u0142\u0105 energi\u0119<\/li>\n<li>Jego zapach dzia\u0142a relaksuj\u0105co<\/li>\n<\/ul>\n<p>Opisy s\u0105 chronione prawami autorskimi. Kopiowanie jest niedozwolone.<\/p>\n","protected":false},"excerpt":{"rendered":"<p>Kadzid\u0142o produkowane wed\u0142ug staro\u017cytnej receptury wyr\u00f3\u017cniaj\u0105ce si\u0119 wygl\u0105dem bia\u0142ych kamyczk\u00f3w i relaksuj\u0105cym zapachu pikantnych przypraw i orientalnych kwiat\u00f3w. Kadzid\u0142o polecane do palenia wieczorami.<\/p>\n","protected":false},"featured_media":2842,"comment_status":"open","ping_status":"closed","template":"","meta":[],"product_cat":[707,419,506,705,769,727,622,392,435,391,738,407],"product_tag":[606],"yoast_head":"<!-- This site is optimized with the Yoast SEO plugin v18.8 - https:\/\/yoast.com\/wordpress\/plugins\/seo\/ -->\n<title>Kadzid\u0142o greckie Kwiat Pustyni (20g) - Kendra Publishing<\/title>\n<meta name=\"robots\" content=\"noindex, follow\" \/>\n<meta property=\"og:locale\" content=\"pl_PL\" \/>\n<meta property=\"og:type\" content=\"article\" \/>\n<meta property=\"og:title\" content=\"Kadzid\u0142o greckie Kwiat Pustyni (20g) - Kendra Publishing\" \/>\n<meta property=\"og:description\" content=\"Kadzid\u0142o produkowane wed\u0142ug staro\u017cytnej receptury wyr\u00f3\u017cniaj\u0105ce si\u0119 wygl\u0105dem bia\u0142ych kamyczk\u00f3w i relaksuj\u0105cym zapachu pikantnych przypraw i orientalnych kwiat\u00f3w. Kadzid\u0142o polecane do palenia wieczorami.\" \/>\n<meta property=\"og:url\" content=\"https:\/\/www.kendra.com.pl\/shop\/produkt\/kadzidlo-greckie-kwiat-pustyni-20g\/\" \/>\n<meta property=\"og:site_name\" content=\"Kendra Publishing\" \/>\n<meta property=\"article:modified_time\" content=\"2025-02-16T13:16:39+00:00\" \/>\n<meta property=\"og:image\" content=\"https:\/\/www.kendra.com.pl\/shop\/wp-content\/uploads\/2021\/03\/19.jpg\" \/>\n\t<meta property=\"og:image:width\" content=\"1120\" \/>\n\t<meta property=\"og:image:height\" content=\"920\" \/>\n\t<meta property=\"og:image:type\" content=\"image\/jpeg\" \/>\n<meta name=\"twitter:card\" content=\"summary_large_image\" \/>\n<meta name=\"twitter:label1\" content=\"Szacowany czas czytania\" \/>\n\t<meta name=\"twitter:data1\" content=\"1 minuta\" \/>\n<script type=\"application\/ld+json\" class=\"yoast-schema-graph\">{\"@context\":\"https:\/\/schema.org\",\"@graph\":[{\"@type\":\"WebSite\",\"@id\":\"https:\/\/www.kendra.com.pl\/shop\/#website\",\"url\":\"https:\/\/www.kendra.com.pl\/shop\/\",\"name\":\"Kendra Publishing\",\"description\":\"Sklep\",\"potentialAction\":[{\"@type\":\"SearchAction\",\"target\":{\"@type\":\"EntryPoint\",\"urlTemplate\":\"https:\/\/www.kendra.com.pl\/shop\/?s={search_term_string}\"},\"query-input\":\"required name=search_term_string\"}],\"inLanguage\":\"pl-PL\"},{\"@type\":\"ImageObject\",\"inLanguage\":\"pl-PL\",\"@id\":\"https:\/\/www.kendra.com.pl\/shop\/produkt\/kadzidlo-greckie-kwiat-pustyni-20g\/#primaryimage\",\"url\":\"https:\/\/www.kendra.com.pl\/shop\/wp-content\/uploads\/2021\/03\/19.jpg\",\"contentUrl\":\"https:\/\/www.kendra.com.pl\/shop\/wp-content\/uploads\/2021\/03\/19.jpg\",\"width\":1120,\"height\":920},{\"@type\":\"WebPage\",\"@id\":\"https:\/\/www.kendra.com.pl\/shop\/produkt\/kadzidlo-greckie-kwiat-pustyni-20g\/#webpage\",\"url\":\"https:\/\/www.kendra.com.pl\/shop\/produkt\/kadzidlo-greckie-kwiat-pustyni-20g\/\",\"name\":\"Kadzid\u0142o greckie Kwiat Pustyni (20g) - Kendra Publishing\",\"isPartOf\":{\"@id\":\"https:\/\/www.kendra.com.pl\/shop\/#website\"},\"primaryImageOfPage\":{\"@id\":\"https:\/\/www.kendra.com.pl\/shop\/produkt\/kadzidlo-greckie-kwiat-pustyni-20g\/#primaryimage\"},\"datePublished\":\"2021-03-25T10:03:21+00:00\",\"dateModified\":\"2025-02-16T13:16:39+00:00\",\"breadcrumb\":{\"@id\":\"https:\/\/www.kendra.com.pl\/shop\/produkt\/kadzidlo-greckie-kwiat-pustyni-20g\/#breadcrumb\"},\"inLanguage\":\"pl-PL\",\"potentialAction\":[{\"@type\":\"ReadAction\",\"target\":[\"https:\/\/www.kendra.com.pl\/shop\/produkt\/kadzidlo-greckie-kwiat-pustyni-20g\/\"]}]},{\"@type\":\"BreadcrumbList\",\"@id\":\"https:\/\/www.kendra.com.pl\/shop\/produkt\/kadzidlo-greckie-kwiat-pustyni-20g\/#breadcrumb\",\"itemListElement\":[{\"@type\":\"ListItem\",\"position\":1,\"name\":\"Strona g\u0142\u00f3wna\",\"item\":\"https:\/\/www.kendra.com.pl\/shop\/\"},{\"@type\":\"ListItem\",\"position\":2,\"name\":\"Przerwa w dzia\u0142alno\u015bci sklepu&#8230;\",\"item\":\"https:\/\/www.kendra.com.pl\/shop\/?page_id=1888\"},{\"@type\":\"ListItem\",\"position\":3,\"name\":\"Kadzid\u0142o greckie Kwiat Pustyni (20g)\"}]}]}<\/script>\n<!-- \/ Yoast SEO plugin. -->","yoast_head_json":{"title":"Kadzid\u0142o greckie Kwiat Pustyni (20g) - Kendra Publishing","robots":{"index":"noindex","follow":"follow"},"og_locale":"pl_PL","og_type":"article","og_title":"Kadzid\u0142o greckie Kwiat Pustyni (20g) - Kendra Publishing","og_description":"Kadzid\u0142o produkowane wed\u0142ug staro\u017cytnej receptury wyr\u00f3\u017cniaj\u0105ce si\u0119 wygl\u0105dem bia\u0142ych kamyczk\u00f3w i relaksuj\u0105cym zapachu pikantnych przypraw i orientalnych kwiat\u00f3w. Kadzid\u0142o polecane do palenia wieczorami.","og_url":"https:\/\/www.kendra.com.pl\/shop\/produkt\/kadzidlo-greckie-kwiat-pustyni-20g\/","og_site_name":"Kendra Publishing","article_modified_time":"2025-02-16T13:16:39+00:00","og_image":[{"width":1120,"height":920,"url":"https:\/\/www.kendra.com.pl\/shop\/wp-content\/uploads\/2021\/03\/19.jpg","type":"image\/jpeg"}],"twitter_card":"summary_large_image","twitter_misc":{"Szacowany czas czytania":"1 minuta"},"schema":{"@context":"https:\/\/schema.org","@graph":[{"@type":"WebSite","@id":"https:\/\/www.kendra.com.pl\/shop\/#website","url":"https:\/\/www.kendra.com.pl\/shop\/","name":"Kendra Publishing","description":"Sklep","potentialAction":[{"@type":"SearchAction","target":{"@type":"EntryPoint","urlTemplate":"https:\/\/www.kendra.com.pl\/shop\/?s={search_term_string}"},"query-input":"required name=search_term_string"}],"inLanguage":"pl-PL"},{"@type":"ImageObject","inLanguage":"pl-PL","@id":"https:\/\/www.kendra.com.pl\/shop\/produkt\/kadzidlo-greckie-kwiat-pustyni-20g\/#primaryimage","url":"https:\/\/www.kendra.com.pl\/shop\/wp-content\/uploads\/2021\/03\/19.jpg","contentUrl":"https:\/\/www.kendra.com.pl\/shop\/wp-content\/uploads\/2021\/03\/19.jpg","width":1120,"height":920},{"@type":"WebPage","@id":"https:\/\/www.kendra.com.pl\/shop\/produkt\/kadzidlo-greckie-kwiat-pustyni-20g\/#webpage","url":"https:\/\/www.kendra.com.pl\/shop\/produkt\/kadzidlo-greckie-kwiat-pustyni-20g\/","name":"Kadzid\u0142o greckie Kwiat Pustyni (20g) - Kendra Publishing","isPartOf":{"@id":"https:\/\/www.kendra.com.pl\/shop\/#website"},"primaryImageOfPage":{"@id":"https:\/\/www.kendra.com.pl\/shop\/produkt\/kadzidlo-greckie-kwiat-pustyni-20g\/#primaryimage"},"datePublished":"2021-03-25T10:03:21+00:00","dateModified":"2025-02-16T13:16:39+00:00","breadcrumb":{"@id":"https:\/\/www.kendra.com.pl\/shop\/produkt\/kadzidlo-greckie-kwiat-pustyni-20g\/#breadcrumb"},"inLanguage":"pl-PL","potentialAction":[{"@type":"ReadAction","target":["https:\/\/www.kendra.com.pl\/shop\/produkt\/kadzidlo-greckie-kwiat-pustyni-20g\/"]}]},{"@type":"BreadcrumbList","@id":"https:\/\/www.kendra.com.pl\/shop\/produkt\/kadzidlo-greckie-kwiat-pustyni-20g\/#breadcrumb","itemListElement":[{"@type":"ListItem","position":1,"name":"Strona g\u0142\u00f3wna","item":"https:\/\/www.kendra.com.pl\/shop\/"},{"@type":"ListItem","position":2,"name":"Przerwa w dzia\u0142alno\u015bci sklepu&#8230;","item":"https:\/\/www.kendra.com.pl\/shop\/?page_id=1888"},{"@type":"ListItem","position":3,"name":"Kadzid\u0142o greckie Kwiat Pustyni (20g)"}]}]}},"_links":{"self":[{"href":"https:\/\/www.kendra.com.pl\/shop\/wp-json\/wp\/v2\/product\/2843"}],"collection":[{"href":"https:\/\/www.kendra.com.pl\/shop\/wp-json\/wp\/v2\/product"}],"about":[{"href":"https:\/\/www.kendra.com.pl\/shop\/wp-json\/wp\/v2\/types\/product"}],"replies":[{"embeddable":true,"href":"https:\/\/www.kendra.com.pl\/shop\/wp-json\/wp\/v2\/comments?post=2843"}],"wp:featuredmedia":[{"embeddable":true,"href":"https:\/\/www.kendra.com.pl\/shop\/wp-json\/wp\/v2\/media\/2842"}],"wp:attachment":[{"href":"https:\/\/www.kendra.com.pl\/shop\/wp-json\/wp\/v2\/media?parent=2843"}],"wp:term":[{"taxonomy":"product_cat","embeddable":true,"href":"https:\/\/www.kendra.com.pl\/shop\/wp-json\/wp\/v2\/product_cat?post=2843"},{"taxonomy":"product_tag","embeddable":true,"href":"https:\/\/www.kendra.com.pl\/shop\/wp-json\/wp\/v2\/product_tag?post=2843"}],"curies":[{"name":"wp","href":"https:\/\/api.w.org\/{rel}","templated":true}]}}