{"id":29,"date":"2011-11-05T12:00:37","date_gmt":"2011-11-05T11:00:37","guid":{"rendered":"http:\/\/www.kendra.com.pl\/shop\/?post_type=product&#038;p=29"},"modified":"2025-02-16T14:08:42","modified_gmt":"2025-02-16T13:08:42","slug":"aw-22-taoistyczny-wymiar-karmy-png","status":"publish","type":"product","link":"https:\/\/www.kendra.com.pl\/shop\/produkt\/aw-22-taoistyczny-wymiar-karmy-png\/","title":{"rendered":"Taoistyczny wymiar karmy"},"content":{"rendered":"","protected":false},"excerpt":{"rendered":"<p>W tym wyk\u0142adzie audio Alan Watts przybli\u017ca nam dwa g\u0142\u00f3wne nurty filozofii dalekowschodniej \u2013 Konfucjanizm i Taoizm. Porusza niekt\u00f3re podstawowe idee z ksi\u0105\u017cki Lao Tzu <em>Tao Te Ching<\/em>. Ponownie wraca do zagadnienia <em>karmy<\/em> i przedstawia taoistyczny spos\u00f3b sp\u0142acenia <em>d\u0142ugu karmicznego<\/em>. Ukazuje nam filozofi\u0119 taoistyczn\u0105 jako niezwykle dojrza\u0142y spos\u00f3b podej\u015bcia do \u017cycia oraz jego wyzwa\u0144 i problem\u00f3w. Jak m\u00f3wi sam Watts: <em>trik taoistyczny jest prosty: \u017cyj TERAZ, a nie b\u0119dzie \u017cadnych problem\u00f3w<\/em>.<\/p>\n[wc-koplo]\n","protected":false},"featured_media":384,"comment_status":"closed","ping_status":"closed","template":"","meta":[],"product_cat":[16],"product_tag":[40,119,146,141,148,150,149,51,152,73,145,48,151,147,49],"yoast_head":"<!-- This site is optimized with the Yoast SEO plugin v18.8 - https:\/\/yoast.com\/wordpress\/plugins\/seo\/ -->\n<title>Taoistyczny wymiar karmy - Kendra Publishing<\/title>\n<meta name=\"robots\" content=\"noindex, follow\" \/>\n<meta property=\"og:locale\" content=\"pl_PL\" \/>\n<meta property=\"og:type\" content=\"article\" \/>\n<meta property=\"og:title\" content=\"Taoistyczny wymiar karmy - Kendra Publishing\" \/>\n<meta property=\"og:description\" content=\"W tym wyk\u0142adzie audio Alan Watts przybli\u017ca nam dwa g\u0142\u00f3wne nurty filozofii dalekowschodniej \u2013 Konfucjanizm i Taoizm. Porusza niekt\u00f3re podstawowe idee z ksi\u0105\u017cki Lao Tzu Tao Te Ching. Ponownie wraca do zagadnienia karmy i przedstawia taoistyczny spos\u00f3b sp\u0142acenia d\u0142ugu karmicznego. Ukazuje nam filozofi\u0119 taoistyczn\u0105 jako niezwykle dojrza\u0142y spos\u00f3b podej\u015bcia do \u017cycia oraz jego wyzwa\u0144 i problem\u00f3w. Jak m\u00f3wi sam Watts: trik taoistyczny jest prosty: \u017cyj TERAZ, a nie b\u0119dzie \u017cadnych problem\u00f3w.\" \/>\n<meta property=\"og:url\" content=\"https:\/\/www.kendra.com.pl\/shop\/produkt\/aw-22-taoistyczny-wymiar-karmy-png\/\" \/>\n<meta property=\"og:site_name\" content=\"Kendra Publishing\" \/>\n<meta property=\"article:modified_time\" content=\"2025-02-16T13:08:42+00:00\" \/>\n<meta property=\"og:image\" content=\"https:\/\/www.kendra.com.pl\/shop\/wp-content\/uploads\/2018\/07\/okladka-22-taoistyczny-wymiar-karmy.png\" \/>\n\t<meta property=\"og:image:width\" content=\"949\" \/>\n\t<meta property=\"og:image:height\" content=\"943\" \/>\n\t<meta property=\"og:image:type\" content=\"image\/png\" \/>\n<meta name=\"twitter:card\" content=\"summary_large_image\" \/>\n<script type=\"application\/ld+json\" class=\"yoast-schema-graph\">{\"@context\":\"https:\/\/schema.org\",\"@graph\":[{\"@type\":\"WebSite\",\"@id\":\"https:\/\/www.kendra.com.pl\/shop\/#website\",\"url\":\"https:\/\/www.kendra.com.pl\/shop\/\",\"name\":\"Kendra Publishing\",\"description\":\"Sklep\",\"potentialAction\":[{\"@type\":\"SearchAction\",\"target\":{\"@type\":\"EntryPoint\",\"urlTemplate\":\"https:\/\/www.kendra.com.pl\/shop\/?s={search_term_string}\"},\"query-input\":\"required name=search_term_string\"}],\"inLanguage\":\"pl-PL\"},{\"@type\":\"ImageObject\",\"inLanguage\":\"pl-PL\",\"@id\":\"https:\/\/www.kendra.com.pl\/shop\/produkt\/aw-22-taoistyczny-wymiar-karmy-png\/#primaryimage\",\"url\":\"https:\/\/www.kendra.com.pl\/shop\/wp-content\/uploads\/2018\/07\/okladka-22-taoistyczny-wymiar-karmy.png\",\"contentUrl\":\"https:\/\/www.kendra.com.pl\/shop\/wp-content\/uploads\/2018\/07\/okladka-22-taoistyczny-wymiar-karmy.png\",\"width\":949,\"height\":943},{\"@type\":\"WebPage\",\"@id\":\"https:\/\/www.kendra.com.pl\/shop\/produkt\/aw-22-taoistyczny-wymiar-karmy-png\/#webpage\",\"url\":\"https:\/\/www.kendra.com.pl\/shop\/produkt\/aw-22-taoistyczny-wymiar-karmy-png\/\",\"name\":\"Taoistyczny wymiar karmy - Kendra Publishing\",\"isPartOf\":{\"@id\":\"https:\/\/www.kendra.com.pl\/shop\/#website\"},\"primaryImageOfPage\":{\"@id\":\"https:\/\/www.kendra.com.pl\/shop\/produkt\/aw-22-taoistyczny-wymiar-karmy-png\/#primaryimage\"},\"datePublished\":\"2011-11-05T11:00:37+00:00\",\"dateModified\":\"2025-02-16T13:08:42+00:00\",\"breadcrumb\":{\"@id\":\"https:\/\/www.kendra.com.pl\/shop\/produkt\/aw-22-taoistyczny-wymiar-karmy-png\/#breadcrumb\"},\"inLanguage\":\"pl-PL\",\"potentialAction\":[{\"@type\":\"ReadAction\",\"target\":[\"https:\/\/www.kendra.com.pl\/shop\/produkt\/aw-22-taoistyczny-wymiar-karmy-png\/\"]}]},{\"@type\":\"BreadcrumbList\",\"@id\":\"https:\/\/www.kendra.com.pl\/shop\/produkt\/aw-22-taoistyczny-wymiar-karmy-png\/#breadcrumb\",\"itemListElement\":[{\"@type\":\"ListItem\",\"position\":1,\"name\":\"Strona g\u0142\u00f3wna\",\"item\":\"https:\/\/www.kendra.com.pl\/shop\/\"},{\"@type\":\"ListItem\",\"position\":2,\"name\":\"Przerwa w dzia\u0142alno\u015bci sklepu&#8230;\",\"item\":\"https:\/\/www.kendra.com.pl\/shop\/?page_id=1888\"},{\"@type\":\"ListItem\",\"position\":3,\"name\":\"Taoistyczny wymiar karmy\"}]}]}<\/script>\n<!-- \/ Yoast SEO plugin. -->","yoast_head_json":{"title":"Taoistyczny wymiar karmy - Kendra Publishing","robots":{"index":"noindex","follow":"follow"},"og_locale":"pl_PL","og_type":"article","og_title":"Taoistyczny wymiar karmy - Kendra Publishing","og_description":"W tym wyk\u0142adzie audio Alan Watts przybli\u017ca nam dwa g\u0142\u00f3wne nurty filozofii dalekowschodniej \u2013 Konfucjanizm i Taoizm. Porusza niekt\u00f3re podstawowe idee z ksi\u0105\u017cki Lao Tzu Tao Te Ching. Ponownie wraca do zagadnienia karmy i przedstawia taoistyczny spos\u00f3b sp\u0142acenia d\u0142ugu karmicznego. Ukazuje nam filozofi\u0119 taoistyczn\u0105 jako niezwykle dojrza\u0142y spos\u00f3b podej\u015bcia do \u017cycia oraz jego wyzwa\u0144 i problem\u00f3w. Jak m\u00f3wi sam Watts: trik taoistyczny jest prosty: \u017cyj TERAZ, a nie b\u0119dzie \u017cadnych problem\u00f3w.","og_url":"https:\/\/www.kendra.com.pl\/shop\/produkt\/aw-22-taoistyczny-wymiar-karmy-png\/","og_site_name":"Kendra Publishing","article_modified_time":"2025-02-16T13:08:42+00:00","og_image":[{"width":949,"height":943,"url":"https:\/\/www.kendra.com.pl\/shop\/wp-content\/uploads\/2018\/07\/okladka-22-taoistyczny-wymiar-karmy.png","type":"image\/png"}],"twitter_card":"summary_large_image","schema":{"@context":"https:\/\/schema.org","@graph":[{"@type":"WebSite","@id":"https:\/\/www.kendra.com.pl\/shop\/#website","url":"https:\/\/www.kendra.com.pl\/shop\/","name":"Kendra Publishing","description":"Sklep","potentialAction":[{"@type":"SearchAction","target":{"@type":"EntryPoint","urlTemplate":"https:\/\/www.kendra.com.pl\/shop\/?s={search_term_string}"},"query-input":"required name=search_term_string"}],"inLanguage":"pl-PL"},{"@type":"ImageObject","inLanguage":"pl-PL","@id":"https:\/\/www.kendra.com.pl\/shop\/produkt\/aw-22-taoistyczny-wymiar-karmy-png\/#primaryimage","url":"https:\/\/www.kendra.com.pl\/shop\/wp-content\/uploads\/2018\/07\/okladka-22-taoistyczny-wymiar-karmy.png","contentUrl":"https:\/\/www.kendra.com.pl\/shop\/wp-content\/uploads\/2018\/07\/okladka-22-taoistyczny-wymiar-karmy.png","width":949,"height":943},{"@type":"WebPage","@id":"https:\/\/www.kendra.com.pl\/shop\/produkt\/aw-22-taoistyczny-wymiar-karmy-png\/#webpage","url":"https:\/\/www.kendra.com.pl\/shop\/produkt\/aw-22-taoistyczny-wymiar-karmy-png\/","name":"Taoistyczny wymiar karmy - Kendra Publishing","isPartOf":{"@id":"https:\/\/www.kendra.com.pl\/shop\/#website"},"primaryImageOfPage":{"@id":"https:\/\/www.kendra.com.pl\/shop\/produkt\/aw-22-taoistyczny-wymiar-karmy-png\/#primaryimage"},"datePublished":"2011-11-05T11:00:37+00:00","dateModified":"2025-02-16T13:08:42+00:00","breadcrumb":{"@id":"https:\/\/www.kendra.com.pl\/shop\/produkt\/aw-22-taoistyczny-wymiar-karmy-png\/#breadcrumb"},"inLanguage":"pl-PL","potentialAction":[{"@type":"ReadAction","target":["https:\/\/www.kendra.com.pl\/shop\/produkt\/aw-22-taoistyczny-wymiar-karmy-png\/"]}]},{"@type":"BreadcrumbList","@id":"https:\/\/www.kendra.com.pl\/shop\/produkt\/aw-22-taoistyczny-wymiar-karmy-png\/#breadcrumb","itemListElement":[{"@type":"ListItem","position":1,"name":"Strona g\u0142\u00f3wna","item":"https:\/\/www.kendra.com.pl\/shop\/"},{"@type":"ListItem","position":2,"name":"Przerwa w dzia\u0142alno\u015bci sklepu&#8230;","item":"https:\/\/www.kendra.com.pl\/shop\/?page_id=1888"},{"@type":"ListItem","position":3,"name":"Taoistyczny wymiar karmy"}]}]}},"_links":{"self":[{"href":"https:\/\/www.kendra.com.pl\/shop\/wp-json\/wp\/v2\/product\/29"}],"collection":[{"href":"https:\/\/www.kendra.com.pl\/shop\/wp-json\/wp\/v2\/product"}],"about":[{"href":"https:\/\/www.kendra.com.pl\/shop\/wp-json\/wp\/v2\/types\/product"}],"replies":[{"embeddable":true,"href":"https:\/\/www.kendra.com.pl\/shop\/wp-json\/wp\/v2\/comments?post=29"}],"wp:featuredmedia":[{"embeddable":true,"href":"https:\/\/www.kendra.com.pl\/shop\/wp-json\/wp\/v2\/media\/384"}],"wp:attachment":[{"href":"https:\/\/www.kendra.com.pl\/shop\/wp-json\/wp\/v2\/media?parent=29"}],"wp:term":[{"taxonomy":"product_cat","embeddable":true,"href":"https:\/\/www.kendra.com.pl\/shop\/wp-json\/wp\/v2\/product_cat?post=29"},{"taxonomy":"product_tag","embeddable":true,"href":"https:\/\/www.kendra.com.pl\/shop\/wp-json\/wp\/v2\/product_tag?post=29"}],"curies":[{"name":"wp","href":"https:\/\/api.w.org\/{rel}","templated":true}]}}