{"id":3278,"date":"2021-05-04T17:35:29","date_gmt":"2021-05-04T15:35:29","guid":{"rendered":"https:\/\/www.kendra.com.pl\/shop\/produkt\/sandarac-ciety-25g\/"},"modified":"2025-02-16T14:16:34","modified_gmt":"2025-02-16T13:16:34","slug":"sandarac-ciety-25g","status":"publish","type":"product","link":"https:\/\/www.kendra.com.pl\/shop\/produkt\/sandarac-ciety-25g\/","title":{"rendered":"Sandarac ci\u0119ty (25g)"},"content":{"rendered":"<p>Sandarac to \u017cywica z drzewa cyprzyku czteroklapowego z rodziny cyprysowatych. Cyprzyki mo\u017cna znale\u017a\u0107 obficie rosn\u0105ce w Maroku, Algierii i Tunezji, szczeg\u00f3lnie na terenach g\u00f3rzystych.<\/p>\n<p>\u017bywica z drzewa cyprzyku wyp\u0142ywa samoistnie, lecz podczas jej zbioru wykonywane s\u0105 naci\u0119cia kory, aby przyspieszy\u0107 jej wydzielanie.<\/p>\n<p>Sandarac wyr\u00f3\u017cnia si\u0119 \u015bwie\u017cym, lecz lekkim aromatem. Jego ciep\u0142y zapach przywo\u0142uje na my\u015bl las cyprysowy. Idealnie \u0142\u0105czy si\u0119 z zapachem \u017cywic frankincense, drzewa sanda\u0142owego oraz cedru.<\/p>\n<p><strong>Dzia\u0142anie:<\/strong><\/p>\n<p>Wp\u0142ywa koj\u0105co na uk\u0142ad nerwowy, relaksuje i wycisza. Dawniej stosowany by\u0142 jako \u015brodek \u0142agodz\u0105cy dolegliwo\u015bci uk\u0142adu oddechowego oraz b\u00f3lowe brzucha w szczeg\u00f3lno\u015bci jego skurcze.<\/p>\n<p><strong>Dlaczego warto wybra\u0107 Sandarac?<\/strong><\/p>\n<ul>\n<li>jest w pe\u0142ni naturaln\u0105 \u017cywic\u0105<\/li>\n<li>\u0142\u0105czy si\u0119 z zapachami innych \u017cywic<\/li>\n<li>charakteryzuje si\u0119 przyjemnym zapachem<\/li>\n<li>pozytywnie wp\u0142ywa na uk\u0142ad nerwowy.<\/li>\n<\/ul>\n<p>Opisy s\u0105 chronione prawami autorskimi. Kopiowanie jest niedozwolone.<\/p>\n","protected":false},"excerpt":{"rendered":"<p>Ca\u0142kowicie naturalna \u017cywica cyprzyku czteroklapowego charakteryzuj\u0105ca si\u0119 przyjemnie \u015bwie\u017cym aromatem, kt\u00f3ry wp\u0142ywa na g\u0142\u0119bok\u0105 relaksacj\u0119 i wyciszenie.<\/p>\n","protected":false},"featured_media":3279,"comment_status":"open","ping_status":"closed","template":"","meta":[],"product_cat":[778,622,774,625,392,435,391,394,407],"product_tag":[606],"yoast_head":"<!-- This site is optimized with the Yoast SEO plugin v18.8 - https:\/\/yoast.com\/wordpress\/plugins\/seo\/ -->\n<title>Sandarac ci\u0119ty (25g) - Kendra Publishing<\/title>\n<meta name=\"robots\" content=\"noindex, follow\" \/>\n<meta property=\"og:locale\" content=\"pl_PL\" \/>\n<meta property=\"og:type\" content=\"article\" \/>\n<meta property=\"og:title\" content=\"Sandarac ci\u0119ty (25g) - Kendra Publishing\" \/>\n<meta property=\"og:description\" content=\"Ca\u0142kowicie naturalna \u017cywica cyprzyku czteroklapowego charakteryzuj\u0105ca si\u0119 przyjemnie \u015bwie\u017cym aromatem, kt\u00f3ry wp\u0142ywa na g\u0142\u0119bok\u0105 relaksacj\u0119 i wyciszenie.\" \/>\n<meta property=\"og:url\" content=\"https:\/\/www.kendra.com.pl\/shop\/produkt\/sandarac-ciety-25g\/\" \/>\n<meta property=\"og:site_name\" content=\"Kendra Publishing\" \/>\n<meta property=\"article:modified_time\" content=\"2025-02-16T13:16:34+00:00\" \/>\n<meta property=\"og:image\" content=\"https:\/\/www.kendra.com.pl\/shop\/wp-content\/uploads\/2021\/05\/11-1.jpg\" \/>\n\t<meta property=\"og:image:width\" content=\"1120\" \/>\n\t<meta property=\"og:image:height\" content=\"920\" \/>\n\t<meta property=\"og:image:type\" content=\"image\/jpeg\" \/>\n<meta name=\"twitter:card\" content=\"summary_large_image\" \/>\n<meta name=\"twitter:label1\" content=\"Szacowany czas czytania\" \/>\n\t<meta name=\"twitter:data1\" content=\"1 minuta\" \/>\n<script type=\"application\/ld+json\" class=\"yoast-schema-graph\">{\"@context\":\"https:\/\/schema.org\",\"@graph\":[{\"@type\":\"WebSite\",\"@id\":\"https:\/\/www.kendra.com.pl\/shop\/#website\",\"url\":\"https:\/\/www.kendra.com.pl\/shop\/\",\"name\":\"Kendra Publishing\",\"description\":\"Sklep\",\"potentialAction\":[{\"@type\":\"SearchAction\",\"target\":{\"@type\":\"EntryPoint\",\"urlTemplate\":\"https:\/\/www.kendra.com.pl\/shop\/?s={search_term_string}\"},\"query-input\":\"required name=search_term_string\"}],\"inLanguage\":\"pl-PL\"},{\"@type\":\"ImageObject\",\"inLanguage\":\"pl-PL\",\"@id\":\"https:\/\/www.kendra.com.pl\/shop\/produkt\/sandarac-ciety-25g\/#primaryimage\",\"url\":\"https:\/\/www.kendra.com.pl\/shop\/wp-content\/uploads\/2021\/05\/11-1.jpg\",\"contentUrl\":\"https:\/\/www.kendra.com.pl\/shop\/wp-content\/uploads\/2021\/05\/11-1.jpg\",\"width\":1120,\"height\":920},{\"@type\":\"WebPage\",\"@id\":\"https:\/\/www.kendra.com.pl\/shop\/produkt\/sandarac-ciety-25g\/#webpage\",\"url\":\"https:\/\/www.kendra.com.pl\/shop\/produkt\/sandarac-ciety-25g\/\",\"name\":\"Sandarac ci\u0119ty (25g) - Kendra Publishing\",\"isPartOf\":{\"@id\":\"https:\/\/www.kendra.com.pl\/shop\/#website\"},\"primaryImageOfPage\":{\"@id\":\"https:\/\/www.kendra.com.pl\/shop\/produkt\/sandarac-ciety-25g\/#primaryimage\"},\"datePublished\":\"2021-05-04T15:35:29+00:00\",\"dateModified\":\"2025-02-16T13:16:34+00:00\",\"breadcrumb\":{\"@id\":\"https:\/\/www.kendra.com.pl\/shop\/produkt\/sandarac-ciety-25g\/#breadcrumb\"},\"inLanguage\":\"pl-PL\",\"potentialAction\":[{\"@type\":\"ReadAction\",\"target\":[\"https:\/\/www.kendra.com.pl\/shop\/produkt\/sandarac-ciety-25g\/\"]}]},{\"@type\":\"BreadcrumbList\",\"@id\":\"https:\/\/www.kendra.com.pl\/shop\/produkt\/sandarac-ciety-25g\/#breadcrumb\",\"itemListElement\":[{\"@type\":\"ListItem\",\"position\":1,\"name\":\"Strona g\u0142\u00f3wna\",\"item\":\"https:\/\/www.kendra.com.pl\/shop\/\"},{\"@type\":\"ListItem\",\"position\":2,\"name\":\"Przerwa w dzia\u0142alno\u015bci sklepu&#8230;\",\"item\":\"https:\/\/www.kendra.com.pl\/shop\/?page_id=1888\"},{\"@type\":\"ListItem\",\"position\":3,\"name\":\"Sandarac ci\u0119ty (25g)\"}]}]}<\/script>\n<!-- \/ Yoast SEO plugin. -->","yoast_head_json":{"title":"Sandarac ci\u0119ty (25g) - Kendra Publishing","robots":{"index":"noindex","follow":"follow"},"og_locale":"pl_PL","og_type":"article","og_title":"Sandarac ci\u0119ty (25g) - Kendra Publishing","og_description":"Ca\u0142kowicie naturalna \u017cywica cyprzyku czteroklapowego charakteryzuj\u0105ca si\u0119 przyjemnie \u015bwie\u017cym aromatem, kt\u00f3ry wp\u0142ywa na g\u0142\u0119bok\u0105 relaksacj\u0119 i wyciszenie.","og_url":"https:\/\/www.kendra.com.pl\/shop\/produkt\/sandarac-ciety-25g\/","og_site_name":"Kendra Publishing","article_modified_time":"2025-02-16T13:16:34+00:00","og_image":[{"width":1120,"height":920,"url":"https:\/\/www.kendra.com.pl\/shop\/wp-content\/uploads\/2021\/05\/11-1.jpg","type":"image\/jpeg"}],"twitter_card":"summary_large_image","twitter_misc":{"Szacowany czas czytania":"1 minuta"},"schema":{"@context":"https:\/\/schema.org","@graph":[{"@type":"WebSite","@id":"https:\/\/www.kendra.com.pl\/shop\/#website","url":"https:\/\/www.kendra.com.pl\/shop\/","name":"Kendra Publishing","description":"Sklep","potentialAction":[{"@type":"SearchAction","target":{"@type":"EntryPoint","urlTemplate":"https:\/\/www.kendra.com.pl\/shop\/?s={search_term_string}"},"query-input":"required name=search_term_string"}],"inLanguage":"pl-PL"},{"@type":"ImageObject","inLanguage":"pl-PL","@id":"https:\/\/www.kendra.com.pl\/shop\/produkt\/sandarac-ciety-25g\/#primaryimage","url":"https:\/\/www.kendra.com.pl\/shop\/wp-content\/uploads\/2021\/05\/11-1.jpg","contentUrl":"https:\/\/www.kendra.com.pl\/shop\/wp-content\/uploads\/2021\/05\/11-1.jpg","width":1120,"height":920},{"@type":"WebPage","@id":"https:\/\/www.kendra.com.pl\/shop\/produkt\/sandarac-ciety-25g\/#webpage","url":"https:\/\/www.kendra.com.pl\/shop\/produkt\/sandarac-ciety-25g\/","name":"Sandarac ci\u0119ty (25g) - Kendra Publishing","isPartOf":{"@id":"https:\/\/www.kendra.com.pl\/shop\/#website"},"primaryImageOfPage":{"@id":"https:\/\/www.kendra.com.pl\/shop\/produkt\/sandarac-ciety-25g\/#primaryimage"},"datePublished":"2021-05-04T15:35:29+00:00","dateModified":"2025-02-16T13:16:34+00:00","breadcrumb":{"@id":"https:\/\/www.kendra.com.pl\/shop\/produkt\/sandarac-ciety-25g\/#breadcrumb"},"inLanguage":"pl-PL","potentialAction":[{"@type":"ReadAction","target":["https:\/\/www.kendra.com.pl\/shop\/produkt\/sandarac-ciety-25g\/"]}]},{"@type":"BreadcrumbList","@id":"https:\/\/www.kendra.com.pl\/shop\/produkt\/sandarac-ciety-25g\/#breadcrumb","itemListElement":[{"@type":"ListItem","position":1,"name":"Strona g\u0142\u00f3wna","item":"https:\/\/www.kendra.com.pl\/shop\/"},{"@type":"ListItem","position":2,"name":"Przerwa w dzia\u0142alno\u015bci sklepu&#8230;","item":"https:\/\/www.kendra.com.pl\/shop\/?page_id=1888"},{"@type":"ListItem","position":3,"name":"Sandarac ci\u0119ty (25g)"}]}]}},"_links":{"self":[{"href":"https:\/\/www.kendra.com.pl\/shop\/wp-json\/wp\/v2\/product\/3278"}],"collection":[{"href":"https:\/\/www.kendra.com.pl\/shop\/wp-json\/wp\/v2\/product"}],"about":[{"href":"https:\/\/www.kendra.com.pl\/shop\/wp-json\/wp\/v2\/types\/product"}],"replies":[{"embeddable":true,"href":"https:\/\/www.kendra.com.pl\/shop\/wp-json\/wp\/v2\/comments?post=3278"}],"wp:featuredmedia":[{"embeddable":true,"href":"https:\/\/www.kendra.com.pl\/shop\/wp-json\/wp\/v2\/media\/3279"}],"wp:attachment":[{"href":"https:\/\/www.kendra.com.pl\/shop\/wp-json\/wp\/v2\/media?parent=3278"}],"wp:term":[{"taxonomy":"product_cat","embeddable":true,"href":"https:\/\/www.kendra.com.pl\/shop\/wp-json\/wp\/v2\/product_cat?post=3278"},{"taxonomy":"product_tag","embeddable":true,"href":"https:\/\/www.kendra.com.pl\/shop\/wp-json\/wp\/v2\/product_tag?post=3278"}],"curies":[{"name":"wp","href":"https:\/\/api.w.org\/{rel}","templated":true}]}}