{"id":3313,"date":"2019-04-24T13:59:29","date_gmt":"2019-04-24T11:59:29","guid":{"rendered":"https:\/\/www.kendra.com.pl\/shop\/produkt\/kadzidlo-zywiczne-mirra-50g\/"},"modified":"2023-08-26T11:16:20","modified_gmt":"2023-08-26T09:16:20","slug":"kadzidlo-zywiczne-mirra-50g","status":"publish","type":"product","link":"https:\/\/www.kendra.com.pl\/shop\/produkt\/kadzidlo-zywiczne-mirra-50g\/","title":{"rendered":"Kadzid\u0142o \u017cywiczne Mirra (50g)"},"content":{"rendered":"<p><span style=\"font-weight: 400\">Mirra to \u017cywica drzewa Commiphora myrrha, balsamowca rosn\u0105cego na P\u00f3\u0142wyspie Arabskim i w Afryce. Ro\u015blina ta od zawsze pe\u0142ni\u0142a bardzo wa\u017cn\u0105 funkcj\u0119 w chrze\u015bcija\u0144skim kr\u0119gu kulturowym. Przed laty by\u0142a uwa\u017cana za prawdziwy skarb, ceniony na r\u00f3wni ze z\u0142otem i kamieniami szlachetnymi. By\u0142a wykorzystywana do balsamowania zw\u0142ok. Ceniono r\u00f3wnie\u017c jej w\u0142a\u015bciwo\u015bci przeciwb\u00f3lowe \u2013 dodawano j\u0105 do wina skaza\u0144c\u00f3w. Zapach mirry to tak\u017ce jeden z najwa\u017cniejszych sk\u0142adnik\u00f3w kadzide\u0142 palonych w trakcie chrze\u015bcija\u0144skich mszy.<\/span><\/p>\n<p><span style=\"font-weight: 400\">Jak wykorzysta\u0107 \u017cywic\u0119 mirry? W\u0119gielek trybularzowy trzeba po\u0142o\u017cy\u0107 na niepalnej podstawce lub kadzielniczce, a nast\u0119pnie nale\u017cy go podpali\u0107. P\u00f3\u017aniej wystarczy na nim u\u0142o\u017cy\u0107 kilka kryszta\u0142k\u00f3w \u017cywicy. Wysokiej jako\u015bci w\u0119gielki trybularzowe oraz kadzielniczki mo\u017cna r\u00f3wnie\u017c kupi\u0107 w naszym sklepie.<\/span><\/p>\n<p><b>Dlaczego warto kupi\u0107 kadzid\u0142o \u017cywiczne Mirra?<\/b><\/p>\n<ul>\n<li style=\"font-weight: 400\"><span style=\"font-weight: 400\">Jest to naturalna \u017cywica z drzewa Commiphora myrrha<\/span><\/li>\n<li style=\"font-weight: 400\"><span style=\"font-weight: 400\">Ma charakterystyczny, intensywny zapach<\/span><\/li>\n<li style=\"font-weight: 400\"><span style=\"font-weight: 400\">Wo\u0144 palonej \u017cywicy sprzyja medytacji<\/span><\/li>\n<\/ul>\n<p>Opisy s\u0105 chronione prawami autorskimi. Kopiowanie jest niedozwolone.<\/p>\n","protected":false},"excerpt":{"rendered":"<p><span style=\"font-weight: 400\">Kadzid\u0142o \u017cywiczne o pi\u0119knym, pe\u0142nym zapachu, kt\u00f3ry zawdzi\u0119cza wysokiej zawarto\u015bci olejk\u00f3w eterycznych. Topniej\u0105ca mirra pachnie s\u0142odkawo. Mo\u017cna wyczu\u0107 w niej drzewno-cynamonowe nuty z dodatkiem dojrza\u0142ej pomara\u0144czy.<\/span><\/p>\n","protected":false},"featured_media":3314,"comment_status":"open","ping_status":"closed","template":"","meta":[],"product_cat":[506,622,392,758,407,788],"product_tag":[606],"yoast_head":"<!-- This site is optimized with the Yoast SEO plugin v18.8 - https:\/\/yoast.com\/wordpress\/plugins\/seo\/ -->\n<title>Kadzid\u0142o \u017cywiczne Mirra (50g) - Kendra Publishing<\/title>\n<meta name=\"robots\" content=\"noindex, follow\" \/>\n<meta property=\"og:locale\" content=\"pl_PL\" \/>\n<meta property=\"og:type\" content=\"article\" \/>\n<meta property=\"og:title\" content=\"Kadzid\u0142o \u017cywiczne Mirra (50g) - Kendra Publishing\" \/>\n<meta property=\"og:description\" content=\"Kadzid\u0142o \u017cywiczne o pi\u0119knym, pe\u0142nym zapachu, kt\u00f3ry zawdzi\u0119cza wysokiej zawarto\u015bci olejk\u00f3w eterycznych. Topniej\u0105ca mirra pachnie s\u0142odkawo. Mo\u017cna wyczu\u0107 w niej drzewno-cynamonowe nuty z dodatkiem dojrza\u0142ej pomara\u0144czy.\" \/>\n<meta property=\"og:url\" content=\"https:\/\/www.kendra.com.pl\/shop\/produkt\/kadzidlo-zywiczne-mirra-50g\/\" \/>\n<meta property=\"og:site_name\" content=\"Kendra Publishing\" \/>\n<meta property=\"article:modified_time\" content=\"2023-08-26T09:16:20+00:00\" \/>\n<meta property=\"og:image\" content=\"https:\/\/www.kendra.com.pl\/shop\/wp-content\/uploads\/2019\/04\/Kadzidlo_zywiczne_mirra_01.jpg\" \/>\n\t<meta property=\"og:image:width\" content=\"1024\" \/>\n\t<meta property=\"og:image:height\" content=\"841\" \/>\n\t<meta property=\"og:image:type\" content=\"image\/jpeg\" \/>\n<meta name=\"twitter:card\" content=\"summary_large_image\" \/>\n<meta name=\"twitter:label1\" content=\"Szacowany czas czytania\" \/>\n\t<meta name=\"twitter:data1\" content=\"1 minuta\" \/>\n<script type=\"application\/ld+json\" class=\"yoast-schema-graph\">{\"@context\":\"https:\/\/schema.org\",\"@graph\":[{\"@type\":\"WebSite\",\"@id\":\"https:\/\/www.kendra.com.pl\/shop\/#website\",\"url\":\"https:\/\/www.kendra.com.pl\/shop\/\",\"name\":\"Kendra Publishing\",\"description\":\"Sklep\",\"potentialAction\":[{\"@type\":\"SearchAction\",\"target\":{\"@type\":\"EntryPoint\",\"urlTemplate\":\"https:\/\/www.kendra.com.pl\/shop\/?s={search_term_string}\"},\"query-input\":\"required name=search_term_string\"}],\"inLanguage\":\"pl-PL\"},{\"@type\":\"ImageObject\",\"inLanguage\":\"pl-PL\",\"@id\":\"https:\/\/www.kendra.com.pl\/shop\/produkt\/kadzidlo-zywiczne-mirra-50g\/#primaryimage\",\"url\":\"https:\/\/www.kendra.com.pl\/shop\/wp-content\/uploads\/2019\/04\/Kadzidlo_zywiczne_mirra_01.jpg\",\"contentUrl\":\"https:\/\/www.kendra.com.pl\/shop\/wp-content\/uploads\/2019\/04\/Kadzidlo_zywiczne_mirra_01.jpg\",\"width\":1024,\"height\":841},{\"@type\":\"WebPage\",\"@id\":\"https:\/\/www.kendra.com.pl\/shop\/produkt\/kadzidlo-zywiczne-mirra-50g\/#webpage\",\"url\":\"https:\/\/www.kendra.com.pl\/shop\/produkt\/kadzidlo-zywiczne-mirra-50g\/\",\"name\":\"Kadzid\u0142o \u017cywiczne Mirra (50g) - Kendra Publishing\",\"isPartOf\":{\"@id\":\"https:\/\/www.kendra.com.pl\/shop\/#website\"},\"primaryImageOfPage\":{\"@id\":\"https:\/\/www.kendra.com.pl\/shop\/produkt\/kadzidlo-zywiczne-mirra-50g\/#primaryimage\"},\"datePublished\":\"2019-04-24T11:59:29+00:00\",\"dateModified\":\"2023-08-26T09:16:20+00:00\",\"breadcrumb\":{\"@id\":\"https:\/\/www.kendra.com.pl\/shop\/produkt\/kadzidlo-zywiczne-mirra-50g\/#breadcrumb\"},\"inLanguage\":\"pl-PL\",\"potentialAction\":[{\"@type\":\"ReadAction\",\"target\":[\"https:\/\/www.kendra.com.pl\/shop\/produkt\/kadzidlo-zywiczne-mirra-50g\/\"]}]},{\"@type\":\"BreadcrumbList\",\"@id\":\"https:\/\/www.kendra.com.pl\/shop\/produkt\/kadzidlo-zywiczne-mirra-50g\/#breadcrumb\",\"itemListElement\":[{\"@type\":\"ListItem\",\"position\":1,\"name\":\"Strona g\u0142\u00f3wna\",\"item\":\"https:\/\/www.kendra.com.pl\/shop\/\"},{\"@type\":\"ListItem\",\"position\":2,\"name\":\"Przerwa w dzia\u0142alno\u015bci sklepu&#8230;\",\"item\":\"https:\/\/www.kendra.com.pl\/shop\/?page_id=1888\"},{\"@type\":\"ListItem\",\"position\":3,\"name\":\"Kadzid\u0142o \u017cywiczne Mirra (50g)\"}]}]}<\/script>\n<!-- \/ Yoast SEO plugin. -->","yoast_head_json":{"title":"Kadzid\u0142o \u017cywiczne Mirra (50g) - Kendra Publishing","robots":{"index":"noindex","follow":"follow"},"og_locale":"pl_PL","og_type":"article","og_title":"Kadzid\u0142o \u017cywiczne Mirra (50g) - Kendra Publishing","og_description":"Kadzid\u0142o \u017cywiczne o pi\u0119knym, pe\u0142nym zapachu, kt\u00f3ry zawdzi\u0119cza wysokiej zawarto\u015bci olejk\u00f3w eterycznych. Topniej\u0105ca mirra pachnie s\u0142odkawo. Mo\u017cna wyczu\u0107 w niej drzewno-cynamonowe nuty z dodatkiem dojrza\u0142ej pomara\u0144czy.","og_url":"https:\/\/www.kendra.com.pl\/shop\/produkt\/kadzidlo-zywiczne-mirra-50g\/","og_site_name":"Kendra Publishing","article_modified_time":"2023-08-26T09:16:20+00:00","og_image":[{"width":1024,"height":841,"url":"https:\/\/www.kendra.com.pl\/shop\/wp-content\/uploads\/2019\/04\/Kadzidlo_zywiczne_mirra_01.jpg","type":"image\/jpeg"}],"twitter_card":"summary_large_image","twitter_misc":{"Szacowany czas czytania":"1 minuta"},"schema":{"@context":"https:\/\/schema.org","@graph":[{"@type":"WebSite","@id":"https:\/\/www.kendra.com.pl\/shop\/#website","url":"https:\/\/www.kendra.com.pl\/shop\/","name":"Kendra Publishing","description":"Sklep","potentialAction":[{"@type":"SearchAction","target":{"@type":"EntryPoint","urlTemplate":"https:\/\/www.kendra.com.pl\/shop\/?s={search_term_string}"},"query-input":"required name=search_term_string"}],"inLanguage":"pl-PL"},{"@type":"ImageObject","inLanguage":"pl-PL","@id":"https:\/\/www.kendra.com.pl\/shop\/produkt\/kadzidlo-zywiczne-mirra-50g\/#primaryimage","url":"https:\/\/www.kendra.com.pl\/shop\/wp-content\/uploads\/2019\/04\/Kadzidlo_zywiczne_mirra_01.jpg","contentUrl":"https:\/\/www.kendra.com.pl\/shop\/wp-content\/uploads\/2019\/04\/Kadzidlo_zywiczne_mirra_01.jpg","width":1024,"height":841},{"@type":"WebPage","@id":"https:\/\/www.kendra.com.pl\/shop\/produkt\/kadzidlo-zywiczne-mirra-50g\/#webpage","url":"https:\/\/www.kendra.com.pl\/shop\/produkt\/kadzidlo-zywiczne-mirra-50g\/","name":"Kadzid\u0142o \u017cywiczne Mirra (50g) - Kendra Publishing","isPartOf":{"@id":"https:\/\/www.kendra.com.pl\/shop\/#website"},"primaryImageOfPage":{"@id":"https:\/\/www.kendra.com.pl\/shop\/produkt\/kadzidlo-zywiczne-mirra-50g\/#primaryimage"},"datePublished":"2019-04-24T11:59:29+00:00","dateModified":"2023-08-26T09:16:20+00:00","breadcrumb":{"@id":"https:\/\/www.kendra.com.pl\/shop\/produkt\/kadzidlo-zywiczne-mirra-50g\/#breadcrumb"},"inLanguage":"pl-PL","potentialAction":[{"@type":"ReadAction","target":["https:\/\/www.kendra.com.pl\/shop\/produkt\/kadzidlo-zywiczne-mirra-50g\/"]}]},{"@type":"BreadcrumbList","@id":"https:\/\/www.kendra.com.pl\/shop\/produkt\/kadzidlo-zywiczne-mirra-50g\/#breadcrumb","itemListElement":[{"@type":"ListItem","position":1,"name":"Strona g\u0142\u00f3wna","item":"https:\/\/www.kendra.com.pl\/shop\/"},{"@type":"ListItem","position":2,"name":"Przerwa w dzia\u0142alno\u015bci sklepu&#8230;","item":"https:\/\/www.kendra.com.pl\/shop\/?page_id=1888"},{"@type":"ListItem","position":3,"name":"Kadzid\u0142o \u017cywiczne Mirra (50g)"}]}]}},"_links":{"self":[{"href":"https:\/\/www.kendra.com.pl\/shop\/wp-json\/wp\/v2\/product\/3313"}],"collection":[{"href":"https:\/\/www.kendra.com.pl\/shop\/wp-json\/wp\/v2\/product"}],"about":[{"href":"https:\/\/www.kendra.com.pl\/shop\/wp-json\/wp\/v2\/types\/product"}],"replies":[{"embeddable":true,"href":"https:\/\/www.kendra.com.pl\/shop\/wp-json\/wp\/v2\/comments?post=3313"}],"wp:featuredmedia":[{"embeddable":true,"href":"https:\/\/www.kendra.com.pl\/shop\/wp-json\/wp\/v2\/media\/3314"}],"wp:attachment":[{"href":"https:\/\/www.kendra.com.pl\/shop\/wp-json\/wp\/v2\/media?parent=3313"}],"wp:term":[{"taxonomy":"product_cat","embeddable":true,"href":"https:\/\/www.kendra.com.pl\/shop\/wp-json\/wp\/v2\/product_cat?post=3313"},{"taxonomy":"product_tag","embeddable":true,"href":"https:\/\/www.kendra.com.pl\/shop\/wp-json\/wp\/v2\/product_tag?post=3313"}],"curies":[{"name":"wp","href":"https:\/\/api.w.org\/{rel}","templated":true}]}}