{"id":4273,"date":"2022-03-31T10:28:44","date_gmt":"2022-03-31T08:28:44","guid":{"rendered":"https:\/\/www.kendra.com.pl\/shop\/produkt\/odpornosc-z-perspektywy-ajurwedyjskiej-i-zachodniej\/"},"modified":"2025-02-16T14:10:40","modified_gmt":"2025-02-16T13:10:40","slug":"odpornosc-z-perspektywy-ajurwedyjskiej-i-zachodniej","status":"publish","type":"product","link":"https:\/\/www.kendra.com.pl\/shop\/produkt\/odpornosc-z-perspektywy-ajurwedyjskiej-i-zachodniej\/","title":{"rendered":"Odporno\u015b\u0107 z perspektywy ajurwedyjskiej i zachodniej"},"content":{"rendered":"<p>W tej ksi\u0105\u017cce chc\u0119 Ci pokaza\u0107, \u017ce Twoja odporno\u015b\u0107 kszta\u0142tuje si\u0119 bardzo d\u0142ugo i ma na ni\u0105 wp\u0142yw naprawd\u0119 wiele czynnik\u00f3w. Jest ich tutaj sporo, a to i tak nie wszystkie. Budowanie odporno\u015bci to bardzo z\u0142o\u017cony proces, kt\u00f3ry wymaga od Ciebie bardzo du\u017co samo\u015bwiadomo\u015bci. Si\u0119gnij po rzetelne informacje na temat odporno\u015bci, kt\u00f3re zgromadzi\u0142am w jednym miejscu.<\/p>\n<p>Zrozumiesz, \u017ce \u0142ykanie witaminy C i spo\u017cywanie suplement\u00f3w diety na odporno\u015b\u0107 to tylko 1% ze 100% czynnik\u00f3w, kt\u00f3re maj\u0105 bezpo\u015bredni wp\u0142yw na prac\u0119 Twojego uk\u0142adu odporno\u015bciowego.\u00a0Dostaniesz konkretne wskaz\u00f3wki \u2013 w 100 krokach dowiesz si\u0119 co robi\u0107 a czego nie, aby wspom\u00f3c Tw\u00f3j powr\u00f3t do r\u00f3wnowagi i cieszy\u0107 si\u0119 pe\u0142nym zdrowiem.<\/p>\n<p>Powy\u017cszy opis pochodzi od wydawcy.<br \/>\nWydawnictwo Studio Anatta<\/p>\n<p><strong>Dowiedz si\u0119 jak wprowadzi\u0107 wi\u0119cej spokoju do swojego \u017cycia. Przeczytaj wpis:<\/strong><\/p>\n<blockquote class=\"wp-embedded-content\" data-secret=\"scncqebYb6\"><p><a href=\"https:\/\/spokojnyumysl.pl\/blog\/wiecej-spokoju-w-zyciu-codziennym-z-ajurweda\/\">Wi\u0119cej spokoju w \u017cyciu codziennym z Ajurwed\u0105<\/a><\/p><\/blockquote>\n<p><iframe class=\"wp-embedded-content\" sandbox=\"allow-scripts\" security=\"restricted\" style=\"position: absolute; clip: rect(1px, 1px, 1px, 1px);\" title=\"&#8222;Wi\u0119cej spokoju w \u017cyciu codziennym z Ajurwed\u0105&#8221; &#8212; Spokojny Umys\u0142\" src=\"https:\/\/spokojnyumysl.pl\/blog\/wiecej-spokoju-w-zyciu-codziennym-z-ajurweda\/embed\/#?secret=OfvlOmemXX#?secret=scncqebYb6\" data-secret=\"scncqebYb6\" width=\"600\" height=\"338\" frameborder=\"0\" marginwidth=\"0\" marginheight=\"0\" scrolling=\"no\"><\/iframe><\/p>\n","protected":false},"excerpt":{"rendered":"<p>100 krok\u00f3w do pe\u0142ni zdrowia. (Fragment z ksi\u0105\u017cki) &#8220;Pos\u0142uchaj, prosz\u0119, bardzo osobistej opowie\u015bci o tym, jak by\u0142o zanim dojrza\u0142am do tego, \u017ce moje od\u017cas jest jak os\u0142ona tarczowniczki. By\u0107 mo\u017ce i Tobie ta droga pomo\u017ce w doj\u015bciu do celu &#8211; do dobrej odporno\u015bci&#8221;.<\/p>\n","protected":false},"featured_media":4274,"comment_status":"open","ping_status":"closed","template":"","meta":[],"product_cat":[415,810,408,17,786,809,752,790,411,391,746,741,414],"product_tag":[],"yoast_head":"<!-- This site is optimized with the Yoast SEO plugin v18.8 - https:\/\/yoast.com\/wordpress\/plugins\/seo\/ -->\n<title>Odporno\u015b\u0107 z perspektywy ajurwedyjskiej i zachodniej - Kendra Publishing<\/title>\n<meta name=\"robots\" content=\"noindex, follow\" \/>\n<meta property=\"og:locale\" content=\"pl_PL\" \/>\n<meta property=\"og:type\" content=\"article\" \/>\n<meta property=\"og:title\" content=\"Odporno\u015b\u0107 z perspektywy ajurwedyjskiej i zachodniej - Kendra Publishing\" \/>\n<meta property=\"og:description\" content=\"100 krok\u00f3w do pe\u0142ni zdrowia. (Fragment z ksi\u0105\u017cki) &quot;Pos\u0142uchaj, prosz\u0119, bardzo osobistej opowie\u015bci o tym, jak by\u0142o zanim dojrza\u0142am do tego, \u017ce moje od\u017cas jest jak os\u0142ona tarczowniczki. By\u0107 mo\u017ce i Tobie ta droga pomo\u017ce w doj\u015bciu do celu - do dobrej odporno\u015bci&quot;.\" \/>\n<meta property=\"og:url\" content=\"https:\/\/www.kendra.com.pl\/shop\/produkt\/odpornosc-z-perspektywy-ajurwedyjskiej-i-zachodniej\/\" \/>\n<meta property=\"og:site_name\" content=\"Kendra Publishing\" \/>\n<meta property=\"article:modified_time\" content=\"2025-02-16T13:10:40+00:00\" \/>\n<meta property=\"og:image\" content=\"https:\/\/www.kendra.com.pl\/shop\/wp-content\/uploads\/2022\/03\/Odpornosc-z-perspektywy-ajurwedyjskiej-i-zachodniej-Monika-Ptak.jpg\" \/>\n\t<meta property=\"og:image:width\" content=\"1120\" \/>\n\t<meta property=\"og:image:height\" content=\"920\" \/>\n\t<meta property=\"og:image:type\" content=\"image\/jpeg\" \/>\n<meta name=\"twitter:card\" content=\"summary_large_image\" \/>\n<meta name=\"twitter:label1\" content=\"Szacowany czas czytania\" \/>\n\t<meta name=\"twitter:data1\" content=\"1 minuta\" \/>\n<script type=\"application\/ld+json\" class=\"yoast-schema-graph\">{\"@context\":\"https:\/\/schema.org\",\"@graph\":[{\"@type\":\"WebSite\",\"@id\":\"https:\/\/www.kendra.com.pl\/shop\/#website\",\"url\":\"https:\/\/www.kendra.com.pl\/shop\/\",\"name\":\"Kendra Publishing\",\"description\":\"Sklep\",\"potentialAction\":[{\"@type\":\"SearchAction\",\"target\":{\"@type\":\"EntryPoint\",\"urlTemplate\":\"https:\/\/www.kendra.com.pl\/shop\/?s={search_term_string}\"},\"query-input\":\"required name=search_term_string\"}],\"inLanguage\":\"pl-PL\"},{\"@type\":\"ImageObject\",\"inLanguage\":\"pl-PL\",\"@id\":\"https:\/\/www.kendra.com.pl\/shop\/produkt\/odpornosc-z-perspektywy-ajurwedyjskiej-i-zachodniej\/#primaryimage\",\"url\":\"https:\/\/www.kendra.com.pl\/shop\/wp-content\/uploads\/2022\/03\/Odpornosc-z-perspektywy-ajurwedyjskiej-i-zachodniej-Monika-Ptak.jpg\",\"contentUrl\":\"https:\/\/www.kendra.com.pl\/shop\/wp-content\/uploads\/2022\/03\/Odpornosc-z-perspektywy-ajurwedyjskiej-i-zachodniej-Monika-Ptak.jpg\",\"width\":1120,\"height\":920},{\"@type\":\"WebPage\",\"@id\":\"https:\/\/www.kendra.com.pl\/shop\/produkt\/odpornosc-z-perspektywy-ajurwedyjskiej-i-zachodniej\/#webpage\",\"url\":\"https:\/\/www.kendra.com.pl\/shop\/produkt\/odpornosc-z-perspektywy-ajurwedyjskiej-i-zachodniej\/\",\"name\":\"Odporno\u015b\u0107 z perspektywy ajurwedyjskiej i zachodniej - Kendra Publishing\",\"isPartOf\":{\"@id\":\"https:\/\/www.kendra.com.pl\/shop\/#website\"},\"primaryImageOfPage\":{\"@id\":\"https:\/\/www.kendra.com.pl\/shop\/produkt\/odpornosc-z-perspektywy-ajurwedyjskiej-i-zachodniej\/#primaryimage\"},\"datePublished\":\"2022-03-31T08:28:44+00:00\",\"dateModified\":\"2025-02-16T13:10:40+00:00\",\"breadcrumb\":{\"@id\":\"https:\/\/www.kendra.com.pl\/shop\/produkt\/odpornosc-z-perspektywy-ajurwedyjskiej-i-zachodniej\/#breadcrumb\"},\"inLanguage\":\"pl-PL\",\"potentialAction\":[{\"@type\":\"ReadAction\",\"target\":[\"https:\/\/www.kendra.com.pl\/shop\/produkt\/odpornosc-z-perspektywy-ajurwedyjskiej-i-zachodniej\/\"]}]},{\"@type\":\"BreadcrumbList\",\"@id\":\"https:\/\/www.kendra.com.pl\/shop\/produkt\/odpornosc-z-perspektywy-ajurwedyjskiej-i-zachodniej\/#breadcrumb\",\"itemListElement\":[{\"@type\":\"ListItem\",\"position\":1,\"name\":\"Strona g\u0142\u00f3wna\",\"item\":\"https:\/\/www.kendra.com.pl\/shop\/\"},{\"@type\":\"ListItem\",\"position\":2,\"name\":\"Przerwa w dzia\u0142alno\u015bci sklepu&#8230;\",\"item\":\"https:\/\/www.kendra.com.pl\/shop\/?page_id=1888\"},{\"@type\":\"ListItem\",\"position\":3,\"name\":\"Odporno\u015b\u0107 z perspektywy ajurwedyjskiej i zachodniej\"}]}]}<\/script>\n<!-- \/ Yoast SEO plugin. -->","yoast_head_json":{"title":"Odporno\u015b\u0107 z perspektywy ajurwedyjskiej i zachodniej - Kendra Publishing","robots":{"index":"noindex","follow":"follow"},"og_locale":"pl_PL","og_type":"article","og_title":"Odporno\u015b\u0107 z perspektywy ajurwedyjskiej i zachodniej - Kendra Publishing","og_description":"100 krok\u00f3w do pe\u0142ni zdrowia. (Fragment z ksi\u0105\u017cki) \"Pos\u0142uchaj, prosz\u0119, bardzo osobistej opowie\u015bci o tym, jak by\u0142o zanim dojrza\u0142am do tego, \u017ce moje od\u017cas jest jak os\u0142ona tarczowniczki. By\u0107 mo\u017ce i Tobie ta droga pomo\u017ce w doj\u015bciu do celu - do dobrej odporno\u015bci\".","og_url":"https:\/\/www.kendra.com.pl\/shop\/produkt\/odpornosc-z-perspektywy-ajurwedyjskiej-i-zachodniej\/","og_site_name":"Kendra Publishing","article_modified_time":"2025-02-16T13:10:40+00:00","og_image":[{"width":1120,"height":920,"url":"https:\/\/www.kendra.com.pl\/shop\/wp-content\/uploads\/2022\/03\/Odpornosc-z-perspektywy-ajurwedyjskiej-i-zachodniej-Monika-Ptak.jpg","type":"image\/jpeg"}],"twitter_card":"summary_large_image","twitter_misc":{"Szacowany czas czytania":"1 minuta"},"schema":{"@context":"https:\/\/schema.org","@graph":[{"@type":"WebSite","@id":"https:\/\/www.kendra.com.pl\/shop\/#website","url":"https:\/\/www.kendra.com.pl\/shop\/","name":"Kendra Publishing","description":"Sklep","potentialAction":[{"@type":"SearchAction","target":{"@type":"EntryPoint","urlTemplate":"https:\/\/www.kendra.com.pl\/shop\/?s={search_term_string}"},"query-input":"required name=search_term_string"}],"inLanguage":"pl-PL"},{"@type":"ImageObject","inLanguage":"pl-PL","@id":"https:\/\/www.kendra.com.pl\/shop\/produkt\/odpornosc-z-perspektywy-ajurwedyjskiej-i-zachodniej\/#primaryimage","url":"https:\/\/www.kendra.com.pl\/shop\/wp-content\/uploads\/2022\/03\/Odpornosc-z-perspektywy-ajurwedyjskiej-i-zachodniej-Monika-Ptak.jpg","contentUrl":"https:\/\/www.kendra.com.pl\/shop\/wp-content\/uploads\/2022\/03\/Odpornosc-z-perspektywy-ajurwedyjskiej-i-zachodniej-Monika-Ptak.jpg","width":1120,"height":920},{"@type":"WebPage","@id":"https:\/\/www.kendra.com.pl\/shop\/produkt\/odpornosc-z-perspektywy-ajurwedyjskiej-i-zachodniej\/#webpage","url":"https:\/\/www.kendra.com.pl\/shop\/produkt\/odpornosc-z-perspektywy-ajurwedyjskiej-i-zachodniej\/","name":"Odporno\u015b\u0107 z perspektywy ajurwedyjskiej i zachodniej - Kendra Publishing","isPartOf":{"@id":"https:\/\/www.kendra.com.pl\/shop\/#website"},"primaryImageOfPage":{"@id":"https:\/\/www.kendra.com.pl\/shop\/produkt\/odpornosc-z-perspektywy-ajurwedyjskiej-i-zachodniej\/#primaryimage"},"datePublished":"2022-03-31T08:28:44+00:00","dateModified":"2025-02-16T13:10:40+00:00","breadcrumb":{"@id":"https:\/\/www.kendra.com.pl\/shop\/produkt\/odpornosc-z-perspektywy-ajurwedyjskiej-i-zachodniej\/#breadcrumb"},"inLanguage":"pl-PL","potentialAction":[{"@type":"ReadAction","target":["https:\/\/www.kendra.com.pl\/shop\/produkt\/odpornosc-z-perspektywy-ajurwedyjskiej-i-zachodniej\/"]}]},{"@type":"BreadcrumbList","@id":"https:\/\/www.kendra.com.pl\/shop\/produkt\/odpornosc-z-perspektywy-ajurwedyjskiej-i-zachodniej\/#breadcrumb","itemListElement":[{"@type":"ListItem","position":1,"name":"Strona g\u0142\u00f3wna","item":"https:\/\/www.kendra.com.pl\/shop\/"},{"@type":"ListItem","position":2,"name":"Przerwa w dzia\u0142alno\u015bci sklepu&#8230;","item":"https:\/\/www.kendra.com.pl\/shop\/?page_id=1888"},{"@type":"ListItem","position":3,"name":"Odporno\u015b\u0107 z perspektywy ajurwedyjskiej i zachodniej"}]}]}},"_links":{"self":[{"href":"https:\/\/www.kendra.com.pl\/shop\/wp-json\/wp\/v2\/product\/4273"}],"collection":[{"href":"https:\/\/www.kendra.com.pl\/shop\/wp-json\/wp\/v2\/product"}],"about":[{"href":"https:\/\/www.kendra.com.pl\/shop\/wp-json\/wp\/v2\/types\/product"}],"replies":[{"embeddable":true,"href":"https:\/\/www.kendra.com.pl\/shop\/wp-json\/wp\/v2\/comments?post=4273"}],"wp:featuredmedia":[{"embeddable":true,"href":"https:\/\/www.kendra.com.pl\/shop\/wp-json\/wp\/v2\/media\/4274"}],"wp:attachment":[{"href":"https:\/\/www.kendra.com.pl\/shop\/wp-json\/wp\/v2\/media?parent=4273"}],"wp:term":[{"taxonomy":"product_cat","embeddable":true,"href":"https:\/\/www.kendra.com.pl\/shop\/wp-json\/wp\/v2\/product_cat?post=4273"},{"taxonomy":"product_tag","embeddable":true,"href":"https:\/\/www.kendra.com.pl\/shop\/wp-json\/wp\/v2\/product_tag?post=4273"}],"curies":[{"name":"wp","href":"https:\/\/api.w.org\/{rel}","templated":true}]}}