{"id":4277,"date":"2022-03-31T10:16:33","date_gmt":"2022-03-31T08:16:33","guid":{"rendered":"https:\/\/www.kendra.com.pl\/shop\/produkt\/swiadome-macierzynstwo-z-ajurweda\/"},"modified":"2025-02-16T14:10:41","modified_gmt":"2025-02-16T13:10:41","slug":"swiadome-macierzynstwo-z-ajurweda","status":"publish","type":"product","link":"https:\/\/www.kendra.com.pl\/shop\/produkt\/swiadome-macierzynstwo-z-ajurweda\/","title":{"rendered":"\u015awiadome macierzy\u0144stwo z ajurwed\u0105"},"content":{"rendered":"<p>Ajurweda \u2013 staro\u017cytna medycyna ucz\u0105ca, jak \u017cy\u0107 w harmonii i stawiaj\u0105ca nacisk na profilaktyk\u0119 zdrowotn\u0105, pomaga w przygotowaniu si\u0119 do tak wa\u017cnego w \u017cyciu ka\u017cdej kobiety wydarzenia, pozwala orientowa\u0107 si\u0119, co jest zgodne z natur\u0105, zdrowe, bezpieczne dla mamy i maluszka.<\/p>\n<p>W tej pierwszej na polskim rynku pozycji autorki zebra\u0142y unikalne informacje oraz zalecenia prozdrowotne i podzieli\u0142y si\u0119 swoim do\u015bwiadczeniem w niezwykle przyjazny spos\u00f3b, odpowiadaj\u0105cy polskim realiom. Przysz\u0142a mama znajdzie tu rozleg\u0142\u0105, ajurwedyjsk\u0105 wiedz\u0119 o:<br \/>\n\u2013 zap\u0142odnieniu i ci\u0105\u017cy,<\/p>\n<p>\u2013 problemach kobiety ci\u0119\u017carnej: diecie, suplementacji, piel\u0119gnacji oraz aktywno\u015bci fizycznej pod k\u0105tem dominuj\u0105cej doszy,<br \/>\n\u2013 po\u0142ogu, karmieniu piersi\u0105 i wprowadzaniu pokarm\u00f3w sta\u0142ych,<br \/>\n\u2013 zr\u00f3\u017cnicowanym rozwoju dziecka do pierwszego roku \u017cycia, zale\u017cnym od dominuj\u0105cej doszy,<br \/>\n\u2013 szybkim powrocie do formy po porodzie,<br \/>\n\u2013 bezpiecznym leczeniu dolegliwo\u015bci swoich i malucha,<br \/>\n\u2013 zdrowej \u017cywno\u015bci, alergiach pokarmowych,<br \/>\n\u2013 post\u0119powaniu z dzieckiem o du\u017cych potrzebach oraz unikalne receptury ajurwedyjskie i wsparcie w wielu problemach.<\/p>\n<p>Powy\u017cszy opis pochodzi od wydawcy.<br \/>\nWydawnictwo Anatta<\/p>\n<p><strong>Dowiedz si\u0119 jak wprowadzi\u0107 wi\u0119cej spokoju do swojego \u017cycia. Przeczytaj wpis:<\/strong><\/p>\n<blockquote class=\"wp-embedded-content\" data-secret=\"BCGocVS4kW\"><p><a href=\"https:\/\/spokojnyumysl.pl\/blog\/wiecej-spokoju-w-zyciu-codziennym-z-ajurweda\/\">Wi\u0119cej spokoju w \u017cyciu codziennym z Ajurwed\u0105<\/a><\/p><\/blockquote>\n<p><iframe class=\"wp-embedded-content\" sandbox=\"allow-scripts\" security=\"restricted\" style=\"position: absolute; clip: rect(1px, 1px, 1px, 1px);\" title=\"&#8222;Wi\u0119cej spokoju w \u017cyciu codziennym z Ajurwed\u0105&#8221; &#8212; Spokojny Umys\u0142\" src=\"https:\/\/spokojnyumysl.pl\/blog\/wiecej-spokoju-w-zyciu-codziennym-z-ajurweda\/embed\/#?secret=31Ovar7RsE#?secret=BCGocVS4kW\" data-secret=\"BCGocVS4kW\" width=\"600\" height=\"338\" frameborder=\"0\" marginwidth=\"0\" marginheight=\"0\" scrolling=\"no\"><\/iframe><\/p>\n","protected":false},"excerpt":{"rendered":"<p>Macierzy\u0144stwo to szczeg\u00f3lne do\u015bwiadczenie wymagaj\u0105ce odpowiedzialno\u015bci, dlatego wiele przysz\u0142ych matek zastanawia si\u0119, jak najlepiej prze\u017cy\u0107 ten wyj\u0105tkowy okres i poszukuje sprawdzonych porad.<\/p>\n","protected":false},"featured_media":4278,"comment_status":"open","ping_status":"closed","template":"","meta":[],"product_cat":[415,810,408,17,786,809,752,411,391,746,741,414],"product_tag":[],"yoast_head":"<!-- This site is optimized with the Yoast SEO plugin v18.8 - https:\/\/yoast.com\/wordpress\/plugins\/seo\/ -->\n<title>\u015awiadome macierzy\u0144stwo z ajurwed\u0105 - Kendra Publishing<\/title>\n<meta name=\"robots\" content=\"noindex, follow\" \/>\n<meta property=\"og:locale\" content=\"pl_PL\" \/>\n<meta property=\"og:type\" content=\"article\" \/>\n<meta property=\"og:title\" content=\"\u015awiadome macierzy\u0144stwo z ajurwed\u0105 - Kendra Publishing\" \/>\n<meta property=\"og:description\" content=\"Macierzy\u0144stwo to szczeg\u00f3lne do\u015bwiadczenie wymagaj\u0105ce odpowiedzialno\u015bci, dlatego wiele przysz\u0142ych matek zastanawia si\u0119, jak najlepiej prze\u017cy\u0107 ten wyj\u0105tkowy okres i poszukuje sprawdzonych porad.\" \/>\n<meta property=\"og:url\" content=\"https:\/\/www.kendra.com.pl\/shop\/produkt\/swiadome-macierzynstwo-z-ajurweda\/\" \/>\n<meta property=\"og:site_name\" content=\"Kendra Publishing\" \/>\n<meta property=\"article:modified_time\" content=\"2025-02-16T13:10:41+00:00\" \/>\n<meta property=\"og:image\" content=\"https:\/\/www.kendra.com.pl\/shop\/wp-content\/uploads\/2022\/03\/Swiadome-macierzynstwo-z-ajurweda-Shivani-Sood-Monika-Ptak.jpg\" \/>\n\t<meta property=\"og:image:width\" content=\"1120\" \/>\n\t<meta property=\"og:image:height\" content=\"920\" \/>\n\t<meta property=\"og:image:type\" content=\"image\/jpeg\" \/>\n<meta name=\"twitter:card\" content=\"summary_large_image\" \/>\n<meta name=\"twitter:label1\" content=\"Szacowany czas czytania\" \/>\n\t<meta name=\"twitter:data1\" content=\"1 minuta\" \/>\n<script type=\"application\/ld+json\" class=\"yoast-schema-graph\">{\"@context\":\"https:\/\/schema.org\",\"@graph\":[{\"@type\":\"WebSite\",\"@id\":\"https:\/\/www.kendra.com.pl\/shop\/#website\",\"url\":\"https:\/\/www.kendra.com.pl\/shop\/\",\"name\":\"Kendra Publishing\",\"description\":\"Sklep\",\"potentialAction\":[{\"@type\":\"SearchAction\",\"target\":{\"@type\":\"EntryPoint\",\"urlTemplate\":\"https:\/\/www.kendra.com.pl\/shop\/?s={search_term_string}\"},\"query-input\":\"required name=search_term_string\"}],\"inLanguage\":\"pl-PL\"},{\"@type\":\"ImageObject\",\"inLanguage\":\"pl-PL\",\"@id\":\"https:\/\/www.kendra.com.pl\/shop\/produkt\/swiadome-macierzynstwo-z-ajurweda\/#primaryimage\",\"url\":\"https:\/\/www.kendra.com.pl\/shop\/wp-content\/uploads\/2022\/03\/Swiadome-macierzynstwo-z-ajurweda-Shivani-Sood-Monika-Ptak.jpg\",\"contentUrl\":\"https:\/\/www.kendra.com.pl\/shop\/wp-content\/uploads\/2022\/03\/Swiadome-macierzynstwo-z-ajurweda-Shivani-Sood-Monika-Ptak.jpg\",\"width\":1120,\"height\":920},{\"@type\":\"WebPage\",\"@id\":\"https:\/\/www.kendra.com.pl\/shop\/produkt\/swiadome-macierzynstwo-z-ajurweda\/#webpage\",\"url\":\"https:\/\/www.kendra.com.pl\/shop\/produkt\/swiadome-macierzynstwo-z-ajurweda\/\",\"name\":\"\u015awiadome macierzy\u0144stwo z ajurwed\u0105 - Kendra Publishing\",\"isPartOf\":{\"@id\":\"https:\/\/www.kendra.com.pl\/shop\/#website\"},\"primaryImageOfPage\":{\"@id\":\"https:\/\/www.kendra.com.pl\/shop\/produkt\/swiadome-macierzynstwo-z-ajurweda\/#primaryimage\"},\"datePublished\":\"2022-03-31T08:16:33+00:00\",\"dateModified\":\"2025-02-16T13:10:41+00:00\",\"breadcrumb\":{\"@id\":\"https:\/\/www.kendra.com.pl\/shop\/produkt\/swiadome-macierzynstwo-z-ajurweda\/#breadcrumb\"},\"inLanguage\":\"pl-PL\",\"potentialAction\":[{\"@type\":\"ReadAction\",\"target\":[\"https:\/\/www.kendra.com.pl\/shop\/produkt\/swiadome-macierzynstwo-z-ajurweda\/\"]}]},{\"@type\":\"BreadcrumbList\",\"@id\":\"https:\/\/www.kendra.com.pl\/shop\/produkt\/swiadome-macierzynstwo-z-ajurweda\/#breadcrumb\",\"itemListElement\":[{\"@type\":\"ListItem\",\"position\":1,\"name\":\"Strona g\u0142\u00f3wna\",\"item\":\"https:\/\/www.kendra.com.pl\/shop\/\"},{\"@type\":\"ListItem\",\"position\":2,\"name\":\"Przerwa w dzia\u0142alno\u015bci sklepu&#8230;\",\"item\":\"https:\/\/www.kendra.com.pl\/shop\/?page_id=1888\"},{\"@type\":\"ListItem\",\"position\":3,\"name\":\"\u015awiadome macierzy\u0144stwo z ajurwed\u0105\"}]}]}<\/script>\n<!-- \/ Yoast SEO plugin. -->","yoast_head_json":{"title":"\u015awiadome macierzy\u0144stwo z ajurwed\u0105 - Kendra Publishing","robots":{"index":"noindex","follow":"follow"},"og_locale":"pl_PL","og_type":"article","og_title":"\u015awiadome macierzy\u0144stwo z ajurwed\u0105 - Kendra Publishing","og_description":"Macierzy\u0144stwo to szczeg\u00f3lne do\u015bwiadczenie wymagaj\u0105ce odpowiedzialno\u015bci, dlatego wiele przysz\u0142ych matek zastanawia si\u0119, jak najlepiej prze\u017cy\u0107 ten wyj\u0105tkowy okres i poszukuje sprawdzonych porad.","og_url":"https:\/\/www.kendra.com.pl\/shop\/produkt\/swiadome-macierzynstwo-z-ajurweda\/","og_site_name":"Kendra Publishing","article_modified_time":"2025-02-16T13:10:41+00:00","og_image":[{"width":1120,"height":920,"url":"https:\/\/www.kendra.com.pl\/shop\/wp-content\/uploads\/2022\/03\/Swiadome-macierzynstwo-z-ajurweda-Shivani-Sood-Monika-Ptak.jpg","type":"image\/jpeg"}],"twitter_card":"summary_large_image","twitter_misc":{"Szacowany czas czytania":"1 minuta"},"schema":{"@context":"https:\/\/schema.org","@graph":[{"@type":"WebSite","@id":"https:\/\/www.kendra.com.pl\/shop\/#website","url":"https:\/\/www.kendra.com.pl\/shop\/","name":"Kendra Publishing","description":"Sklep","potentialAction":[{"@type":"SearchAction","target":{"@type":"EntryPoint","urlTemplate":"https:\/\/www.kendra.com.pl\/shop\/?s={search_term_string}"},"query-input":"required name=search_term_string"}],"inLanguage":"pl-PL"},{"@type":"ImageObject","inLanguage":"pl-PL","@id":"https:\/\/www.kendra.com.pl\/shop\/produkt\/swiadome-macierzynstwo-z-ajurweda\/#primaryimage","url":"https:\/\/www.kendra.com.pl\/shop\/wp-content\/uploads\/2022\/03\/Swiadome-macierzynstwo-z-ajurweda-Shivani-Sood-Monika-Ptak.jpg","contentUrl":"https:\/\/www.kendra.com.pl\/shop\/wp-content\/uploads\/2022\/03\/Swiadome-macierzynstwo-z-ajurweda-Shivani-Sood-Monika-Ptak.jpg","width":1120,"height":920},{"@type":"WebPage","@id":"https:\/\/www.kendra.com.pl\/shop\/produkt\/swiadome-macierzynstwo-z-ajurweda\/#webpage","url":"https:\/\/www.kendra.com.pl\/shop\/produkt\/swiadome-macierzynstwo-z-ajurweda\/","name":"\u015awiadome macierzy\u0144stwo z ajurwed\u0105 - Kendra Publishing","isPartOf":{"@id":"https:\/\/www.kendra.com.pl\/shop\/#website"},"primaryImageOfPage":{"@id":"https:\/\/www.kendra.com.pl\/shop\/produkt\/swiadome-macierzynstwo-z-ajurweda\/#primaryimage"},"datePublished":"2022-03-31T08:16:33+00:00","dateModified":"2025-02-16T13:10:41+00:00","breadcrumb":{"@id":"https:\/\/www.kendra.com.pl\/shop\/produkt\/swiadome-macierzynstwo-z-ajurweda\/#breadcrumb"},"inLanguage":"pl-PL","potentialAction":[{"@type":"ReadAction","target":["https:\/\/www.kendra.com.pl\/shop\/produkt\/swiadome-macierzynstwo-z-ajurweda\/"]}]},{"@type":"BreadcrumbList","@id":"https:\/\/www.kendra.com.pl\/shop\/produkt\/swiadome-macierzynstwo-z-ajurweda\/#breadcrumb","itemListElement":[{"@type":"ListItem","position":1,"name":"Strona g\u0142\u00f3wna","item":"https:\/\/www.kendra.com.pl\/shop\/"},{"@type":"ListItem","position":2,"name":"Przerwa w dzia\u0142alno\u015bci sklepu&#8230;","item":"https:\/\/www.kendra.com.pl\/shop\/?page_id=1888"},{"@type":"ListItem","position":3,"name":"\u015awiadome macierzy\u0144stwo z ajurwed\u0105"}]}]}},"_links":{"self":[{"href":"https:\/\/www.kendra.com.pl\/shop\/wp-json\/wp\/v2\/product\/4277"}],"collection":[{"href":"https:\/\/www.kendra.com.pl\/shop\/wp-json\/wp\/v2\/product"}],"about":[{"href":"https:\/\/www.kendra.com.pl\/shop\/wp-json\/wp\/v2\/types\/product"}],"replies":[{"embeddable":true,"href":"https:\/\/www.kendra.com.pl\/shop\/wp-json\/wp\/v2\/comments?post=4277"}],"wp:featuredmedia":[{"embeddable":true,"href":"https:\/\/www.kendra.com.pl\/shop\/wp-json\/wp\/v2\/media\/4278"}],"wp:attachment":[{"href":"https:\/\/www.kendra.com.pl\/shop\/wp-json\/wp\/v2\/media?parent=4277"}],"wp:term":[{"taxonomy":"product_cat","embeddable":true,"href":"https:\/\/www.kendra.com.pl\/shop\/wp-json\/wp\/v2\/product_cat?post=4277"},{"taxonomy":"product_tag","embeddable":true,"href":"https:\/\/www.kendra.com.pl\/shop\/wp-json\/wp\/v2\/product_tag?post=4277"}],"curies":[{"name":"wp","href":"https:\/\/api.w.org\/{rel}","templated":true}]}}