{"id":4341,"date":"2022-08-02T13:29:52","date_gmt":"2022-08-02T11:29:52","guid":{"rendered":"https:\/\/www.kendra.com.pl\/shop\/produkt\/wyloguj-swoj-mozg-jak-zadbac-o-swoj-mozg-w-dobie-nowych-technologii\/"},"modified":"2025-02-16T14:10:31","modified_gmt":"2025-02-16T13:10:31","slug":"wyloguj-swoj-mozg-jak-zadbac-o-swoj-mozg-w-dobie-nowych-technologii","status":"publish","type":"product","link":"https:\/\/www.kendra.com.pl\/shop\/produkt\/wyloguj-swoj-mozg-jak-zadbac-o-swoj-mozg-w-dobie-nowych-technologii\/","title":{"rendered":"Wyloguj sw\u00f3j m\u00f3zg. Jak zadba\u0107 o sw\u00f3j m\u00f3zg w dobie nowych technologii"},"content":{"rendered":"<h4>Czy m\u00f3zg czeka przy\u015bpieszony kurs technologii?<\/h4>\n<p>Jak korzysta\u0107 z najnowszych aplikacji, by s\u0142u\u017cy\u0142y naszemu dobru i nie by\u0142y \u017ar\u00f3d\u0142em frustracji ani l\u0119ku? Ksi\u0105\u017cka szwedzkiego psychiatry i autora wieloletnich bada\u0144 nad internetem odkrywa tajemnice dzia\u0142ania m\u00f3zgu w zderzeniu z nowymi technologiami i daje konkretne wskaz\u00f3wki.<\/p>\n<h4>Wy\u0142\u0105cz telefon kom\u00f3rkowy<\/h4>\n<p>Wy\u0142\u0105cz telefon kom\u00f3rkowy na jedn\u0105 lub dwie godziny w ci\u0105gu dnia. Nawet kilka minut ruchu dziennie pozwoli ci zredukowa\u0107 stres i poprawi\u0107 koncentracj\u0119, Wieczorem zmie\u0144 obraz w telefonie na czarno-bia\u0142y, ograniczy to wyzwalanie dopaminy i ch\u0119\u0107 przewijania wiadomo\u015bci. Nie sprawdzaj s\u0142u\u017cbowego maila tu\u017c przed p\u00f3j\u015bciem spa\u0107. W mediach spo\u0142eczno\u015bciowych staraj si\u0119 obserwowa\u0107 tylko te osoby, z kt\u00f3rymi naprawd\u0119 chcesz wchodzi\u0107 w interakcj\u0119. To tylko przyk\u0142ady skutecznych porad zawartych w tej ksi\u0105\u017cce.<\/p>\n<p>Dlaczego korzystanie z Instagrama uruchamia w m\u00f3zgu te same obszary co niegdy\u015b polowanie na dzikie zwierz\u0119ta? Co si\u0119 dzieje z nasz\u0105 pami\u0119ci\u0105, kiedy podczas jazdy samochodem zdajemy si\u0119 wy\u0142\u0105cznie na GPS-a? Na czym polega cyfrowa zazdro\u015b\u0107 i czy internet mo\u017ce pozbawi\u0107 nas empatii? Ka\u017cdego dnia musimy wytrzyma\u0107 informacyjne tsunami, a nasze neurony lustrzane w kontakcie z mediami spo\u0142eczno\u015bciowymi pobudzaj\u0105 m\u00f3zg do ci\u0105g\u0142ego por\u00f3wnywania si\u0119 z innymi.<\/p>\n<p>Poznaj ostatnie odkrycia naukowe i zadbaj o zdrowie swojego m\u00f3zgu!<\/p>\n<p>Szwedzki bestseller nagrodzony presti\u017cow\u0105 nagrod\u0105 The Health Award of the Year.<\/p>\n<p>Anders Hansen \u2013 szwedzki lekarz, specjalista w dziedzinie psychiatrii w Instytucie Karolinska. W swojej najnowszej ksi\u0105\u017cce w zrozumia\u0142y spos\u00f3b t\u0142umaczy najnowsze odkrycia neurobiologii i wyja\u015bnia, jak mo\u017cemy je wykorzysta\u0107 w codziennym \u017cyciu.<\/p>\n<p>Powy\u017cszy opis pochodzi od wydawcy.<br \/>\nWydawnictwo ZNAK<\/p>\n","protected":false},"excerpt":{"rendered":"<p>Dlaczego korzystanie z Instagramu uruchamia w m\u00f3zgu te same obszary co niegdy\u015b polowanie na dzikie zwierz\u0119ta? Poznaj ostatnie odkrycia naukowe.<\/p>\n","protected":false},"featured_media":4342,"comment_status":"open","ping_status":"closed","template":"","meta":[],"product_cat":[17,786,441,741,400,742],"product_tag":[740],"yoast_head":"<!-- This site is optimized with the Yoast SEO plugin v18.8 - https:\/\/yoast.com\/wordpress\/plugins\/seo\/ -->\n<title>Wyloguj sw\u00f3j m\u00f3zg. Jak zadba\u0107 o sw\u00f3j m\u00f3zg w dobie nowych technologii - Kendra Publishing<\/title>\n<meta name=\"robots\" content=\"noindex, follow\" \/>\n<meta property=\"og:locale\" content=\"pl_PL\" \/>\n<meta property=\"og:type\" content=\"article\" \/>\n<meta property=\"og:title\" content=\"Wyloguj sw\u00f3j m\u00f3zg. Jak zadba\u0107 o sw\u00f3j m\u00f3zg w dobie nowych technologii - Kendra Publishing\" \/>\n<meta property=\"og:description\" content=\"Dlaczego korzystanie z Instagramu uruchamia w m\u00f3zgu te same obszary co niegdy\u015b polowanie na dzikie zwierz\u0119ta? Poznaj ostatnie odkrycia naukowe.\" \/>\n<meta property=\"og:url\" content=\"https:\/\/www.kendra.com.pl\/shop\/produkt\/wyloguj-swoj-mozg-jak-zadbac-o-swoj-mozg-w-dobie-nowych-technologii\/\" \/>\n<meta property=\"og:site_name\" content=\"Kendra Publishing\" \/>\n<meta property=\"article:modified_time\" content=\"2025-02-16T13:10:31+00:00\" \/>\n<meta property=\"og:image\" content=\"https:\/\/www.kendra.com.pl\/shop\/wp-content\/uploads\/2022\/08\/Wylogoj-swoj-mozg-Anders-Hansen.jpg\" \/>\n\t<meta property=\"og:image:width\" content=\"1120\" \/>\n\t<meta property=\"og:image:height\" content=\"920\" \/>\n\t<meta property=\"og:image:type\" content=\"image\/jpeg\" \/>\n<meta name=\"twitter:card\" content=\"summary_large_image\" \/>\n<meta name=\"twitter:label1\" content=\"Szacowany czas czytania\" \/>\n\t<meta name=\"twitter:data1\" content=\"1 minuta\" \/>\n<script type=\"application\/ld+json\" class=\"yoast-schema-graph\">{\"@context\":\"https:\/\/schema.org\",\"@graph\":[{\"@type\":\"WebSite\",\"@id\":\"https:\/\/www.kendra.com.pl\/shop\/#website\",\"url\":\"https:\/\/www.kendra.com.pl\/shop\/\",\"name\":\"Kendra Publishing\",\"description\":\"Sklep\",\"potentialAction\":[{\"@type\":\"SearchAction\",\"target\":{\"@type\":\"EntryPoint\",\"urlTemplate\":\"https:\/\/www.kendra.com.pl\/shop\/?s={search_term_string}\"},\"query-input\":\"required name=search_term_string\"}],\"inLanguage\":\"pl-PL\"},{\"@type\":\"ImageObject\",\"inLanguage\":\"pl-PL\",\"@id\":\"https:\/\/www.kendra.com.pl\/shop\/produkt\/wyloguj-swoj-mozg-jak-zadbac-o-swoj-mozg-w-dobie-nowych-technologii\/#primaryimage\",\"url\":\"https:\/\/www.kendra.com.pl\/shop\/wp-content\/uploads\/2022\/08\/Wylogoj-swoj-mozg-Anders-Hansen.jpg\",\"contentUrl\":\"https:\/\/www.kendra.com.pl\/shop\/wp-content\/uploads\/2022\/08\/Wylogoj-swoj-mozg-Anders-Hansen.jpg\",\"width\":1120,\"height\":920},{\"@type\":\"WebPage\",\"@id\":\"https:\/\/www.kendra.com.pl\/shop\/produkt\/wyloguj-swoj-mozg-jak-zadbac-o-swoj-mozg-w-dobie-nowych-technologii\/#webpage\",\"url\":\"https:\/\/www.kendra.com.pl\/shop\/produkt\/wyloguj-swoj-mozg-jak-zadbac-o-swoj-mozg-w-dobie-nowych-technologii\/\",\"name\":\"Wyloguj sw\u00f3j m\u00f3zg. Jak zadba\u0107 o sw\u00f3j m\u00f3zg w dobie nowych technologii - Kendra Publishing\",\"isPartOf\":{\"@id\":\"https:\/\/www.kendra.com.pl\/shop\/#website\"},\"primaryImageOfPage\":{\"@id\":\"https:\/\/www.kendra.com.pl\/shop\/produkt\/wyloguj-swoj-mozg-jak-zadbac-o-swoj-mozg-w-dobie-nowych-technologii\/#primaryimage\"},\"datePublished\":\"2022-08-02T11:29:52+00:00\",\"dateModified\":\"2025-02-16T13:10:31+00:00\",\"breadcrumb\":{\"@id\":\"https:\/\/www.kendra.com.pl\/shop\/produkt\/wyloguj-swoj-mozg-jak-zadbac-o-swoj-mozg-w-dobie-nowych-technologii\/#breadcrumb\"},\"inLanguage\":\"pl-PL\",\"potentialAction\":[{\"@type\":\"ReadAction\",\"target\":[\"https:\/\/www.kendra.com.pl\/shop\/produkt\/wyloguj-swoj-mozg-jak-zadbac-o-swoj-mozg-w-dobie-nowych-technologii\/\"]}]},{\"@type\":\"BreadcrumbList\",\"@id\":\"https:\/\/www.kendra.com.pl\/shop\/produkt\/wyloguj-swoj-mozg-jak-zadbac-o-swoj-mozg-w-dobie-nowych-technologii\/#breadcrumb\",\"itemListElement\":[{\"@type\":\"ListItem\",\"position\":1,\"name\":\"Strona g\u0142\u00f3wna\",\"item\":\"https:\/\/www.kendra.com.pl\/shop\/\"},{\"@type\":\"ListItem\",\"position\":2,\"name\":\"Przerwa w dzia\u0142alno\u015bci sklepu&#8230;\",\"item\":\"https:\/\/www.kendra.com.pl\/shop\/?page_id=1888\"},{\"@type\":\"ListItem\",\"position\":3,\"name\":\"Wyloguj sw\u00f3j m\u00f3zg. Jak zadba\u0107 o sw\u00f3j m\u00f3zg w dobie nowych technologii\"}]}]}<\/script>\n<!-- \/ Yoast SEO plugin. -->","yoast_head_json":{"title":"Wyloguj sw\u00f3j m\u00f3zg. Jak zadba\u0107 o sw\u00f3j m\u00f3zg w dobie nowych technologii - Kendra Publishing","robots":{"index":"noindex","follow":"follow"},"og_locale":"pl_PL","og_type":"article","og_title":"Wyloguj sw\u00f3j m\u00f3zg. Jak zadba\u0107 o sw\u00f3j m\u00f3zg w dobie nowych technologii - Kendra Publishing","og_description":"Dlaczego korzystanie z Instagramu uruchamia w m\u00f3zgu te same obszary co niegdy\u015b polowanie na dzikie zwierz\u0119ta? Poznaj ostatnie odkrycia naukowe.","og_url":"https:\/\/www.kendra.com.pl\/shop\/produkt\/wyloguj-swoj-mozg-jak-zadbac-o-swoj-mozg-w-dobie-nowych-technologii\/","og_site_name":"Kendra Publishing","article_modified_time":"2025-02-16T13:10:31+00:00","og_image":[{"width":1120,"height":920,"url":"https:\/\/www.kendra.com.pl\/shop\/wp-content\/uploads\/2022\/08\/Wylogoj-swoj-mozg-Anders-Hansen.jpg","type":"image\/jpeg"}],"twitter_card":"summary_large_image","twitter_misc":{"Szacowany czas czytania":"1 minuta"},"schema":{"@context":"https:\/\/schema.org","@graph":[{"@type":"WebSite","@id":"https:\/\/www.kendra.com.pl\/shop\/#website","url":"https:\/\/www.kendra.com.pl\/shop\/","name":"Kendra Publishing","description":"Sklep","potentialAction":[{"@type":"SearchAction","target":{"@type":"EntryPoint","urlTemplate":"https:\/\/www.kendra.com.pl\/shop\/?s={search_term_string}"},"query-input":"required name=search_term_string"}],"inLanguage":"pl-PL"},{"@type":"ImageObject","inLanguage":"pl-PL","@id":"https:\/\/www.kendra.com.pl\/shop\/produkt\/wyloguj-swoj-mozg-jak-zadbac-o-swoj-mozg-w-dobie-nowych-technologii\/#primaryimage","url":"https:\/\/www.kendra.com.pl\/shop\/wp-content\/uploads\/2022\/08\/Wylogoj-swoj-mozg-Anders-Hansen.jpg","contentUrl":"https:\/\/www.kendra.com.pl\/shop\/wp-content\/uploads\/2022\/08\/Wylogoj-swoj-mozg-Anders-Hansen.jpg","width":1120,"height":920},{"@type":"WebPage","@id":"https:\/\/www.kendra.com.pl\/shop\/produkt\/wyloguj-swoj-mozg-jak-zadbac-o-swoj-mozg-w-dobie-nowych-technologii\/#webpage","url":"https:\/\/www.kendra.com.pl\/shop\/produkt\/wyloguj-swoj-mozg-jak-zadbac-o-swoj-mozg-w-dobie-nowych-technologii\/","name":"Wyloguj sw\u00f3j m\u00f3zg. Jak zadba\u0107 o sw\u00f3j m\u00f3zg w dobie nowych technologii - Kendra Publishing","isPartOf":{"@id":"https:\/\/www.kendra.com.pl\/shop\/#website"},"primaryImageOfPage":{"@id":"https:\/\/www.kendra.com.pl\/shop\/produkt\/wyloguj-swoj-mozg-jak-zadbac-o-swoj-mozg-w-dobie-nowych-technologii\/#primaryimage"},"datePublished":"2022-08-02T11:29:52+00:00","dateModified":"2025-02-16T13:10:31+00:00","breadcrumb":{"@id":"https:\/\/www.kendra.com.pl\/shop\/produkt\/wyloguj-swoj-mozg-jak-zadbac-o-swoj-mozg-w-dobie-nowych-technologii\/#breadcrumb"},"inLanguage":"pl-PL","potentialAction":[{"@type":"ReadAction","target":["https:\/\/www.kendra.com.pl\/shop\/produkt\/wyloguj-swoj-mozg-jak-zadbac-o-swoj-mozg-w-dobie-nowych-technologii\/"]}]},{"@type":"BreadcrumbList","@id":"https:\/\/www.kendra.com.pl\/shop\/produkt\/wyloguj-swoj-mozg-jak-zadbac-o-swoj-mozg-w-dobie-nowych-technologii\/#breadcrumb","itemListElement":[{"@type":"ListItem","position":1,"name":"Strona g\u0142\u00f3wna","item":"https:\/\/www.kendra.com.pl\/shop\/"},{"@type":"ListItem","position":2,"name":"Przerwa w dzia\u0142alno\u015bci sklepu&#8230;","item":"https:\/\/www.kendra.com.pl\/shop\/?page_id=1888"},{"@type":"ListItem","position":3,"name":"Wyloguj sw\u00f3j m\u00f3zg. Jak zadba\u0107 o sw\u00f3j m\u00f3zg w dobie nowych technologii"}]}]}},"_links":{"self":[{"href":"https:\/\/www.kendra.com.pl\/shop\/wp-json\/wp\/v2\/product\/4341"}],"collection":[{"href":"https:\/\/www.kendra.com.pl\/shop\/wp-json\/wp\/v2\/product"}],"about":[{"href":"https:\/\/www.kendra.com.pl\/shop\/wp-json\/wp\/v2\/types\/product"}],"replies":[{"embeddable":true,"href":"https:\/\/www.kendra.com.pl\/shop\/wp-json\/wp\/v2\/comments?post=4341"}],"wp:featuredmedia":[{"embeddable":true,"href":"https:\/\/www.kendra.com.pl\/shop\/wp-json\/wp\/v2\/media\/4342"}],"wp:attachment":[{"href":"https:\/\/www.kendra.com.pl\/shop\/wp-json\/wp\/v2\/media?parent=4341"}],"wp:term":[{"taxonomy":"product_cat","embeddable":true,"href":"https:\/\/www.kendra.com.pl\/shop\/wp-json\/wp\/v2\/product_cat?post=4341"},{"taxonomy":"product_tag","embeddable":true,"href":"https:\/\/www.kendra.com.pl\/shop\/wp-json\/wp\/v2\/product_tag?post=4341"}],"curies":[{"name":"wp","href":"https:\/\/api.w.org\/{rel}","templated":true}]}}