{"id":4347,"date":"2022-08-02T12:53:04","date_gmt":"2022-08-02T10:53:04","guid":{"rendered":"https:\/\/www.kendra.com.pl\/shop\/produkt\/gdzie-w-gory-na-weekend-gorskie-trasy-dla-kazdego\/"},"modified":"2025-02-16T14:10:32","modified_gmt":"2025-02-16T13:10:32","slug":"gdzie-w-gory-na-weekend-gorskie-trasy-dla-kazdego","status":"publish","type":"product","link":"https:\/\/www.kendra.com.pl\/shop\/produkt\/gdzie-w-gory-na-weekend-gorskie-trasy-dla-kazdego\/","title":{"rendered":"Gdzie w g\u00f3ry na weekend. G\u00f3rskie trasy dla ka\u017cdego"},"content":{"rendered":"<h4>Gdzie w g\u00f3ry na weekend. G\u00f3rskie trasy dla ka\u017cdego. Tomasz Habdas<\/h4>\n<p>G\u00f3ry to\u00a0<strong>wolno\u015b\u0107<\/strong>, bezkresna\u00a0<strong>przestrze\u0144<\/strong>\u00a0i\u00a0<strong>spok\u00f3j<\/strong>, jakich nie da si\u0119 odnale\u017a\u0107 nigdzie indziej.<\/p>\n<p><strong>Gdzie w g\u00f3ry na weekend. G\u00f3rskie trasy dla ka\u017cdego<\/strong>\u00a0to praktyczny przewodnik i poradnik przygotowuj\u0105cy do jednodniowych wycieczek i weekendowych wypad\u00f3w w Beskidy.<\/p>\n<p>W tej ksi\u0105\u017cce znajdziesz wiele wskaz\u00f3wek, jak przygotowa\u0107 si\u0119 na g\u00f3rsk\u0105 wypraw\u0119, i porad, co naprawd\u0119 b\u0119dzie ci potrzebne, a co jest jedynie zb\u0119dnym gad\u017cetem.<\/p>\n<p>W ksi\u0105\u017cce znajdziesz:<\/p>\n<p>\u2022 przemy\u015blane trasy p\u0119tle,<br \/>\n\u2022 g\u00f3rskie legendy, anegdoty i lokalne ciekawostki,<br \/>\n\u2022 panoramy, dzi\u0119ki kt\u00f3rym sprawdzisz, jakie szczyty masz w\u0142a\u015bnie przed oczami,<br \/>\n\u2022 mapy pozwalaj\u0105ce w prosty spos\u00f3b zaplanowa\u0107 wycieczk\u0119.<\/p>\n<p>Je\u015bli zastanawiasz si\u0119, jak rozpocz\u0105\u0107 swoj\u0105 beskidzk\u0105 przygod\u0119, co spakowa\u0107 przed wyruszeniem na szlak, gdzie zatrzyma\u0107 si\u0119 na przerw\u0119, \u017ceby widok zawr\u00f3ci\u0142 ci w g\u0142owie, lub w kt\u00f3rym miejscu zje\u015b\u0107 najlepszy \u017curek \u2013 ta ksi\u0105\u017cka zdecydowanie jest dla ciebie.<\/p>\n<h4 class=\"h3-t-desc\"><strong>&#8220;Gdzie w g\u00f3ry na weekend. G\u00f3rskie trasy dla ka\u017cdego&#8221;<\/strong>\u00a0&#8211; nowo\u015b\u0107 Habdasa<\/h4>\n<p>Tomasz Habdas \u2013 beskidzki przewodnik, kt\u00f3ry zarazi ci\u0119 swoj\u0105 mi\u0142o\u015bci\u0105 do g\u00f3r i sprawi, \u017ce ka\u017cda wyprawa stanie si\u0119 niezapomnian\u0105 przygod\u0105.<\/p>\n<p><strong>Ma\u0142e podr\u00f3\u017ce mog\u0105 by\u0107 wielkimi wyprawami \u2013 przekonaj si\u0119 sam!<\/strong><\/p>\n<p>Powy\u017cszy opis pochodzi od wydawcy.<br \/>\nWydawnictwo ZNAK<\/p>\n","protected":false},"excerpt":{"rendered":"<p>Je\u015bli zastanawiasz si\u0119, jak rozpocz\u0105\u0107 beskidzk\u0105 przygod\u0119, co spakowa\u0107 przed wyruszeniem na szlak, gdzie zrobi\u0107 przerw\u0119 -ta ksi\u0105\u017cka jest dla Ciebie, a Tomasz Habdas z pewno\u015bci\u0105 Ci\u0119 zainspiruje.<\/p>\n","protected":false},"featured_media":4348,"comment_status":"open","ping_status":"closed","template":"","meta":[],"product_cat":[17,786,412,411,742],"product_tag":[740],"yoast_head":"<!-- This site is optimized with the Yoast SEO plugin v18.8 - https:\/\/yoast.com\/wordpress\/plugins\/seo\/ -->\n<title>Gdzie w g\u00f3ry na weekend. G\u00f3rskie trasy dla ka\u017cdego - Kendra Publishing<\/title>\n<meta name=\"robots\" content=\"noindex, follow\" \/>\n<meta property=\"og:locale\" content=\"pl_PL\" \/>\n<meta property=\"og:type\" content=\"article\" \/>\n<meta property=\"og:title\" content=\"Gdzie w g\u00f3ry na weekend. G\u00f3rskie trasy dla ka\u017cdego - Kendra Publishing\" \/>\n<meta property=\"og:description\" content=\"Je\u015bli zastanawiasz si\u0119, jak rozpocz\u0105\u0107 beskidzk\u0105 przygod\u0119, co spakowa\u0107 przed wyruszeniem na szlak, gdzie zrobi\u0107 przerw\u0119 -ta ksi\u0105\u017cka jest dla Ciebie, a Tomasz Habdas z pewno\u015bci\u0105 Ci\u0119 zainspiruje.\" \/>\n<meta property=\"og:url\" content=\"https:\/\/www.kendra.com.pl\/shop\/produkt\/gdzie-w-gory-na-weekend-gorskie-trasy-dla-kazdego\/\" \/>\n<meta property=\"og:site_name\" content=\"Kendra Publishing\" \/>\n<meta property=\"article:modified_time\" content=\"2025-02-16T13:10:32+00:00\" \/>\n<meta property=\"og:image\" content=\"https:\/\/www.kendra.com.pl\/shop\/wp-content\/uploads\/2022\/08\/Gdzie-w-gory-na-weekend-Tomasz-Habdas.jpg\" \/>\n\t<meta property=\"og:image:width\" content=\"1120\" \/>\n\t<meta property=\"og:image:height\" content=\"920\" \/>\n\t<meta property=\"og:image:type\" content=\"image\/jpeg\" \/>\n<meta name=\"twitter:card\" content=\"summary_large_image\" \/>\n<meta name=\"twitter:label1\" content=\"Szacowany czas czytania\" \/>\n\t<meta name=\"twitter:data1\" content=\"1 minuta\" \/>\n<script type=\"application\/ld+json\" class=\"yoast-schema-graph\">{\"@context\":\"https:\/\/schema.org\",\"@graph\":[{\"@type\":\"WebSite\",\"@id\":\"https:\/\/www.kendra.com.pl\/shop\/#website\",\"url\":\"https:\/\/www.kendra.com.pl\/shop\/\",\"name\":\"Kendra Publishing\",\"description\":\"Sklep\",\"potentialAction\":[{\"@type\":\"SearchAction\",\"target\":{\"@type\":\"EntryPoint\",\"urlTemplate\":\"https:\/\/www.kendra.com.pl\/shop\/?s={search_term_string}\"},\"query-input\":\"required name=search_term_string\"}],\"inLanguage\":\"pl-PL\"},{\"@type\":\"ImageObject\",\"inLanguage\":\"pl-PL\",\"@id\":\"https:\/\/www.kendra.com.pl\/shop\/produkt\/gdzie-w-gory-na-weekend-gorskie-trasy-dla-kazdego\/#primaryimage\",\"url\":\"https:\/\/www.kendra.com.pl\/shop\/wp-content\/uploads\/2022\/08\/Gdzie-w-gory-na-weekend-Tomasz-Habdas.jpg\",\"contentUrl\":\"https:\/\/www.kendra.com.pl\/shop\/wp-content\/uploads\/2022\/08\/Gdzie-w-gory-na-weekend-Tomasz-Habdas.jpg\",\"width\":1120,\"height\":920},{\"@type\":\"WebPage\",\"@id\":\"https:\/\/www.kendra.com.pl\/shop\/produkt\/gdzie-w-gory-na-weekend-gorskie-trasy-dla-kazdego\/#webpage\",\"url\":\"https:\/\/www.kendra.com.pl\/shop\/produkt\/gdzie-w-gory-na-weekend-gorskie-trasy-dla-kazdego\/\",\"name\":\"Gdzie w g\u00f3ry na weekend. G\u00f3rskie trasy dla ka\u017cdego - Kendra Publishing\",\"isPartOf\":{\"@id\":\"https:\/\/www.kendra.com.pl\/shop\/#website\"},\"primaryImageOfPage\":{\"@id\":\"https:\/\/www.kendra.com.pl\/shop\/produkt\/gdzie-w-gory-na-weekend-gorskie-trasy-dla-kazdego\/#primaryimage\"},\"datePublished\":\"2022-08-02T10:53:04+00:00\",\"dateModified\":\"2025-02-16T13:10:32+00:00\",\"breadcrumb\":{\"@id\":\"https:\/\/www.kendra.com.pl\/shop\/produkt\/gdzie-w-gory-na-weekend-gorskie-trasy-dla-kazdego\/#breadcrumb\"},\"inLanguage\":\"pl-PL\",\"potentialAction\":[{\"@type\":\"ReadAction\",\"target\":[\"https:\/\/www.kendra.com.pl\/shop\/produkt\/gdzie-w-gory-na-weekend-gorskie-trasy-dla-kazdego\/\"]}]},{\"@type\":\"BreadcrumbList\",\"@id\":\"https:\/\/www.kendra.com.pl\/shop\/produkt\/gdzie-w-gory-na-weekend-gorskie-trasy-dla-kazdego\/#breadcrumb\",\"itemListElement\":[{\"@type\":\"ListItem\",\"position\":1,\"name\":\"Strona g\u0142\u00f3wna\",\"item\":\"https:\/\/www.kendra.com.pl\/shop\/\"},{\"@type\":\"ListItem\",\"position\":2,\"name\":\"Przerwa w dzia\u0142alno\u015bci sklepu&#8230;\",\"item\":\"https:\/\/www.kendra.com.pl\/shop\/?page_id=1888\"},{\"@type\":\"ListItem\",\"position\":3,\"name\":\"Gdzie w g\u00f3ry na weekend. G\u00f3rskie trasy dla ka\u017cdego\"}]}]}<\/script>\n<!-- \/ Yoast SEO plugin. -->","yoast_head_json":{"title":"Gdzie w g\u00f3ry na weekend. G\u00f3rskie trasy dla ka\u017cdego - Kendra Publishing","robots":{"index":"noindex","follow":"follow"},"og_locale":"pl_PL","og_type":"article","og_title":"Gdzie w g\u00f3ry na weekend. G\u00f3rskie trasy dla ka\u017cdego - Kendra Publishing","og_description":"Je\u015bli zastanawiasz si\u0119, jak rozpocz\u0105\u0107 beskidzk\u0105 przygod\u0119, co spakowa\u0107 przed wyruszeniem na szlak, gdzie zrobi\u0107 przerw\u0119 -ta ksi\u0105\u017cka jest dla Ciebie, a Tomasz Habdas z pewno\u015bci\u0105 Ci\u0119 zainspiruje.","og_url":"https:\/\/www.kendra.com.pl\/shop\/produkt\/gdzie-w-gory-na-weekend-gorskie-trasy-dla-kazdego\/","og_site_name":"Kendra Publishing","article_modified_time":"2025-02-16T13:10:32+00:00","og_image":[{"width":1120,"height":920,"url":"https:\/\/www.kendra.com.pl\/shop\/wp-content\/uploads\/2022\/08\/Gdzie-w-gory-na-weekend-Tomasz-Habdas.jpg","type":"image\/jpeg"}],"twitter_card":"summary_large_image","twitter_misc":{"Szacowany czas czytania":"1 minuta"},"schema":{"@context":"https:\/\/schema.org","@graph":[{"@type":"WebSite","@id":"https:\/\/www.kendra.com.pl\/shop\/#website","url":"https:\/\/www.kendra.com.pl\/shop\/","name":"Kendra Publishing","description":"Sklep","potentialAction":[{"@type":"SearchAction","target":{"@type":"EntryPoint","urlTemplate":"https:\/\/www.kendra.com.pl\/shop\/?s={search_term_string}"},"query-input":"required name=search_term_string"}],"inLanguage":"pl-PL"},{"@type":"ImageObject","inLanguage":"pl-PL","@id":"https:\/\/www.kendra.com.pl\/shop\/produkt\/gdzie-w-gory-na-weekend-gorskie-trasy-dla-kazdego\/#primaryimage","url":"https:\/\/www.kendra.com.pl\/shop\/wp-content\/uploads\/2022\/08\/Gdzie-w-gory-na-weekend-Tomasz-Habdas.jpg","contentUrl":"https:\/\/www.kendra.com.pl\/shop\/wp-content\/uploads\/2022\/08\/Gdzie-w-gory-na-weekend-Tomasz-Habdas.jpg","width":1120,"height":920},{"@type":"WebPage","@id":"https:\/\/www.kendra.com.pl\/shop\/produkt\/gdzie-w-gory-na-weekend-gorskie-trasy-dla-kazdego\/#webpage","url":"https:\/\/www.kendra.com.pl\/shop\/produkt\/gdzie-w-gory-na-weekend-gorskie-trasy-dla-kazdego\/","name":"Gdzie w g\u00f3ry na weekend. G\u00f3rskie trasy dla ka\u017cdego - Kendra Publishing","isPartOf":{"@id":"https:\/\/www.kendra.com.pl\/shop\/#website"},"primaryImageOfPage":{"@id":"https:\/\/www.kendra.com.pl\/shop\/produkt\/gdzie-w-gory-na-weekend-gorskie-trasy-dla-kazdego\/#primaryimage"},"datePublished":"2022-08-02T10:53:04+00:00","dateModified":"2025-02-16T13:10:32+00:00","breadcrumb":{"@id":"https:\/\/www.kendra.com.pl\/shop\/produkt\/gdzie-w-gory-na-weekend-gorskie-trasy-dla-kazdego\/#breadcrumb"},"inLanguage":"pl-PL","potentialAction":[{"@type":"ReadAction","target":["https:\/\/www.kendra.com.pl\/shop\/produkt\/gdzie-w-gory-na-weekend-gorskie-trasy-dla-kazdego\/"]}]},{"@type":"BreadcrumbList","@id":"https:\/\/www.kendra.com.pl\/shop\/produkt\/gdzie-w-gory-na-weekend-gorskie-trasy-dla-kazdego\/#breadcrumb","itemListElement":[{"@type":"ListItem","position":1,"name":"Strona g\u0142\u00f3wna","item":"https:\/\/www.kendra.com.pl\/shop\/"},{"@type":"ListItem","position":2,"name":"Przerwa w dzia\u0142alno\u015bci sklepu&#8230;","item":"https:\/\/www.kendra.com.pl\/shop\/?page_id=1888"},{"@type":"ListItem","position":3,"name":"Gdzie w g\u00f3ry na weekend. G\u00f3rskie trasy dla ka\u017cdego"}]}]}},"_links":{"self":[{"href":"https:\/\/www.kendra.com.pl\/shop\/wp-json\/wp\/v2\/product\/4347"}],"collection":[{"href":"https:\/\/www.kendra.com.pl\/shop\/wp-json\/wp\/v2\/product"}],"about":[{"href":"https:\/\/www.kendra.com.pl\/shop\/wp-json\/wp\/v2\/types\/product"}],"replies":[{"embeddable":true,"href":"https:\/\/www.kendra.com.pl\/shop\/wp-json\/wp\/v2\/comments?post=4347"}],"wp:featuredmedia":[{"embeddable":true,"href":"https:\/\/www.kendra.com.pl\/shop\/wp-json\/wp\/v2\/media\/4348"}],"wp:attachment":[{"href":"https:\/\/www.kendra.com.pl\/shop\/wp-json\/wp\/v2\/media?parent=4347"}],"wp:term":[{"taxonomy":"product_cat","embeddable":true,"href":"https:\/\/www.kendra.com.pl\/shop\/wp-json\/wp\/v2\/product_cat?post=4347"},{"taxonomy":"product_tag","embeddable":true,"href":"https:\/\/www.kendra.com.pl\/shop\/wp-json\/wp\/v2\/product_tag?post=4347"}],"curies":[{"name":"wp","href":"https:\/\/api.w.org\/{rel}","templated":true}]}}