{"id":4449,"date":"2022-03-31T11:47:48","date_gmt":"2022-03-31T09:47:48","guid":{"rendered":"https:\/\/www.kendra.com.pl\/shop\/produkt\/ksiega-urody-czarownicy\/"},"modified":"2025-02-16T14:10:39","modified_gmt":"2025-02-16T13:10:39","slug":"ksiega-urody-czarownicy","status":"publish","type":"product","link":"https:\/\/www.kendra.com.pl\/shop\/produkt\/ksiega-urody-czarownicy\/","title":{"rendered":"Ksi\u0119ga urody czarownicy"},"content":{"rendered":"<p>Cudowny poradnik autorki kultowej ksi\u0105\u017cki \u201eGreen Witch\u201d<br \/>\nZadbaj o siebie w czaruj\u0105cy spos\u00f3b \u2013 dowiedz si\u0119, jak piel\u0119gnowa\u0107 cia\u0142o i dusz\u0119 zio\u0142owymi preparatami, zakl\u0119ciami oraz rytua\u0142ami inspirowanymi magi\u0105!<\/p>\n<p>Oto niezwyk\u0142y poradnik, dzi\u0119ki kt\u00f3remu poznasz skuteczne techniki magicznego dbania o siebie. \u201eKsi\u0119ga urody czarownicy\u201d skupia si\u0119 nie tylko na piel\u0119gnacji cia\u0142a, ale w du\u017cej mierze tak\u017ce na duszy, kt\u00f3ra jest kluczem do szcz\u0119\u015bliwego \u017cycia w zgodzie ze sob\u0105. Poznaj metody odzyskiwania r\u00f3wnowagi psychicznej oraz wewn\u0119trznej si\u0142y, odkrywania autodestrukcyjnych nawyk\u00f3w i ich zmiany na zdrowsze, a tak\u00ac\u017ce medytacje s\u0142u\u017c\u0105ce nawi\u0105zaniu lepszego kontaktu ze sob\u0105.<\/p>\n<p>Inspiruj\u0105c si\u0119 radami autorki, nauczysz si\u0119, jak:<br \/>\n\u2013 korzystac\u0301 z dobroczynnej energii natury, zio\u0301\u0142, kamieni i z\u0307ywio\u0142o\u0301w,<br \/>\n\u2013 piel\u0119gnowa\u0107 w sobie spok\u00f3j, cierpliwo\u015b\u0107 i mi\u0142o\u015b\u0107 do \u015bwiata oraz samej siebie,<br \/>\n\u2013 wspiera\u0107 swoj\u0105 wi\u0119\u017a z natur\u0105 i w pe\u0142ni korzysta\u0107 z jej dar\u00f3w,<br \/>\n\u2013 zadba\u0107 o cia\u0142o dzi\u0119ki prostym przepisom i koj\u0105cym k\u0105pielom.<\/p>\n<p>Czerp si\u0142\u0119 z natury i dodaj odrobin\u0119 magii do codziennego \u017cycia!<\/p>\n<p><strong>Powy\u017cszy opis pochodzi od wydawcy.<\/strong><\/p>\n","protected":false},"excerpt":{"rendered":"<p>Dzi\u0119ki tej ksi\u0105\u017cce dowiesz si\u0119 jak korzysta\u0107 z dobrodziejstw natury oraz jak zacie\u015bni\u0107 z ni\u0105 wi\u0119zi, aby w pe\u0142ni korzysta\u0107 z jej dar\u00f3w. Zadbaj o swoje cia\u0142o, umys\u0142 i dusz\u0119, i czerp si\u0142\u0119 z natury.<\/p>\n","protected":false},"featured_media":4450,"comment_status":"open","ping_status":"closed","template":"","meta":[],"product_cat":[755,417,17,786,790,411,410,401],"product_tag":[],"yoast_head":"<!-- This site is optimized with the Yoast SEO plugin v18.8 - https:\/\/yoast.com\/wordpress\/plugins\/seo\/ -->\n<title>Ksi\u0119ga urody czarownicy - Kendra Publishing<\/title>\n<meta name=\"robots\" content=\"noindex, follow\" \/>\n<meta property=\"og:locale\" content=\"pl_PL\" \/>\n<meta property=\"og:type\" content=\"article\" \/>\n<meta property=\"og:title\" content=\"Ksi\u0119ga urody czarownicy - Kendra Publishing\" \/>\n<meta property=\"og:description\" content=\"Dzi\u0119ki tej ksi\u0105\u017cce dowiesz si\u0119 jak korzysta\u0107 z dobrodziejstw natury oraz jak zacie\u015bni\u0107 z ni\u0105 wi\u0119zi, aby w pe\u0142ni korzysta\u0107 z jej dar\u00f3w. Zadbaj o swoje cia\u0142o, umys\u0142 i dusz\u0119, i czerp si\u0142\u0119 z natury.\" \/>\n<meta property=\"og:url\" content=\"https:\/\/www.kendra.com.pl\/shop\/produkt\/ksiega-urody-czarownicy\/\" \/>\n<meta property=\"og:site_name\" content=\"Kendra Publishing\" \/>\n<meta property=\"article:modified_time\" content=\"2025-02-16T13:10:39+00:00\" \/>\n<meta property=\"og:image\" content=\"https:\/\/www.kendra.com.pl\/shop\/wp-content\/uploads\/2022\/03\/Ksiega-urody-czarownicy-Arin-Murphy-Hiscock.jpg\" \/>\n\t<meta property=\"og:image:width\" content=\"1120\" \/>\n\t<meta property=\"og:image:height\" content=\"920\" \/>\n\t<meta property=\"og:image:type\" content=\"image\/jpeg\" \/>\n<meta name=\"twitter:card\" content=\"summary_large_image\" \/>\n<meta name=\"twitter:label1\" content=\"Szacowany czas czytania\" \/>\n\t<meta name=\"twitter:data1\" content=\"1 minuta\" \/>\n<script type=\"application\/ld+json\" class=\"yoast-schema-graph\">{\"@context\":\"https:\/\/schema.org\",\"@graph\":[{\"@type\":\"WebSite\",\"@id\":\"https:\/\/www.kendra.com.pl\/shop\/#website\",\"url\":\"https:\/\/www.kendra.com.pl\/shop\/\",\"name\":\"Kendra Publishing\",\"description\":\"Sklep\",\"potentialAction\":[{\"@type\":\"SearchAction\",\"target\":{\"@type\":\"EntryPoint\",\"urlTemplate\":\"https:\/\/www.kendra.com.pl\/shop\/?s={search_term_string}\"},\"query-input\":\"required name=search_term_string\"}],\"inLanguage\":\"pl-PL\"},{\"@type\":\"ImageObject\",\"inLanguage\":\"pl-PL\",\"@id\":\"https:\/\/www.kendra.com.pl\/shop\/produkt\/ksiega-urody-czarownicy\/#primaryimage\",\"url\":\"https:\/\/www.kendra.com.pl\/shop\/wp-content\/uploads\/2022\/03\/Ksiega-urody-czarownicy-Arin-Murphy-Hiscock.jpg\",\"contentUrl\":\"https:\/\/www.kendra.com.pl\/shop\/wp-content\/uploads\/2022\/03\/Ksiega-urody-czarownicy-Arin-Murphy-Hiscock.jpg\",\"width\":1120,\"height\":920},{\"@type\":\"WebPage\",\"@id\":\"https:\/\/www.kendra.com.pl\/shop\/produkt\/ksiega-urody-czarownicy\/#webpage\",\"url\":\"https:\/\/www.kendra.com.pl\/shop\/produkt\/ksiega-urody-czarownicy\/\",\"name\":\"Ksi\u0119ga urody czarownicy - Kendra Publishing\",\"isPartOf\":{\"@id\":\"https:\/\/www.kendra.com.pl\/shop\/#website\"},\"primaryImageOfPage\":{\"@id\":\"https:\/\/www.kendra.com.pl\/shop\/produkt\/ksiega-urody-czarownicy\/#primaryimage\"},\"datePublished\":\"2022-03-31T09:47:48+00:00\",\"dateModified\":\"2025-02-16T13:10:39+00:00\",\"breadcrumb\":{\"@id\":\"https:\/\/www.kendra.com.pl\/shop\/produkt\/ksiega-urody-czarownicy\/#breadcrumb\"},\"inLanguage\":\"pl-PL\",\"potentialAction\":[{\"@type\":\"ReadAction\",\"target\":[\"https:\/\/www.kendra.com.pl\/shop\/produkt\/ksiega-urody-czarownicy\/\"]}]},{\"@type\":\"BreadcrumbList\",\"@id\":\"https:\/\/www.kendra.com.pl\/shop\/produkt\/ksiega-urody-czarownicy\/#breadcrumb\",\"itemListElement\":[{\"@type\":\"ListItem\",\"position\":1,\"name\":\"Strona g\u0142\u00f3wna\",\"item\":\"https:\/\/www.kendra.com.pl\/shop\/\"},{\"@type\":\"ListItem\",\"position\":2,\"name\":\"Przerwa w dzia\u0142alno\u015bci sklepu&#8230;\",\"item\":\"https:\/\/www.kendra.com.pl\/shop\/?page_id=1888\"},{\"@type\":\"ListItem\",\"position\":3,\"name\":\"Ksi\u0119ga urody czarownicy\"}]}]}<\/script>\n<!-- \/ Yoast SEO plugin. -->","yoast_head_json":{"title":"Ksi\u0119ga urody czarownicy - Kendra Publishing","robots":{"index":"noindex","follow":"follow"},"og_locale":"pl_PL","og_type":"article","og_title":"Ksi\u0119ga urody czarownicy - Kendra Publishing","og_description":"Dzi\u0119ki tej ksi\u0105\u017cce dowiesz si\u0119 jak korzysta\u0107 z dobrodziejstw natury oraz jak zacie\u015bni\u0107 z ni\u0105 wi\u0119zi, aby w pe\u0142ni korzysta\u0107 z jej dar\u00f3w. Zadbaj o swoje cia\u0142o, umys\u0142 i dusz\u0119, i czerp si\u0142\u0119 z natury.","og_url":"https:\/\/www.kendra.com.pl\/shop\/produkt\/ksiega-urody-czarownicy\/","og_site_name":"Kendra Publishing","article_modified_time":"2025-02-16T13:10:39+00:00","og_image":[{"width":1120,"height":920,"url":"https:\/\/www.kendra.com.pl\/shop\/wp-content\/uploads\/2022\/03\/Ksiega-urody-czarownicy-Arin-Murphy-Hiscock.jpg","type":"image\/jpeg"}],"twitter_card":"summary_large_image","twitter_misc":{"Szacowany czas czytania":"1 minuta"},"schema":{"@context":"https:\/\/schema.org","@graph":[{"@type":"WebSite","@id":"https:\/\/www.kendra.com.pl\/shop\/#website","url":"https:\/\/www.kendra.com.pl\/shop\/","name":"Kendra Publishing","description":"Sklep","potentialAction":[{"@type":"SearchAction","target":{"@type":"EntryPoint","urlTemplate":"https:\/\/www.kendra.com.pl\/shop\/?s={search_term_string}"},"query-input":"required name=search_term_string"}],"inLanguage":"pl-PL"},{"@type":"ImageObject","inLanguage":"pl-PL","@id":"https:\/\/www.kendra.com.pl\/shop\/produkt\/ksiega-urody-czarownicy\/#primaryimage","url":"https:\/\/www.kendra.com.pl\/shop\/wp-content\/uploads\/2022\/03\/Ksiega-urody-czarownicy-Arin-Murphy-Hiscock.jpg","contentUrl":"https:\/\/www.kendra.com.pl\/shop\/wp-content\/uploads\/2022\/03\/Ksiega-urody-czarownicy-Arin-Murphy-Hiscock.jpg","width":1120,"height":920},{"@type":"WebPage","@id":"https:\/\/www.kendra.com.pl\/shop\/produkt\/ksiega-urody-czarownicy\/#webpage","url":"https:\/\/www.kendra.com.pl\/shop\/produkt\/ksiega-urody-czarownicy\/","name":"Ksi\u0119ga urody czarownicy - Kendra Publishing","isPartOf":{"@id":"https:\/\/www.kendra.com.pl\/shop\/#website"},"primaryImageOfPage":{"@id":"https:\/\/www.kendra.com.pl\/shop\/produkt\/ksiega-urody-czarownicy\/#primaryimage"},"datePublished":"2022-03-31T09:47:48+00:00","dateModified":"2025-02-16T13:10:39+00:00","breadcrumb":{"@id":"https:\/\/www.kendra.com.pl\/shop\/produkt\/ksiega-urody-czarownicy\/#breadcrumb"},"inLanguage":"pl-PL","potentialAction":[{"@type":"ReadAction","target":["https:\/\/www.kendra.com.pl\/shop\/produkt\/ksiega-urody-czarownicy\/"]}]},{"@type":"BreadcrumbList","@id":"https:\/\/www.kendra.com.pl\/shop\/produkt\/ksiega-urody-czarownicy\/#breadcrumb","itemListElement":[{"@type":"ListItem","position":1,"name":"Strona g\u0142\u00f3wna","item":"https:\/\/www.kendra.com.pl\/shop\/"},{"@type":"ListItem","position":2,"name":"Przerwa w dzia\u0142alno\u015bci sklepu&#8230;","item":"https:\/\/www.kendra.com.pl\/shop\/?page_id=1888"},{"@type":"ListItem","position":3,"name":"Ksi\u0119ga urody czarownicy"}]}]}},"_links":{"self":[{"href":"https:\/\/www.kendra.com.pl\/shop\/wp-json\/wp\/v2\/product\/4449"}],"collection":[{"href":"https:\/\/www.kendra.com.pl\/shop\/wp-json\/wp\/v2\/product"}],"about":[{"href":"https:\/\/www.kendra.com.pl\/shop\/wp-json\/wp\/v2\/types\/product"}],"replies":[{"embeddable":true,"href":"https:\/\/www.kendra.com.pl\/shop\/wp-json\/wp\/v2\/comments?post=4449"}],"wp:featuredmedia":[{"embeddable":true,"href":"https:\/\/www.kendra.com.pl\/shop\/wp-json\/wp\/v2\/media\/4450"}],"wp:attachment":[{"href":"https:\/\/www.kendra.com.pl\/shop\/wp-json\/wp\/v2\/media?parent=4449"}],"wp:term":[{"taxonomy":"product_cat","embeddable":true,"href":"https:\/\/www.kendra.com.pl\/shop\/wp-json\/wp\/v2\/product_cat?post=4449"},{"taxonomy":"product_tag","embeddable":true,"href":"https:\/\/www.kendra.com.pl\/shop\/wp-json\/wp\/v2\/product_tag?post=4449"}],"curies":[{"name":"wp","href":"https:\/\/api.w.org\/{rel}","templated":true}]}}