{"id":826,"date":"2020-06-01T00:00:46","date_gmt":"2020-05-31T22:00:46","guid":{"rendered":"https:\/\/www.kendra.com.pl\/shop\/?post_type=product&#038;p=826"},"modified":"2025-02-16T14:17:15","modified_gmt":"2025-02-16T13:17:15","slug":"aw-33-mistycyzm-i-moralnosc","status":"publish","type":"product","link":"https:\/\/www.kendra.com.pl\/shop\/produkt\/aw-33-mistycyzm-i-moralnosc\/","title":{"rendered":"Mistycyzm i moralno\u015b\u0107"},"content":{"rendered":"","protected":false},"excerpt":{"rendered":"<p>Mistycyzm to pewnego rodzaju do\u015bwiadczenie lub stan \u015bwiadomo\u015bci, w kt\u00f3rym nie czujemy si\u0119 kim\u015b obcym w \u015bwiecie. Wr\u0119cz przeciwnie, \u015bwiat zewn\u0119trzny odbieramy tak jakby by\u0142 naszym w\u0142asnym cia\u0142em. W tym stanie \u015bwiadomo\u015bci mamy poczucie, \u017ce wszystkie wydarzenia i nasze czyny, czyny innych os\u00f3b, s\u0105 cz\u0119\u015bci\u0105 harmonijnego projektu.<\/p>\n<p>Moralno\u015b\u0107 to zbi\u00f3r zasad, analogicznych do zasad j\u0119zyka. Mo\u017cemy si\u0119 porozumie\u0107 np. po angielsku, tylko je\u015bli wsp\u00f3lnie zgadzamy si\u0119 co do regu\u0142 tego j\u0119zyka. Kt\u00f3re s\u0142owa oznaczaj\u0105 kt\u00f3re prze\u017cycia i w jaki spos\u00f3b nale\u017cy \u0142\u0105czy\u0107 wyrazy. Ciekawe, \u017ce bez problemu zgadzamy si\u0119 ze sob\u0105, je\u015bli chodzi o j\u0119zyk. Policja nie musi narzuca\u0107 nam gramatyki. Jednak w przypadku innych rzeczy, musimy je ze sob\u0105 ustala\u0107, poniewa\u017c tak jak musimy si\u0119 zgadza\u0107, by m\u00f3c si\u0119 porozumie\u0107 w danym j\u0119zyku, musimy si\u0119 zgadza\u0107 co do zasad prowadzenia pojazdu, prowadzenia dzia\u0142alno\u015bci biznesowej, zasad bankowo\u015bci, zasad funkcjonowania rodziny i innych zasad. To takie same regu\u0142y, jak regu\u0142y gramatyki. Ale niestety cz\u0119sto si\u0119 tego nie uznaje, poniewa\u017c autorytet, sankcje i w\u0142adza, jaka za nimi stoi, r\u00f3\u017cni si\u0119 od autorytet\u00f3w j\u0119zykowych.<\/p>\n<p>Problem pojawia si\u0119 wtedy, kiedy mistycyzm k\u0142\u00f3ci si\u0119 z moralno\u015bci\u0105. W toku ca\u0142ej historii religii, mistycy byli ci\u0105gle o co\u015b podejrzewani. Religia sta\u0142a na stra\u017cy moralno\u015bci, tak samo jak leksykografowie i gramatycy stoj\u0105 na stra\u017cy zasad gramatyki i s\u0105 jej wyk\u0142adni\u0105, tak w\u0142a\u015bnie kap\u0142ani i prawnicy strzeg\u0105 regu\u0142 post\u0119powania w spo\u0142ecze\u0144stwie.<\/p>\n<p>Mistyk odczuwa g\u0142\u00f3wnie bosko\u015b\u0107, chwa\u0142\u0119 wszystkiego, co istnieje. Wi\u0119c je\u015bli zastosujemy to do moralnych osi\u0105gni\u0119\u0107, liczy si\u0119 tylko to, co czujemy NAPRAWD\u0118&#8230;<\/p>\n[wc-koplo]\n","protected":false},"featured_media":827,"comment_status":"closed","ping_status":"closed","template":"","meta":[],"product_cat":[16],"product_tag":[33,37,263,26,163,87,298,296,46,130,116,304,268,303,234,291,301,302,295,299,300,34,305,297,216,306,180],"yoast_head":"<!-- This site is optimized with the Yoast SEO plugin v18.8 - https:\/\/yoast.com\/wordpress\/plugins\/seo\/ -->\n<title>Mistycyzm i moralno\u015b\u0107 - Kendra Publishing<\/title>\n<meta name=\"robots\" content=\"noindex, follow\" \/>\n<meta property=\"og:locale\" content=\"pl_PL\" \/>\n<meta property=\"og:type\" content=\"article\" \/>\n<meta property=\"og:title\" content=\"Mistycyzm i moralno\u015b\u0107 - Kendra Publishing\" \/>\n<meta property=\"og:description\" content=\"Mistycyzm to pewnego rodzaju do\u015bwiadczenie lub stan \u015bwiadomo\u015bci, w kt\u00f3rym nie czujemy si\u0119 kim\u015b obcym w \u015bwiecie. Wr\u0119cz przeciwnie, \u015bwiat zewn\u0119trzny odbieramy tak jakby by\u0142 naszym w\u0142asnym cia\u0142em. W tym stanie \u015bwiadomo\u015bci mamy poczucie, \u017ce wszystkie wydarzenia i nasze czyny, czyny innych os\u00f3b, s\u0105 cz\u0119\u015bci\u0105 harmonijnego projektu.  Moralno\u015b\u0107 to zbi\u00f3r zasad, analogicznych do zasad j\u0119zyka. Mo\u017cemy si\u0119 porozumie\u0107 np. po angielsku, tylko je\u015bli wsp\u00f3lnie zgadzamy si\u0119 co do regu\u0142 tego j\u0119zyka. Kt\u00f3re s\u0142owa oznaczaj\u0105 kt\u00f3re prze\u017cycia i w jaki spos\u00f3b nale\u017cy \u0142\u0105czy\u0107 wyrazy. Ciekawe, \u017ce bez problemu zgadzamy si\u0119 ze sob\u0105, je\u015bli chodzi o j\u0119zyk. Policja nie musi narzuca\u0107 nam gramatyki. Jednak w przypadku innych rzeczy, musimy je ze sob\u0105 ustala\u0107, poniewa\u017c tak jak musimy si\u0119 zgadza\u0107, by m\u00f3c si\u0119 porozumie\u0107 w danym j\u0119zyku, musimy si\u0119 zgadza\u0107 co do zasad prowadzenia pojazdu, prowadzenia dzia\u0142alno\u015bci biznesowej, zasad bankowo\u015bci, zasad funkcjonowania rodziny i innych zasad. To takie same regu\u0142y, jak regu\u0142y gramatyki. Ale niestety cz\u0119sto si\u0119 tego nie uznaje, poniewa\u017c autorytet, sankcje i w\u0142adza, jaka za nimi stoi, r\u00f3\u017cni si\u0119 od autorytet\u00f3w j\u0119zykowych.  Problem pojawia si\u0119 wtedy, kiedy mistycyzm k\u0142\u00f3ci si\u0119 z moralno\u015bci\u0105. W toku ca\u0142ej historii religii, mistycy byli ci\u0105gle o co\u015b podejrzewani. Religia sta\u0142a na stra\u017cy moralno\u015bci, tak samo jak leksykografowie i gramatycy stoj\u0105 na stra\u017cy zasad gramatyki i s\u0105 jej wyk\u0142adni\u0105, tak w\u0142a\u015bnie kap\u0142ani i prawnicy strzeg\u0105 regu\u0142 post\u0119powania w spo\u0142ecze\u0144stwie.  Mistyk odczuwa g\u0142\u00f3wnie bosko\u015b\u0107, chwa\u0142\u0119 wszystkiego, co istnieje. Wi\u0119c je\u015bli zastosujemy to do moralnych osi\u0105gni\u0119\u0107, liczy si\u0119 tylko to, co czujemy NAPRAWD\u0118...\" \/>\n<meta property=\"og:url\" content=\"https:\/\/www.kendra.com.pl\/shop\/produkt\/aw-33-mistycyzm-i-moralnosc\/\" \/>\n<meta property=\"og:site_name\" content=\"Kendra Publishing\" \/>\n<meta property=\"article:modified_time\" content=\"2025-02-16T13:17:15+00:00\" \/>\n<meta property=\"og:image\" content=\"https:\/\/www.kendra.com.pl\/shop\/wp-content\/uploads\/2020\/03\/okladka-33-mistycyzm-i-moralnosc.png\" \/>\n\t<meta property=\"og:image:width\" content=\"949\" \/>\n\t<meta property=\"og:image:height\" content=\"943\" \/>\n\t<meta property=\"og:image:type\" content=\"image\/png\" \/>\n<meta name=\"twitter:card\" content=\"summary_large_image\" \/>\n<script type=\"application\/ld+json\" class=\"yoast-schema-graph\">{\"@context\":\"https:\/\/schema.org\",\"@graph\":[{\"@type\":\"WebSite\",\"@id\":\"https:\/\/www.kendra.com.pl\/shop\/#website\",\"url\":\"https:\/\/www.kendra.com.pl\/shop\/\",\"name\":\"Kendra Publishing\",\"description\":\"Sklep\",\"potentialAction\":[{\"@type\":\"SearchAction\",\"target\":{\"@type\":\"EntryPoint\",\"urlTemplate\":\"https:\/\/www.kendra.com.pl\/shop\/?s={search_term_string}\"},\"query-input\":\"required name=search_term_string\"}],\"inLanguage\":\"pl-PL\"},{\"@type\":\"ImageObject\",\"inLanguage\":\"pl-PL\",\"@id\":\"https:\/\/www.kendra.com.pl\/shop\/produkt\/aw-33-mistycyzm-i-moralnosc\/#primaryimage\",\"url\":\"https:\/\/www.kendra.com.pl\/shop\/wp-content\/uploads\/2020\/03\/okladka-33-mistycyzm-i-moralnosc.png\",\"contentUrl\":\"https:\/\/www.kendra.com.pl\/shop\/wp-content\/uploads\/2020\/03\/okladka-33-mistycyzm-i-moralnosc.png\",\"width\":949,\"height\":943},{\"@type\":\"WebPage\",\"@id\":\"https:\/\/www.kendra.com.pl\/shop\/produkt\/aw-33-mistycyzm-i-moralnosc\/#webpage\",\"url\":\"https:\/\/www.kendra.com.pl\/shop\/produkt\/aw-33-mistycyzm-i-moralnosc\/\",\"name\":\"Mistycyzm i moralno\u015b\u0107 - Kendra Publishing\",\"isPartOf\":{\"@id\":\"https:\/\/www.kendra.com.pl\/shop\/#website\"},\"primaryImageOfPage\":{\"@id\":\"https:\/\/www.kendra.com.pl\/shop\/produkt\/aw-33-mistycyzm-i-moralnosc\/#primaryimage\"},\"datePublished\":\"2020-05-31T22:00:46+00:00\",\"dateModified\":\"2025-02-16T13:17:15+00:00\",\"breadcrumb\":{\"@id\":\"https:\/\/www.kendra.com.pl\/shop\/produkt\/aw-33-mistycyzm-i-moralnosc\/#breadcrumb\"},\"inLanguage\":\"pl-PL\",\"potentialAction\":[{\"@type\":\"ReadAction\",\"target\":[\"https:\/\/www.kendra.com.pl\/shop\/produkt\/aw-33-mistycyzm-i-moralnosc\/\"]}]},{\"@type\":\"BreadcrumbList\",\"@id\":\"https:\/\/www.kendra.com.pl\/shop\/produkt\/aw-33-mistycyzm-i-moralnosc\/#breadcrumb\",\"itemListElement\":[{\"@type\":\"ListItem\",\"position\":1,\"name\":\"Strona g\u0142\u00f3wna\",\"item\":\"https:\/\/www.kendra.com.pl\/shop\/\"},{\"@type\":\"ListItem\",\"position\":2,\"name\":\"Przerwa w dzia\u0142alno\u015bci sklepu&#8230;\",\"item\":\"https:\/\/www.kendra.com.pl\/shop\/?page_id=1888\"},{\"@type\":\"ListItem\",\"position\":3,\"name\":\"Mistycyzm i moralno\u015b\u0107\"}]}]}<\/script>\n<!-- \/ Yoast SEO plugin. -->","yoast_head_json":{"title":"Mistycyzm i moralno\u015b\u0107 - Kendra Publishing","robots":{"index":"noindex","follow":"follow"},"og_locale":"pl_PL","og_type":"article","og_title":"Mistycyzm i moralno\u015b\u0107 - Kendra Publishing","og_description":"Mistycyzm to pewnego rodzaju do\u015bwiadczenie lub stan \u015bwiadomo\u015bci, w kt\u00f3rym nie czujemy si\u0119 kim\u015b obcym w \u015bwiecie. Wr\u0119cz przeciwnie, \u015bwiat zewn\u0119trzny odbieramy tak jakby by\u0142 naszym w\u0142asnym cia\u0142em. W tym stanie \u015bwiadomo\u015bci mamy poczucie, \u017ce wszystkie wydarzenia i nasze czyny, czyny innych os\u00f3b, s\u0105 cz\u0119\u015bci\u0105 harmonijnego projektu.  Moralno\u015b\u0107 to zbi\u00f3r zasad, analogicznych do zasad j\u0119zyka. Mo\u017cemy si\u0119 porozumie\u0107 np. po angielsku, tylko je\u015bli wsp\u00f3lnie zgadzamy si\u0119 co do regu\u0142 tego j\u0119zyka. Kt\u00f3re s\u0142owa oznaczaj\u0105 kt\u00f3re prze\u017cycia i w jaki spos\u00f3b nale\u017cy \u0142\u0105czy\u0107 wyrazy. Ciekawe, \u017ce bez problemu zgadzamy si\u0119 ze sob\u0105, je\u015bli chodzi o j\u0119zyk. Policja nie musi narzuca\u0107 nam gramatyki. Jednak w przypadku innych rzeczy, musimy je ze sob\u0105 ustala\u0107, poniewa\u017c tak jak musimy si\u0119 zgadza\u0107, by m\u00f3c si\u0119 porozumie\u0107 w danym j\u0119zyku, musimy si\u0119 zgadza\u0107 co do zasad prowadzenia pojazdu, prowadzenia dzia\u0142alno\u015bci biznesowej, zasad bankowo\u015bci, zasad funkcjonowania rodziny i innych zasad. To takie same regu\u0142y, jak regu\u0142y gramatyki. Ale niestety cz\u0119sto si\u0119 tego nie uznaje, poniewa\u017c autorytet, sankcje i w\u0142adza, jaka za nimi stoi, r\u00f3\u017cni si\u0119 od autorytet\u00f3w j\u0119zykowych.  Problem pojawia si\u0119 wtedy, kiedy mistycyzm k\u0142\u00f3ci si\u0119 z moralno\u015bci\u0105. W toku ca\u0142ej historii religii, mistycy byli ci\u0105gle o co\u015b podejrzewani. Religia sta\u0142a na stra\u017cy moralno\u015bci, tak samo jak leksykografowie i gramatycy stoj\u0105 na stra\u017cy zasad gramatyki i s\u0105 jej wyk\u0142adni\u0105, tak w\u0142a\u015bnie kap\u0142ani i prawnicy strzeg\u0105 regu\u0142 post\u0119powania w spo\u0142ecze\u0144stwie.  Mistyk odczuwa g\u0142\u00f3wnie bosko\u015b\u0107, chwa\u0142\u0119 wszystkiego, co istnieje. Wi\u0119c je\u015bli zastosujemy to do moralnych osi\u0105gni\u0119\u0107, liczy si\u0119 tylko to, co czujemy NAPRAWD\u0118...","og_url":"https:\/\/www.kendra.com.pl\/shop\/produkt\/aw-33-mistycyzm-i-moralnosc\/","og_site_name":"Kendra Publishing","article_modified_time":"2025-02-16T13:17:15+00:00","og_image":[{"width":949,"height":943,"url":"https:\/\/www.kendra.com.pl\/shop\/wp-content\/uploads\/2020\/03\/okladka-33-mistycyzm-i-moralnosc.png","type":"image\/png"}],"twitter_card":"summary_large_image","schema":{"@context":"https:\/\/schema.org","@graph":[{"@type":"WebSite","@id":"https:\/\/www.kendra.com.pl\/shop\/#website","url":"https:\/\/www.kendra.com.pl\/shop\/","name":"Kendra Publishing","description":"Sklep","potentialAction":[{"@type":"SearchAction","target":{"@type":"EntryPoint","urlTemplate":"https:\/\/www.kendra.com.pl\/shop\/?s={search_term_string}"},"query-input":"required name=search_term_string"}],"inLanguage":"pl-PL"},{"@type":"ImageObject","inLanguage":"pl-PL","@id":"https:\/\/www.kendra.com.pl\/shop\/produkt\/aw-33-mistycyzm-i-moralnosc\/#primaryimage","url":"https:\/\/www.kendra.com.pl\/shop\/wp-content\/uploads\/2020\/03\/okladka-33-mistycyzm-i-moralnosc.png","contentUrl":"https:\/\/www.kendra.com.pl\/shop\/wp-content\/uploads\/2020\/03\/okladka-33-mistycyzm-i-moralnosc.png","width":949,"height":943},{"@type":"WebPage","@id":"https:\/\/www.kendra.com.pl\/shop\/produkt\/aw-33-mistycyzm-i-moralnosc\/#webpage","url":"https:\/\/www.kendra.com.pl\/shop\/produkt\/aw-33-mistycyzm-i-moralnosc\/","name":"Mistycyzm i moralno\u015b\u0107 - Kendra Publishing","isPartOf":{"@id":"https:\/\/www.kendra.com.pl\/shop\/#website"},"primaryImageOfPage":{"@id":"https:\/\/www.kendra.com.pl\/shop\/produkt\/aw-33-mistycyzm-i-moralnosc\/#primaryimage"},"datePublished":"2020-05-31T22:00:46+00:00","dateModified":"2025-02-16T13:17:15+00:00","breadcrumb":{"@id":"https:\/\/www.kendra.com.pl\/shop\/produkt\/aw-33-mistycyzm-i-moralnosc\/#breadcrumb"},"inLanguage":"pl-PL","potentialAction":[{"@type":"ReadAction","target":["https:\/\/www.kendra.com.pl\/shop\/produkt\/aw-33-mistycyzm-i-moralnosc\/"]}]},{"@type":"BreadcrumbList","@id":"https:\/\/www.kendra.com.pl\/shop\/produkt\/aw-33-mistycyzm-i-moralnosc\/#breadcrumb","itemListElement":[{"@type":"ListItem","position":1,"name":"Strona g\u0142\u00f3wna","item":"https:\/\/www.kendra.com.pl\/shop\/"},{"@type":"ListItem","position":2,"name":"Przerwa w dzia\u0142alno\u015bci sklepu&#8230;","item":"https:\/\/www.kendra.com.pl\/shop\/?page_id=1888"},{"@type":"ListItem","position":3,"name":"Mistycyzm i moralno\u015b\u0107"}]}]}},"_links":{"self":[{"href":"https:\/\/www.kendra.com.pl\/shop\/wp-json\/wp\/v2\/product\/826"}],"collection":[{"href":"https:\/\/www.kendra.com.pl\/shop\/wp-json\/wp\/v2\/product"}],"about":[{"href":"https:\/\/www.kendra.com.pl\/shop\/wp-json\/wp\/v2\/types\/product"}],"replies":[{"embeddable":true,"href":"https:\/\/www.kendra.com.pl\/shop\/wp-json\/wp\/v2\/comments?post=826"}],"wp:featuredmedia":[{"embeddable":true,"href":"https:\/\/www.kendra.com.pl\/shop\/wp-json\/wp\/v2\/media\/827"}],"wp:attachment":[{"href":"https:\/\/www.kendra.com.pl\/shop\/wp-json\/wp\/v2\/media?parent=826"}],"wp:term":[{"taxonomy":"product_cat","embeddable":true,"href":"https:\/\/www.kendra.com.pl\/shop\/wp-json\/wp\/v2\/product_cat?post=826"},{"taxonomy":"product_tag","embeddable":true,"href":"https:\/\/www.kendra.com.pl\/shop\/wp-json\/wp\/v2\/product_tag?post=826"}],"curies":[{"name":"wp","href":"https:\/\/api.w.org\/{rel}","templated":true}]}}